{"id":47152,"date":"2025-07-03T18:32:21","date_gmt":"2025-07-03T16:32:21","guid":{"rendered":"https:\/\/portallamp.invette.dev\/produkt\/lampa-sufitowa-plafoniera-dla-dzieci-261-5-kolory\/"},"modified":"2025-07-03T18:32:21","modified_gmt":"2025-07-03T16:32:21","slug":"lampa-sufitowa-plafoniera-dla-dzieci-261-5-kolory","status":"publish","type":"product","link":"https:\/\/portallamp.invette.dev\/de\/produkt\/lampa-sufitowa-plafoniera-dla-dzieci-261-5-kolory\/","title":{"rendered":"LAMPA SUFITOWA PLAFONIERA DLA DZIECI 261-5 Kolory"},"content":{"rendered":"<h1>Przedmiotem sprzeda\u017cy jest:<\/h1>\n<h1>Lampa plafon z przeznaczeniem do pokoju dzieci\u0119cego. Nr kat: 261-5 LUXOLAR<\/h1>\n<h2>Kolorystyka plafonu umo\u017cliwia monta\u017c\u00a0 zar\u00f3wno w pokoju ch\u0142opca jak i dziewczynki.<\/h2>\n<h1>Lampa dost\u0119pna w dziewi\u0119ciu kolorach.<\/h1>\n<p><img decoding=\"async\" style=\"max-width: 100%; height: auto; margin: 10px 0;\" src=\"https:\/\/5.allegroimg.com\/original\/039bae\/9d6ca5b64586a0d2f3f2f8facb75\" alt=\"Zdj\u0119cie produktu\" \/><\/p>\n<p><b>Nowa lampa plafon z do pokoju dzieci\u0119cego 261-5 LUXOLAR<\/b><\/p>\n<ul>\n<li>Przeznaczona jako o\u015bwietlenie g\u0142\u00f3wne w pomieszczeniach o powierzchni 12-16m2,<\/li>\n<\/ul>\n<ul>\n<li><b>Kolor konstrukcji: do wyboru &#8211; 9 kombinacji<\/b><\/li>\n<\/ul>\n<ul>\n<li>Estetyczny i ciekawy wygl\u0105d.<\/li>\n<\/ul>\n<ul>\n<li>Dodatkowym atutem s\u0105 dwa niezale\u017cne obwody elektryczne, dzi\u0119ki kt\u00f3rym w zale\u017cno\u015bci od potrzeb, mo\u017cemy sterowa\u0107 ilo\u015bci\u0105 w\u0142\u0105czonych \u017car\u00f3wek.<\/li>\n<\/ul>\n<h1>Najwa\u017cniejsze cechy produktu:<\/h1>\n<ul>\n<li>Uniwersalny, modny wygl\u0105d<\/li>\n<li>Solidna metalowa konstrukcja<\/li>\n<li>Ods\u0142oni\u0119te \u017car\u00f3wki &#8211; maksymalna wydajno\u015b\u0107<\/li>\n<li>Gwint\u00a0 E27<\/li>\n<li>Wieszana na ko\u0142kach rozporowych.<\/li>\n<li>Lampa obj\u0119ta jest\u00a0<b>pe\u0142nym ubezpieczeniem<\/b>\u00a0na czas transportu.<\/li>\n<\/ul>\n<p><img decoding=\"async\" style=\"max-width: 100%; height: auto; margin: 10px 0;\" src=\"https:\/\/d.allegroimg.com\/original\/03eb4a\/4770a2014778b5e13289785bdb9d\" alt=\"Zdj\u0119cie produktu\" \/><br \/>\n<img decoding=\"async\" style=\"max-width: 100%; height: auto; margin: 10px 0;\" src=\"https:\/\/f.allegroimg.com\/original\/03b2f5\/f4e64f05498fb82f80f07044b2cf\" alt=\"Zdj\u0119cie produktu\" \/><\/p>\n<h1>Dane techniczne:<\/h1>\n<ul>\n<li><b>materia\u0142 konstrukcji:<\/b>\u00a0Metal malowany proszkowo<\/li>\n<li><b>wymiary:<\/b>\u00a0Wysoko\u015b\u0107 ca\u0142kowita do 35 cm\u00a0<b>,<\/b>\u00a0\u015arednica podsufitki: 13 cm, Rozpi\u0119to\u015b\u0107: 57 cm<\/li>\n<li><b>zasilanie:<\/b>\u00a0~230 [V] \/ bezpo\u015brednie z sieci, dwa niezale\u017cne obwody elektryczne, w\u0142\u0105czanie 3+2<\/li>\n<li><b>\u017ar\u00f3d\u0142o \u015bwiat\u0142a:<\/b>\u00a0E-27, zalecane LED o barwie naturalnej<\/li>\n<li><b>Spos\u00f3b monta\u017cu:<\/b>\u00a0Dwa ko\u0142ki rozporowe,<\/li>\n<li><b>IP 20, Klasa I<\/b><\/li>\n<li><b>zestaw nie zawiera \u017car\u00f3wek oraz ko\u0142k\u00f3w rozporowych do monta\u017cu<\/b><\/li>\n<li><b>producent:\u00a0<\/b>LUXOLAR<\/li>\n<\/ul>\n<p><img decoding=\"async\" style=\"max-width: 100%; height: auto; margin: 10px 0;\" src=\"https:\/\/f.allegroimg.com\/original\/032bec\/57026a994618bb98f0e6edad38cf\" alt=\"Zdj\u0119cie produktu\" \/><br \/>\n<img decoding=\"async\" style=\"max-width: 100%; height: auto; margin: 10px 0;\" src=\"https:\/\/0.allegroimg.com\/original\/03578a\/96b754214e77b22c50a5b7cda850\" alt=\"Zdj\u0119cie produktu\" \/><\/p>\n<h1>KOLORY DO WYBORU:<\/h1>\n<p><img decoding=\"async\" style=\"max-width: 100%; height: auto; margin: 10px 0;\" src=\"https:\/\/9.allegroimg.com\/original\/0315d9\/d368453d41438435fe6931943609\" alt=\"Zdj\u0119cie produktu\" \/><br \/>\n<img decoding=\"async\" style=\"max-width: 100%; height: auto; margin: 10px 0;\" src=\"https:\/\/5.allegroimg.com\/original\/03cd66\/f38a14c34b149ee0bdce63010de5\" alt=\"Zdj\u0119cie produktu\" \/><br \/>\n<img decoding=\"async\" style=\"max-width: 100%; height: auto; margin: 10px 0;\" src=\"https:\/\/0.allegroimg.com\/original\/03e02d\/131a0c744e3c9997cdbfc78cb2f0\" alt=\"Zdj\u0119cie produktu\" \/><\/p>\n<h2>ETAPY REALIZACJI ZAM\u00d3WIENIA:<\/h2>\n<ol>\n<li><b>Wybierz kolor\u00a0konstrukcji:\u00a0<\/b>B\u0142\u0119kit, Jasny R\u00f3\u017c, Ciemny R\u00f3\u017c, \u017b\u00f3\u0142ty, Czerwony, Pomara\u0144czowy, Seledynowy, Szary, Czarny<\/li>\n<li><b>Prze\u015blij nam wybran\u0105 konfiguracj\u0119<\/b>\u00a0&#8211; w formularzu zam\u00f3wienia.<\/li>\n<\/ol>\n<p><b>Poprawne przes\u0142anie powy\u017cszych informacji znacznie przyspieszy realizacj\u0119 zam\u00f3wienia.<\/b><\/p>\n<h1>ZALECANE \u017bAR\u00d3WKI:<\/h1>\n<p><img decoding=\"async\" style=\"max-width: 100%; height: auto; margin: 10px 0;\" src=\"https:\/\/a.allegroimg.com\/original\/031e91\/97ab60fe4a618d31743bcd970e3a\" alt=\"Zdj\u0119cie produktu\" \/><\/p>\n<h1>\u017bar\u00f3wka LED o barwie ciep\u0142ej.<\/h1>\n<h1>Gwint E27<\/h1>\n<h2>Tradycyjny kszta\u0142t w po\u0142\u0105czeniu z nowoczesnymi diodami SMD<\/h2>\n<p><img decoding=\"async\" style=\"max-width: 100%; height: auto; margin: 10px 0;\" src=\"https:\/\/f.allegroimg.com\/original\/036951\/c0256c7842949accda19154b786f\" alt=\"Zdj\u0119cie produktu\" \/><\/p>\n","protected":false},"excerpt":{"rendered":"<p>Przedmiotem sprzeda\u017cy jest: Lampa plafon z przeznaczeniem do pokoju dzieci\u0119cego. Nr kat: 261-5 LUXOLAR Kolorystyka plafonu umo\u017cliwia monta\u017c\u00a0 zar\u00f3wno w pokoju ch\u0142opca jak i dziewczynki. Lampa dost\u0119pna w dziewi\u0119ciu kolorach. Nowa lampa plafon z do pokoju dzieci\u0119cego 261-5 LUXOLAR Przeznaczona jako o\u015bwietlenie g\u0142\u00f3wne w pomieszczeniach o powierzchni 12-16m2, Kolor konstrukcji: do wyboru &#8211; 9 kombinacji [&hellip;]<\/p>\n","protected":false},"featured_media":46274,"comment_status":"closed","ping_status":"closed","template":"","meta":{"_acf_changed":false},"product_brand":[162],"product_cat":[2593,2594],"product_tag":[],"class_list":{"0":"post-47152","1":"product","2":"type-product","3":"status-publish","4":"has-post-thumbnail","6":"product_brand-luxolar","7":"product_cat-lampen","8":"product_cat-deckenleuchten","9":"pa_kod-producenta-261-5-de","10":"pa_kolekcja-261-de","11":"pa_kolor-dominujacy-vielfarbig","12":"pa_liczba-punktow-swiatla-5-de","13":"pa_marka-luxolar","14":"pa_material-dominujacy-metall","15":"pa_max-moc-pojed-zrodla-swiatla-60-de","16":"pa_rodzaj-gwintu-e27-de","17":"pa_zawiera-baterie-nein","18":"pa_zrodlo-swiatla-ohne-lichtquelle","20":"first","21":"instock","22":"purchasable","23":"product-type-simple"},"acf":[],"aioseo_notices":[],"_links":{"self":[{"href":"https:\/\/portallamp.invette.dev\/de\/wp-json\/wp\/v2\/product\/47152","targetHints":{"allow":["GET"]}}],"collection":[{"href":"https:\/\/portallamp.invette.dev\/de\/wp-json\/wp\/v2\/product"}],"about":[{"href":"https:\/\/portallamp.invette.dev\/de\/wp-json\/wp\/v2\/types\/product"}],"replies":[{"embeddable":true,"href":"https:\/\/portallamp.invette.dev\/de\/wp-json\/wp\/v2\/comments?post=47152"}],"wp:featuredmedia":[{"embeddable":true,"href":"https:\/\/portallamp.invette.dev\/de\/wp-json\/wp\/v2\/media\/46274"}],"wp:attachment":[{"href":"https:\/\/portallamp.invette.dev\/de\/wp-json\/wp\/v2\/media?parent=47152"}],"wp:term":[{"taxonomy":"product_brand","embeddable":true,"href":"https:\/\/portallamp.invette.dev\/de\/wp-json\/wp\/v2\/product_brand?post=47152"},{"taxonomy":"product_cat","embeddable":true,"href":"https:\/\/portallamp.invette.dev\/de\/wp-json\/wp\/v2\/product_cat?post=47152"},{"taxonomy":"product_tag","embeddable":true,"href":"https:\/\/portallamp.invette.dev\/de\/wp-json\/wp\/v2\/product_tag?post=47152"}],"curies":[{"name":"wp","href":"https:\/\/api.w.org\/{rel}","templated":true}]}}

<h1>Przedmiotem sprzedaży jest:</h1>
<h1>Lampa plafon z przeznaczeniem do pokoju dziecięcego. Nr kat: 261-5 LUXOLAR</h1>
<h2>Kolorystyka plafonu umożliwia montaż  zarówno w pokoju chłopca jak i dziewczynki.</h2>
<h1>Lampa dostępna w dziewięciu kolorach.</h1>
<p><img decoding="async" style="max-width: 100%; height: auto; margin: 10px 0;" src="https://5.allegroimg.com/original/039bae/9d6ca5b64586a0d2f3f2f8facb75" alt="Zdjęcie produktu" /></p>
<p><b>Nowa lampa plafon z do pokoju dziecięcego 261-5 LUXOLAR</b></p>
<ul>
<li>Przeznaczona jako oświetlenie główne w pomieszczeniach o powierzchni 12-16m2,</li>
</ul>
<ul>
<li><b>Kolor konstrukcji: do wyboru &#8211; 9 kombinacji</b></li>
</ul>
<ul>
<li>Estetyczny i ciekawy wygląd.</li>
</ul>
<ul>
<li>Dodatkowym atutem są dwa niezależne obwody elektryczne, dzięki którym w zależności od potrzeb, możemy sterować ilością włączonych żarówek.</li>
</ul>
<h1>Najważniejsze cechy produktu:</h1>
<ul>
<li>Uniwersalny, modny wygląd</li>
<li>Solidna metalowa konstrukcja</li>
<li>Odsłonięte żarówki &#8211; maksymalna wydajność</li>
<li>Gwint  E27</li>
<li>Wieszana na kołkach rozporowych.</li>
<li>Lampa objęta jest <b>pełnym ubezpieczeniem</b> na czas transportu.</li>
</ul>
<p><img decoding="async" style="max-width: 100%; height: auto; margin: 10px 0;" src="https://d.allegroimg.com/original/03eb4a/4770a2014778b5e13289785bdb9d" alt="Zdjęcie produktu" /><br />
<img decoding="async" style="max-width: 100%; height: auto; margin: 10px 0;" src="https://f.allegroimg.com/original/03b2f5/f4e64f05498fb82f80f07044b2cf" alt="Zdjęcie produktu" /></p>
<h1>Dane techniczne:</h1>
<ul>
<li><b>materiał konstrukcji:</b> Metal malowany proszkowo</li>
<li><b>wymiary:</b> Wysokość całkowita do 35 cm <b>,</b> Średnica podsufitki: 13 cm, Rozpiętość: 57 cm</li>
<li><b>zasilanie:</b> ~230 [V] / bezpośrednie z sieci, dwa niezależne obwody elektryczne, włączanie 3+2</li>
<li><b>źródło światła:</b> E-27, zalecane LED o barwie naturalnej</li>
<li><b>Sposób montażu:</b> Dwa kołki rozporowe,</li>
<li><b>IP 20, Klasa I</b></li>
<li><b>zestaw nie zawiera żarówek oraz kołków rozporowych do montażu</b></li>
<li><b>producent: </b>LUXOLAR</li>
</ul>
<p><img decoding="async" style="max-width: 100%; height: auto; margin: 10px 0;" src="https://f.allegroimg.com/original/032bec/57026a994618bb98f0e6edad38cf" alt="Zdjęcie produktu" /><br />
<img decoding="async" style="max-width: 100%; height: auto; margin: 10px 0;" src="https://0.allegroimg.com/original/03578a/96b754214e77b22c50a5b7cda850" alt="Zdjęcie produktu" /></p>
<h1>KOLORY DO WYBORU:</h1>
<p><img decoding="async" style="max-width: 100%; height: auto; margin: 10px 0;" src="https://9.allegroimg.com/original/0315d9/d368453d41438435fe6931943609" alt="Zdjęcie produktu" /><br />
<img decoding="async" style="max-width: 100%; height: auto; margin: 10px 0;" src="https://5.allegroimg.com/original/03cd66/f38a14c34b149ee0bdce63010de5" alt="Zdjęcie produktu" /><br />
<img decoding="async" style="max-width: 100%; height: auto; margin: 10px 0;" src="https://0.allegroimg.com/original/03e02d/131a0c744e3c9997cdbfc78cb2f0" alt="Zdjęcie produktu" /></p>
<h2>ETAPY REALIZACJI ZAMÓWIENIA:</h2>
<ol>
<li><b>Wybierz kolor konstrukcji: </b>Błękit, Jasny Róż, Ciemny Róż, Żółty, Czerwony, Pomarańczowy, Seledynowy, Szary, Czarny</li>
<li><b>Prześlij nam wybraną konfigurację</b> &#8211; w formularzu zamówienia.</li>
</ol>
<p><b>Poprawne przesłanie powyższych informacji znacznie przyspieszy realizację zamówienia.</b></p>
<h1>ZALECANE ŻARÓWKI:</h1>
<p><img decoding="async" style="max-width: 100%; height: auto; margin: 10px 0;" src="https://a.allegroimg.com/original/031e91/97ab60fe4a618d31743bcd970e3a" alt="Zdjęcie produktu" /></p>
<h1>Żarówka LED o barwie ciepłej.</h1>
<h1>Gwint E27</h1>
<h2>Tradycyjny kształt w połączeniu z nowoczesnymi diodami SMD</h2>
<p><img decoding="async" style="max-width: 100%; height: auto; margin: 10px 0;" src="https://f.allegroimg.com/original/036951/c0256c7842949accda19154b786f" alt="Zdjęcie produktu" /></p>

<p>Przedmiotem sprzedaży jest: Lampa plafon z przeznaczeniem do pokoju dziecięcego. Nr kat: 261-5 LUXOLAR Kolorystyka plafonu umożliwia montaż  zarówno w pokoju chłopca jak i dziewczynki. Lampa dostępna w dziewięciu kolorach. Nowa lampa plafon z do pokoju dziecięcego 261-5 LUXOLAR Przeznaczona jako oświetlenie główne w pomieszczeniach o powierzchni 12-16m2, Kolor konstrukcji: do wyboru &#8211; 9 kombinacji [&hellip;]</p>
