{"id":47626,"date":"2025-07-03T18:19:27","date_gmt":"2025-07-03T16:19:27","guid":{"rendered":"https:\/\/portallamp.invette.dev\/produkt\/szklana-lampa-scienna-kinkiet-led-luxolar-chrom\/"},"modified":"2025-09-22T07:05:26","modified_gmt":"2025-09-22T05:05:26","slug":"szklana-lampa-scienna-kinkiet-led-luxolar-chrom","status":"publish","type":"product","link":"https:\/\/portallamp.invette.dev\/de\/produkt\/szklana-lampa-scienna-kinkiet-led-luxolar-chrom\/","title":{"rendered":"Szklana Lampa \u015acienna Kinkiet LED LUXOLAR CHROM"},"content":{"rendered":"<p><img decoding=\"async\" src=\"\" alt=\"Zdj\u0119cie produktu\" style=\"max-width:100%; height:auto; margin:10px 0;\"><\/p>\n<h1>Przedmiotem sprzeda\u017cy jest:<\/h1>\n<h2>Praktyczny i nowoczesny kinkiet zbudowany w oparciu o szklany klosz zdobiony chromowanymi pasami.<\/h2>\n<p>Nr kat: 850-K1 LUXOLAR &#8211; wersja bez w\u0142\u0105cznika \u0142a\u0144cuszkowego<\/p>\n<\/p>\n<p><b>Lampa w pe\u0142ni z\u0142o\u017cona &#8211; nie jest to zestaw do samodzielnego monta\u017cu<\/b><\/p>\n<\/p>\n<p><img decoding=\"async\" src=\"https:\/\/a.allegroimg.com\/original\/119178\/fd5706ab40a2a1f158c5556b7785\" alt=\"Zdj\u0119cie produktu\" style=\"max-width:100%; height:auto; margin:10px 0;\"><br \/>\n<img decoding=\"async\" src=\"https:\/\/a.allegroimg.com\/original\/118af9\/c743e8b146a8bac939879ce27e68\" alt=\"Zdj\u0119cie produktu\" style=\"max-width:100%; height:auto; margin:10px 0;\"><br \/>\n<img decoding=\"async\" src=\"https:\/\/a.allegroimg.com\/original\/116515\/f1075d4c4a46b34d68c2053ece05\" alt=\"Zdj\u0119cie produktu\" style=\"max-width:100%; height:auto; margin:10px 0;\"><\/p>\n<p><b><\/b><\/p>\n<p><b>G\u0141\u00d3WNE CECHY LAMPY:<\/b><\/p>\n<p><b><\/b><\/p>\n<ul>\n<li>Kolor konstrukcji: Czarny matowy<\/li>\n<\/ul>\n<ul>\n<li>Materia\u0142 konstrukcji: Metal<\/li>\n<\/ul>\n<ul>\n<li>Materia\u0142 kloszy: Szk\u0142o<\/li>\n<\/ul>\n<ul>\n<li>Wersja bez w\u0142\u0105cznika \u0142a\u0144cuszkowego (sterowanie z sieci)<\/li>\n<\/ul>\n<ul>\n<li>Przeznaczony jako o\u015bwietlenie uzupe\u0142niaj\u0105ce, dekoracyjne do pomieszcze\u0144 wewn\u0105trz domu z wy\u0142\u0105czeniem \u0142azienki lub miejsc o zwi\u0119kszonej wilgotno\u015bci.<\/li>\n<\/ul>\n<ul>\n<li>Lampa obs\u0142uguje wszystkie \u017car\u00f3wki z gwintem typu&nbsp;<b>E27 do max 60 wat\u00f3w.<\/b><\/li>\n<\/ul>\n<ul>\n<li>Lampa z polskiej dystrybucji, wyprodukowana w Polsce &#8211; gwarantowany szybki dost\u0119p do serwisu i cz\u0119\u015bci zapasowych<\/li>\n<\/ul>\n<ul>\n<li>Kinkiet pochodzi z szerszej rodziny lamp szklanych&nbsp; &#8211; bez problemu dokupisz do kompletu kinkiet czy lampk\u0119 nocn\u0105<\/li>\n<\/ul>\n<ul>\n<li><b>Wersja w pe\u0142ni z\u0142o\u017cona &#8211; nie jest to zestaw do samodzielnego monta\u017cu<\/b><\/li>\n<\/ul>\n<h1>Dane techniczne:<\/h1>\n<\/p>\n<ul>\n<li><b>Zasilanie:<\/b> ~230 [V] \/ bezpo\u015brednie z sieci, Wersja bez w\u0142\u0105cznika \u0142a\u0144cuszkowego (sterowanie z sieci)<\/li>\n<li><b>\u0179r\u00f3d\u0142o \u015bwiat\u0142a:<\/b>&nbsp;E-27 &#8211; zalecane LED lub \u015bwietl\u00f3wki kompaktowe<\/li>\n<li><b>Spos\u00f3b monta\u017cu:<\/b> Dwa ko\u0142ki rozporowe<\/li>\n<li><b>IP 20, Klasa I<\/b><\/li>\n<li><b>Producent:&nbsp;<\/b>LUXOLAR Polska<\/li>\n<\/ul>\n<h1>Wymiary:<\/h1>\n<\/p>\n<p><img decoding=\"async\" src=\"https:\/\/a.allegroimg.com\/original\/1126a4\/d9b2221c496d9d8f8822781bf5cf\" alt=\"Zdj\u0119cie produktu\" style=\"max-width:100%; height:auto; margin:10px 0;\"><br \/>\n<img decoding=\"async\" src=\"https:\/\/a.allegroimg.com\/original\/11bb15\/4068092643b88a08f6c63240456a\" alt=\"Zdj\u0119cie produktu\" style=\"max-width:100%; height:auto; margin:10px 0;\"><\/p>\n<h1>Dane techniczne klosza:<\/h1>\n<\/p>\n<ul>\n<li><b>materia\u0142:&nbsp;<\/b>szk\u0142o o grubo\u015bci 2 mm<\/li>\n<li><b>odcie\u0144:<\/b>&nbsp;bia\u0142y matowy &#8211; mro\u017cony<\/li>\n<li><b>stopie\u0144 przepuszczalno\u015bci \u015bwiat\u0142a:<\/b>&nbsp;70%<\/li>\n<li><b>obs\u0142ugiwane \u017car\u00f3wki:&nbsp;<\/b>z gwintem E27&nbsp; &#8211; oprawka z pier\u015bcieniem dociskowym<\/li>\n<li><b>\u015brednica otworu pod oprawk\u0119:<\/b>&nbsp;42 mm<\/li>\n<li><b>wymiary:<\/b>&nbsp;wysoko\u015b\u0107 150 mm &#8211;&nbsp; \u015brednica: 100 mm<\/li>\n<li><b>waga:<\/b>&nbsp;200g<\/li>\n<\/ul>\n<p><img decoding=\"async\" src=\"https:\/\/a.allegroimg.com\/original\/118af9\/c743e8b146a8bac939879ce27e68\" alt=\"Zdj\u0119cie produktu\" style=\"max-width:100%; height:auto; margin:10px 0;\"><\/p>\n<h1>Zestaw zawiera:<\/h1>\n<\/p>\n<ul>\n<li><b>Kompletn\u0105, z\u0142o\u017con\u0105 lamp\u0119 (nie jest to chi\u0144skiej produkcji zestaw do samodzielnego monta\u017cu)<\/b><\/li>\n<li><b>Kostk\u0119 przy\u0142\u0105czeniow\u0105<\/b><\/li>\n<li><b>Instrukcj\u0119 obs\u0142ugi<\/b><\/li>\n<li><b>Kart\u0119 energetyczn\u0105<\/b><\/li>\n<li><b>Dokument zakupu<\/b><\/li>\n<\/ul>\n<p><b>Zestaw nie zawiera \u017ar\u00f3d\u0142a \u015bwiat\u0142a i ko\u0142k\u00f3w rozporowych.<\/b><\/p>\n<h1>ZALECANE \u0179R\u00d3D\u0141A \u015aWIAT\u0141A:<\/h1>\n<\/p>\n<ul>\n<li>\u017bar\u00f3wki LED z diodami SMD lub filament<\/li>\n<li>Strumie\u0144 \u015bwietlny: 900 -1300 lm<\/li>\n<li><b>Gwint E27<\/b><\/li>\n<li>Moc pobierana z sieci: 6 -12 W<\/li>\n<li>Barwa: ciep\u0142a lub bia\u0142a<\/li>\n<\/ul>\n<h2>Tradycyjny kszta\u0142t w po\u0142\u0105czeniu z nowoczesnymi diodami SMD lub Filament<\/h2>\n<p><img decoding=\"async\" src=\"https:\/\/a.allegroimg.com\/original\/03303d\/c3b1d99f4211bfec2eb9d008c1a1\" alt=\"Zdj\u0119cie produktu\" style=\"max-width:100%; height:auto; margin:10px 0;\"><br \/>\n<img decoding=\"async\" src=\"https:\/\/a.allegroimg.com\/original\/110096\/3441e3b544ac80c44e225a4a8478\" alt=\"Zdj\u0119cie produktu\" style=\"max-width:100%; height:auto; margin:10px 0;\"><br \/>\n<img decoding=\"async\" src=\"\" alt=\"Zdj\u0119cie produktu\" style=\"max-width:100%; height:auto; margin:10px 0;\"><\/p>\n","protected":false},"excerpt":{"rendered":"<p>Przedmiotem sprzeda\u017cy jest: Praktyczny i nowoczesny kinkiet zbudowany w oparciu o szklany klosz zdobiony chromowanymi pasami. Nr kat: 850-K1 LUXOLAR &#8211; wersja bez w\u0142\u0105cznika \u0142a\u0144cuszkowego Lampa w pe\u0142ni z\u0142o\u017cona &#8211; nie jest to zestaw do samodzielnego monta\u017cu G\u0141\u00d3WNE CECHY LAMPY: Kolor konstrukcji: Czarny matowy Materia\u0142 konstrukcji: Metal Materia\u0142 kloszy: Szk\u0142o Wersja bez w\u0142\u0105cznika \u0142a\u0144cuszkowego (sterowanie [&hellip;]<\/p>\n","protected":false},"featured_media":41689,"comment_status":"closed","ping_status":"open","template":"","meta":{"_acf_changed":false},"product_brand":[162],"product_cat":[2593,7371,2828],"product_tag":[],"class_list":{"0":"post-47626","1":"product","2":"type-product","3":"status-publish","4":"has-post-thumbnail","6":"product_brand-luxolar","7":"product_cat-lampen","8":"product_cat-wandleuchten","9":"product_cat-wandleuchten-de","10":"pa_kod-producenta-850-k1-de","11":"pa_kolekcja-850-de","12":"pa_kolor-silber","13":"pa_liczba-punktow-swiatla-1-de","14":"pa_marka-luxolar","15":"pa_material-dominujacy-glas","16":"pa_max-moc-pojed-zrodla-swiatla-60-de","17":"pa_rodzaj-gwintu-e27-de","18":"pa_zawiera-baterie-nein","19":"pa_zrodlo-swiatla-ohne-lichtquelle","21":"first","22":"instock","23":"purchasable","24":"product-type-simple"},"acf":[],"aioseo_notices":[],"_links":{"self":[{"href":"https:\/\/portallamp.invette.dev\/de\/wp-json\/wp\/v2\/product\/47626","targetHints":{"allow":["GET"]}}],"collection":[{"href":"https:\/\/portallamp.invette.dev\/de\/wp-json\/wp\/v2\/product"}],"about":[{"href":"https:\/\/portallamp.invette.dev\/de\/wp-json\/wp\/v2\/types\/product"}],"replies":[{"embeddable":true,"href":"https:\/\/portallamp.invette.dev\/de\/wp-json\/wp\/v2\/comments?post=47626"}],"wp:featuredmedia":[{"embeddable":true,"href":"https:\/\/portallamp.invette.dev\/de\/wp-json\/wp\/v2\/media\/41689"}],"wp:attachment":[{"href":"https:\/\/portallamp.invette.dev\/de\/wp-json\/wp\/v2\/media?parent=47626"}],"wp:term":[{"taxonomy":"product_brand","embeddable":true,"href":"https:\/\/portallamp.invette.dev\/de\/wp-json\/wp\/v2\/product_brand?post=47626"},{"taxonomy":"product_cat","embeddable":true,"href":"https:\/\/portallamp.invette.dev\/de\/wp-json\/wp\/v2\/product_cat?post=47626"},{"taxonomy":"product_tag","embeddable":true,"href":"https:\/\/portallamp.invette.dev\/de\/wp-json\/wp\/v2\/product_tag?post=47626"}],"curies":[{"name":"wp","href":"https:\/\/api.w.org\/{rel}","templated":true}]}}

Szklana Lampa Ścienna Kinkiet LED LUXOLAR CHROM

<p><img decoding="async" src="" alt="Zdjęcie produktu" style="max-width:100%; height:auto; margin:10px 0;"></p>
<h1>Przedmiotem sprzedaży jest:</h1>
<h2>Praktyczny i nowoczesny kinkiet zbudowany w oparciu o szklany klosz zdobiony chromowanymi pasami.</h2>
<p>Nr kat: 850-K1 LUXOLAR &#8211; wersja bez włącznika łańcuszkowego</p>
</p>
<p><b>Lampa w pełni złożona &#8211; nie jest to zestaw do samodzielnego montażu</b></p>
</p>
<p><img decoding="async" src="https://a.allegroimg.com/original/119178/fd5706ab40a2a1f158c5556b7785" alt="Zdjęcie produktu" style="max-width:100%; height:auto; margin:10px 0;"><br />
<img decoding="async" src="https://a.allegroimg.com/original/118af9/c743e8b146a8bac939879ce27e68" alt="Zdjęcie produktu" style="max-width:100%; height:auto; margin:10px 0;"><br />
<img decoding="async" src="https://a.allegroimg.com/original/116515/f1075d4c4a46b34d68c2053ece05" alt="Zdjęcie produktu" style="max-width:100%; height:auto; margin:10px 0;"></p>
<p><b></b></p>
<p><b>GŁÓWNE CECHY LAMPY:</b></p>
<p><b></b></p>
<ul>
<li>Kolor konstrukcji: Czarny matowy</li>
</ul>
<ul>
<li>Materiał konstrukcji: Metal</li>
</ul>
<ul>
<li>Materiał kloszy: Szkło</li>
</ul>
<ul>
<li>Wersja bez włącznika łańcuszkowego (sterowanie z sieci)</li>
</ul>
<ul>
<li>Przeznaczony jako oświetlenie uzupełniające, dekoracyjne do pomieszczeń wewnątrz domu z wyłączeniem łazienki lub miejsc o zwiększonej wilgotności.</li>
</ul>
<ul>
<li>Lampa obsługuje wszystkie żarówki z gwintem typu&nbsp;<b>E27 do max 60 watów.</b></li>
</ul>
<ul>
<li>Lampa z polskiej dystrybucji, wyprodukowana w Polsce &#8211; gwarantowany szybki dostęp do serwisu i części zapasowych</li>
</ul>
<ul>
<li>Kinkiet pochodzi z szerszej rodziny lamp szklanych&nbsp; &#8211; bez problemu dokupisz do kompletu kinkiet czy lampkę nocną</li>
</ul>
<ul>
<li><b>Wersja w pełni złożona &#8211; nie jest to zestaw do samodzielnego montażu</b></li>
</ul>
<h1>Dane techniczne:</h1>
</p>
<ul>
<li><b>Zasilanie:</b> ~230 [V] / bezpośrednie z sieci, Wersja bez włącznika łańcuszkowego (sterowanie z sieci)</li>
<li><b>Źródło światła:</b>&nbsp;E-27 &#8211; zalecane LED lub świetlówki kompaktowe</li>
<li><b>Sposób montażu:</b> Dwa kołki rozporowe</li>
<li><b>IP 20, Klasa I</b></li>
<li><b>Producent:&nbsp;</b>LUXOLAR Polska</li>
</ul>
<h1>Wymiary:</h1>
</p>
<p><img decoding="async" src="https://a.allegroimg.com/original/1126a4/d9b2221c496d9d8f8822781bf5cf" alt="Zdjęcie produktu" style="max-width:100%; height:auto; margin:10px 0;"><br />
<img decoding="async" src="https://a.allegroimg.com/original/11bb15/4068092643b88a08f6c63240456a" alt="Zdjęcie produktu" style="max-width:100%; height:auto; margin:10px 0;"></p>
<h1>Dane techniczne klosza:</h1>
</p>
<ul>
<li><b>materiał:&nbsp;</b>szkło o grubości 2 mm</li>
<li><b>odcień:</b>&nbsp;biały matowy &#8211; mrożony</li>
<li><b>stopień przepuszczalności światła:</b>&nbsp;70%</li>
<li><b>obsługiwane żarówki:&nbsp;</b>z gwintem E27&nbsp; &#8211; oprawka z pierścieniem dociskowym</li>
<li><b>średnica otworu pod oprawkę:</b>&nbsp;42 mm</li>
<li><b>wymiary:</b>&nbsp;wysokość 150 mm &#8211;&nbsp; średnica: 100 mm</li>
<li><b>waga:</b>&nbsp;200g</li>
</ul>
<p><img decoding="async" src="https://a.allegroimg.com/original/118af9/c743e8b146a8bac939879ce27e68" alt="Zdjęcie produktu" style="max-width:100%; height:auto; margin:10px 0;"></p>
<h1>Zestaw zawiera:</h1>
</p>
<ul>
<li><b>Kompletną, złożoną lampę (nie jest to chińskiej produkcji zestaw do samodzielnego montażu)</b></li>
<li><b>Kostkę przyłączeniową</b></li>
<li><b>Instrukcję obsługi</b></li>
<li><b>Kartę energetyczną</b></li>
<li><b>Dokument zakupu</b></li>
</ul>
<p><b>Zestaw nie zawiera źródła światła i kołków rozporowych.</b></p>
<h1>ZALECANE ŹRÓDŁA ŚWIATŁA:</h1>
</p>
<ul>
<li>Żarówki LED z diodami SMD lub filament</li>
<li>Strumień świetlny: 900 -1300 lm</li>
<li><b>Gwint E27</b></li>
<li>Moc pobierana z sieci: 6 -12 W</li>
<li>Barwa: ciepła lub biała</li>
</ul>
<h2>Tradycyjny kształt w połączeniu z nowoczesnymi diodami SMD lub Filament</h2>
<p><img decoding="async" src="https://a.allegroimg.com/original/03303d/c3b1d99f4211bfec2eb9d008c1a1" alt="Zdjęcie produktu" style="max-width:100%; height:auto; margin:10px 0;"><br />
<img decoding="async" src="https://a.allegroimg.com/original/110096/3441e3b544ac80c44e225a4a8478" alt="Zdjęcie produktu" style="max-width:100%; height:auto; margin:10px 0;"><br />
<img decoding="async" src="" alt="Zdjęcie produktu" style="max-width:100%; height:auto; margin:10px 0;"></p>

<p>Przedmiotem sprzedaży jest: Praktyczny i nowoczesny kinkiet zbudowany w oparciu o szklany klosz zdobiony chromowanymi pasami. Nr kat: 850-K1 LUXOLAR &#8211; wersja bez włącznika łańcuszkowego Lampa w pełni złożona &#8211; nie jest to zestaw do samodzielnego montażu GŁÓWNE CECHY LAMPY: Kolor konstrukcji: Czarny matowy Materiał konstrukcji: Metal Materiał kloszy: Szkło Wersja bez włącznika łańcuszkowego (sterowanie [&hellip;]</p>
