{"id":49177,"date":"2025-07-03T17:15:30","date_gmt":"2025-07-03T15:15:30","guid":{"rendered":"https:\/\/portallamp.invette.dev\/produkt\/lampa-wiszaca-zyrandol-glam-czarny-zloty-miedz-chr\/"},"modified":"2025-07-03T17:15:30","modified_gmt":"2025-07-03T15:15:30","slug":"lampa-wiszaca-zyrandol-glam-czarny-zloty-miedz-chr","status":"publish","type":"product","link":"https:\/\/portallamp.invette.dev\/de\/produkt\/lampa-wiszaca-zyrandol-glam-czarny-zloty-miedz-chr\/","title":{"rendered":"Lampa Wisz\u0105ca \u017byrandol Glam Czarny Z\u0142oty Mied\u017a Chr"},"content":{"rendered":"<h1>Designerska lampa wisz\u0105ca zaprojektowana w nowoczesnym stylu.<\/h1>\n<p><img decoding=\"async\" src=\"https:\/\/a.allegroimg.com\/original\/119b9b\/39e9dd794fd681c67a4b7650d311\" alt=\"Zdj\u0119cie produktu\" style=\"max-width:100%; height:auto; margin:10px 0;\"><\/p>\n<h2>Elegancka czarna podstawa oraz druciana os\u0142ona z umieszczonym wewn\u0105trz szklanym kloszem dost\u0119pnym w bardzo modnych kolorach to \u015bwietne po\u0142\u0105czenie w nowoczesnych wn\u0119trzach.<\/h2>\n<p><img decoding=\"async\" src=\"https:\/\/a.allegroimg.com\/original\/112b35\/59bf4477461ea64e0ae6fbceac35\" alt=\"Zdj\u0119cie produktu\" style=\"max-width:100%; height:auto; margin:10px 0;\"><\/p>\n<h2>Konstrukcja lampy umo\u017cliwia korekt\u0119 wysoko\u015bci (przed zamontowaniem).<\/h2>\n<p><img decoding=\"async\" src=\"https:\/\/a.allegroimg.com\/original\/1169c4\/55816e09443f865ddf71af9319a9\" alt=\"Zdj\u0119cie produktu\" style=\"max-width:100%; height:auto; margin:10px 0;\"><\/p>\n<h2>Dost\u0119pna w czterech kolorach do wyboru:<\/h2>\n<ul>\n<li>Czarna podstawa + przezroczysty klosz<\/li>\n<li>Czarna podstawa + z\u0142oty klosz<\/li>\n<li>Czarna podstawa + srebrny klosz<\/li>\n<li>Czarna podstawa + miedziany klosz<\/li>\n<\/ul>\n<p><img decoding=\"async\" src=\"https:\/\/a.allegroimg.com\/original\/1165b8\/92b64c2f4dfd846428160020415f\" alt=\"Zdj\u0119cie produktu\" style=\"max-width:100%; height:auto; margin:10px 0;\"><\/p>\n<p><b>Lampa w pe\u0142ni z\u0142o\u017cona &#8211; nie jest to zestaw do samodzielnego monta\u017cu &#8211; wyjmujesz z kartonu i wieszasz na suficie.<\/b><\/p>\n<p><b>Nie musisz traci\u0107 czasu na z\u0142o\u017cenie lampy od najmniejszej \u015brubki.<\/b><\/p>\n<p><b><\/b><\/p>\n<p><b>G\u0141\u00d3WNE CECHY LAMPY:<\/b><\/p>\n<p><b><\/b><\/p>\n<ul>\n<li>Materia\u0142 konstrukcji: Metal<\/li>\n<\/ul>\n<ul>\n<li>Kolor konstrukcji: Czarny matowy<\/li>\n<\/ul>\n<ul>\n<li>Materia\u0142 kloszy: Metal w kolorze czarnym + szk\u0142o w kolorze przezroczystym, z\u0142otym, srebrnym lub miedzianym<\/li>\n<\/ul>\n<ul>\n<li>Nowoczesny Styl &#8211; &nbsp;\u0142atwo wkomponuje si\u0119 w uk\u0142ad mieszkania<\/li>\n<\/ul>\n<ul>\n<li>Korekta wysoko\u015bci (przed zamontowaniem)<\/li>\n<\/ul>\n<ul>\n<li>Szerokie zastosowanie:&nbsp;<b>sto\u0142y, wyspy, blaty, korytarze, kuchnie<\/b><\/li>\n<\/ul>\n<ul>\n<li>Lampa obs\u0142uguje wszystkie \u017car\u00f3wki z gwintem typu&nbsp;<b>E27 do max 60 wat\u00f3w.<\/b><\/li>\n<\/ul>\n<ul>\n<li>Lampa z polskiej dystrybucji, wyprodukowana w Polsce &#8211; gwarantowany szybki dost\u0119p do serwisu i cz\u0119\u015bci zapasowych<\/li>\n<\/ul>\n<ul>\n<li><b>Wersja w pe\u0142ni z\u0142o\u017cona &#8211; nie jest to chi\u0144ski zestaw do samodzielnego monta\u017cu<\/b><\/li>\n<\/ul>\n<h2>Wymiary:<\/h2>\n<p><img decoding=\"async\" src=\"https:\/\/a.allegroimg.com\/original\/1147bc\/3ed6d90748ec8d1f245146cbeeae\" alt=\"Zdj\u0119cie produktu\" style=\"max-width:100%; height:auto; margin:10px 0;\"><br \/>\n<img decoding=\"async\" src=\"https:\/\/a.allegroimg.com\/original\/114d54\/221d552e4415bc658c6399d813b1\" alt=\"Zdj\u0119cie produktu\" style=\"max-width:100%; height:auto; margin:10px 0;\"><br \/>\n<img decoding=\"async\" src=\"https:\/\/a.allegroimg.com\/original\/11c08d\/a1bb832c4af28b3342898d183d02\" alt=\"Zdj\u0119cie produktu\" style=\"max-width:100%; height:auto; margin:10px 0;\"><\/p>\n<h2>Dane techniczne:<\/h2>\n<\/p>\n<ul>\n<li><b>Zasilanie:<\/b> ~230 [V] \/ bezpo\u015brednie z sieci<\/li>\n<li><b>\u0179r\u00f3d\u0142o \u015bwiat\u0142a:<\/b>&nbsp;E-27 &#8211; zalecane LED lub \u015bwietl\u00f3wki kompaktowe<\/li>\n<li><b>Spos\u00f3b monta\u017cu:<\/b>&nbsp;Dwa ko\u0142ki rozporowe<\/li>\n<li><b>IP 20, Klasa I<\/b><\/li>\n<li><b>Zestaw nie zawiera \u017car\u00f3wek oraz ko\u0142k\u00f3w rozporowych do monta\u017cu<\/b><\/li>\n<li><b>Producent:&nbsp;<\/b>LUXOLAR Polska<\/li>\n<\/ul>\n<p><img decoding=\"async\" src=\"https:\/\/a.allegroimg.com\/original\/11ad7c\/39c7e3f744f6bfceafd1023447a1\" alt=\"Zdj\u0119cie produktu\" style=\"max-width:100%; height:auto; margin:10px 0;\"><\/p>\n<h2>Zestaw zawiera:<\/h2>\n<ul>\n<li><b>Kompletn\u0105, z\u0142o\u017con\u0105 lamp\u0119 &#8211; wystarczy tylko zamontowa\u0107 os\u0142on\u0119 i klosz (nie jest to chi\u0144skiej produkcji zestaw do samodzielnego monta\u017cu)<\/b><\/li>\n<li><b>Kostk\u0119 przy\u0142\u0105czeniow\u0105<\/b><\/li>\n<li><b>Instrukcj\u0119 obs\u0142ugi<\/b><\/li>\n<li><b>Dokument zakupu<\/b><\/li>\n<\/ul>\n<p><b>Zestaw nie zawiera \u017car\u00f3wki ani ko\u0142k\u00f3w rozporowych (nale\u017cy dobra\u0107 odpowiednie do sufitu)<\/b><\/p>\n<p><img decoding=\"async\" src=\"https:\/\/a.allegroimg.com\/original\/11d434\/6a51b78e48af8ddd9e721a51b1d7\" alt=\"Zdj\u0119cie produktu\" style=\"max-width:100%; height:auto; margin:10px 0;\"><\/p>\n<h2>ZALECANE \u0179R\u00d3D\u0141A \u015aWIAT\u0141A:<\/h2>\n<\/p>\n<ul>\n<li>\u017bar\u00f3wki LED&nbsp; z gwintem typu E27<\/li>\n<li>Strumie\u0144 \u015bwietlny: 700 -1300 lm<\/li>\n<li>Moc pobierana z sieci: 8 -12 W<\/li>\n<li>Barwa: ciep\u0142a (3000K), Neutralna (4000K)&nbsp; lub zimna (6000K)<\/li>\n<\/ul>\n<p><b>\u017bar\u00f3wka nie wchodzi w sk\u0142ad zestawu<\/b><\/p>\n<p><img decoding=\"async\" src=\"https:\/\/a.allegroimg.com\/original\/11cf7e\/903dc2c749dd8201b6690673f793\" alt=\"Zdj\u0119cie produktu\" style=\"max-width:100%; height:auto; margin:10px 0;\"><\/p>\n<h2><\/h2>\n<h2>Pami\u0119taj:<\/h2>\n<ol>\n<li><b>Wybierz kolor:&nbsp;<\/b>Czarny+przezroczysty, Czarny+z\u0142oty, Czarny+srebrny, Czarny+miedziany<\/li>\n<li><b>Wpisz wybrany kolor&nbsp;<\/b>&#8211; w formularzu zam\u00f3wienia lub oddzielnym e-mailu.<\/li>\n<li><b>Je\u015bli nie wybierzesz koloru wy\u015blemy kolor ze zdj\u0119cia g\u0142\u00f3wnego<\/b><\/li>\n<\/ol>\n<p><b><\/b><\/p>\n<p><img decoding=\"async\" src=\"https:\/\/a.allegroimg.com\/original\/1165b8\/92b64c2f4dfd846428160020415f\" alt=\"Zdj\u0119cie produktu\" style=\"max-width:100%; height:auto; margin:10px 0;\"><br \/>\n<img decoding=\"async\" src=\"https:\/\/a.allegroimg.com\/original\/118cc5\/28ad44994e3bbf3a1f8d17861149\" alt=\"Zdj\u0119cie produktu\" style=\"max-width:100%; height:auto; margin:10px 0;\"><br \/>\n<img decoding=\"async\" src=\"https:\/\/a.allegroimg.com\/original\/11f14f\/9976f4564897a5bb2bd14a6ea53e\" alt=\"Zdj\u0119cie produktu\" style=\"max-width:100%; height:auto; margin:10px 0;\"><br \/>\n<img decoding=\"async\" src=\"https:\/\/a.allegroimg.com\/original\/11a77d\/626a007d4d8890a4ed625682d37f\" alt=\"Zdj\u0119cie produktu\" style=\"max-width:100%; height:auto; margin:10px 0;\"><\/p>\n","protected":false},"excerpt":{"rendered":"<p>Designerska lampa wisz\u0105ca zaprojektowana w nowoczesnym stylu. Elegancka czarna podstawa oraz druciana os\u0142ona z umieszczonym wewn\u0105trz szklanym kloszem dost\u0119pnym w bardzo modnych kolorach to \u015bwietne po\u0142\u0105czenie w nowoczesnych wn\u0119trzach. Konstrukcja lampy umo\u017cliwia korekt\u0119 wysoko\u015bci (przed zamontowaniem). Dost\u0119pna w czterech kolorach do wyboru: Czarna podstawa + przezroczysty klosz Czarna podstawa + z\u0142oty klosz Czarna podstawa + [&hellip;]<\/p>\n","protected":false},"featured_media":21024,"comment_status":"closed","ping_status":"open","template":"","meta":{"_acf_changed":false},"product_brand":[270],"product_cat":[2593,2674],"product_tag":[],"class_list":{"0":"post-49177","1":"product","2":"type-product","3":"status-publish","4":"has-post-thumbnail","6":"product_brand-luxolar-light-factory","7":"product_cat-lampen","8":"product_cat-hangelampen","9":"pa_kod-producenta-lampa-wiszaca-933-ez1-de","10":"pa_kolekcja-933-de","11":"pa_kolor-andere-farbe","12":"pa_kolor-farblos","13":"pa_kolor-gelb","14":"pa_kolor-gold-de","15":"pa_kolor-grau","16":"pa_kolor-schwarz","17":"pa_kolor-silber","18":"pa_liczba-punktow-swiatla-1-de","19":"pa_marka-luxolar-light-factory","20":"pa_material-dominujacy-metall","21":"pa_max-moc-pojed-zrodla-swiatla-60-de","22":"pa_pomieszczenie-buro","23":"pa_pomieszczenie-esszimmer","24":"pa_pomieszczenie-flur-treppe","25":"pa_pomieszczenie-kinderzimmer","26":"pa_pomieszczenie-kuche","27":"pa_pomieszczenie-salon-de","28":"pa_pomieszczenie-schlafzimmer","29":"pa_pomieszczenie-universell","30":"pa_rodzaj-gwintu-e27-de","31":"pa_rodzaj-lampy-deckenleuchten-hangeleuchten","32":"pa_zasilanie-netzwerk","33":"pa_zawiera-baterie-nein","34":"pa_zrodlo-swiatla-ohne-lichtquelle","36":"first","37":"instock","38":"purchasable","39":"product-type-simple"},"acf":[],"aioseo_notices":[],"_links":{"self":[{"href":"https:\/\/portallamp.invette.dev\/de\/wp-json\/wp\/v2\/product\/49177","targetHints":{"allow":["GET"]}}],"collection":[{"href":"https:\/\/portallamp.invette.dev\/de\/wp-json\/wp\/v2\/product"}],"about":[{"href":"https:\/\/portallamp.invette.dev\/de\/wp-json\/wp\/v2\/types\/product"}],"replies":[{"embeddable":true,"href":"https:\/\/portallamp.invette.dev\/de\/wp-json\/wp\/v2\/comments?post=49177"}],"wp:featuredmedia":[{"embeddable":true,"href":"https:\/\/portallamp.invette.dev\/de\/wp-json\/wp\/v2\/media\/21024"}],"wp:attachment":[{"href":"https:\/\/portallamp.invette.dev\/de\/wp-json\/wp\/v2\/media?parent=49177"}],"wp:term":[{"taxonomy":"product_brand","embeddable":true,"href":"https:\/\/portallamp.invette.dev\/de\/wp-json\/wp\/v2\/product_brand?post=49177"},{"taxonomy":"product_cat","embeddable":true,"href":"https:\/\/portallamp.invette.dev\/de\/wp-json\/wp\/v2\/product_cat?post=49177"},{"taxonomy":"product_tag","embeddable":true,"href":"https:\/\/portallamp.invette.dev\/de\/wp-json\/wp\/v2\/product_tag?post=49177"}],"curies":[{"name":"wp","href":"https:\/\/api.w.org\/{rel}","templated":true}]}}

Lampa Wisząca Żyrandol Glam Czarny Złoty Miedź Chr

<h1>Designerska lampa wisząca zaprojektowana w nowoczesnym stylu.</h1>
<p><img decoding="async" src="https://a.allegroimg.com/original/119b9b/39e9dd794fd681c67a4b7650d311" alt="Zdjęcie produktu" style="max-width:100%; height:auto; margin:10px 0;"></p>
<h2>Elegancka czarna podstawa oraz druciana osłona z umieszczonym wewnątrz szklanym kloszem dostępnym w bardzo modnych kolorach to świetne połączenie w nowoczesnych wnętrzach.</h2>
<p><img decoding="async" src="https://a.allegroimg.com/original/112b35/59bf4477461ea64e0ae6fbceac35" alt="Zdjęcie produktu" style="max-width:100%; height:auto; margin:10px 0;"></p>
<h2>Konstrukcja lampy umożliwia korektę wysokości (przed zamontowaniem).</h2>
<p><img decoding="async" src="https://a.allegroimg.com/original/1169c4/55816e09443f865ddf71af9319a9" alt="Zdjęcie produktu" style="max-width:100%; height:auto; margin:10px 0;"></p>
<h2>Dostępna w czterech kolorach do wyboru:</h2>
<ul>
<li>Czarna podstawa + przezroczysty klosz</li>
<li>Czarna podstawa + złoty klosz</li>
<li>Czarna podstawa + srebrny klosz</li>
<li>Czarna podstawa + miedziany klosz</li>
</ul>
<p><img decoding="async" src="https://a.allegroimg.com/original/1165b8/92b64c2f4dfd846428160020415f" alt="Zdjęcie produktu" style="max-width:100%; height:auto; margin:10px 0;"></p>
<p><b>Lampa w pełni złożona &#8211; nie jest to zestaw do samodzielnego montażu &#8211; wyjmujesz z kartonu i wieszasz na suficie.</b></p>
<p><b>Nie musisz tracić czasu na złożenie lampy od najmniejszej śrubki.</b></p>
<p><b></b></p>
<p><b>GŁÓWNE CECHY LAMPY:</b></p>
<p><b></b></p>
<ul>
<li>Materiał konstrukcji: Metal</li>
</ul>
<ul>
<li>Kolor konstrukcji: Czarny matowy</li>
</ul>
<ul>
<li>Materiał kloszy: Metal w kolorze czarnym + szkło w kolorze przezroczystym, złotym, srebrnym lub miedzianym</li>
</ul>
<ul>
<li>Nowoczesny Styl &#8211; &nbsp;łatwo wkomponuje się w układ mieszkania</li>
</ul>
<ul>
<li>Korekta wysokości (przed zamontowaniem)</li>
</ul>
<ul>
<li>Szerokie zastosowanie:&nbsp;<b>stoły, wyspy, blaty, korytarze, kuchnie</b></li>
</ul>
<ul>
<li>Lampa obsługuje wszystkie żarówki z gwintem typu&nbsp;<b>E27 do max 60 watów.</b></li>
</ul>
<ul>
<li>Lampa z polskiej dystrybucji, wyprodukowana w Polsce &#8211; gwarantowany szybki dostęp do serwisu i części zapasowych</li>
</ul>
<ul>
<li><b>Wersja w pełni złożona &#8211; nie jest to chiński zestaw do samodzielnego montażu</b></li>
</ul>
<h2>Wymiary:</h2>
<p><img decoding="async" src="https://a.allegroimg.com/original/1147bc/3ed6d90748ec8d1f245146cbeeae" alt="Zdjęcie produktu" style="max-width:100%; height:auto; margin:10px 0;"><br />
<img decoding="async" src="https://a.allegroimg.com/original/114d54/221d552e4415bc658c6399d813b1" alt="Zdjęcie produktu" style="max-width:100%; height:auto; margin:10px 0;"><br />
<img decoding="async" src="https://a.allegroimg.com/original/11c08d/a1bb832c4af28b3342898d183d02" alt="Zdjęcie produktu" style="max-width:100%; height:auto; margin:10px 0;"></p>
<h2>Dane techniczne:</h2>
</p>
<ul>
<li><b>Zasilanie:</b> ~230 [V] / bezpośrednie z sieci</li>
<li><b>Źródło światła:</b>&nbsp;E-27 &#8211; zalecane LED lub świetlówki kompaktowe</li>
<li><b>Sposób montażu:</b>&nbsp;Dwa kołki rozporowe</li>
<li><b>IP 20, Klasa I</b></li>
<li><b>Zestaw nie zawiera żarówek oraz kołków rozporowych do montażu</b></li>
<li><b>Producent:&nbsp;</b>LUXOLAR Polska</li>
</ul>
<p><img decoding="async" src="https://a.allegroimg.com/original/11ad7c/39c7e3f744f6bfceafd1023447a1" alt="Zdjęcie produktu" style="max-width:100%; height:auto; margin:10px 0;"></p>
<h2>Zestaw zawiera:</h2>
<ul>
<li><b>Kompletną, złożoną lampę &#8211; wystarczy tylko zamontować osłonę i klosz (nie jest to chińskiej produkcji zestaw do samodzielnego montażu)</b></li>
<li><b>Kostkę przyłączeniową</b></li>
<li><b>Instrukcję obsługi</b></li>
<li><b>Dokument zakupu</b></li>
</ul>
<p><b>Zestaw nie zawiera żarówki ani kołków rozporowych (należy dobrać odpowiednie do sufitu)</b></p>
<p><img decoding="async" src="https://a.allegroimg.com/original/11d434/6a51b78e48af8ddd9e721a51b1d7" alt="Zdjęcie produktu" style="max-width:100%; height:auto; margin:10px 0;"></p>
<h2>ZALECANE ŹRÓDŁA ŚWIATŁA:</h2>
</p>
<ul>
<li>Żarówki LED&nbsp; z gwintem typu E27</li>
<li>Strumień świetlny: 700 -1300 lm</li>
<li>Moc pobierana z sieci: 8 -12 W</li>
<li>Barwa: ciepła (3000K), Neutralna (4000K)&nbsp; lub zimna (6000K)</li>
</ul>
<p><b>Żarówka nie wchodzi w skład zestawu</b></p>
<p><img decoding="async" src="https://a.allegroimg.com/original/11cf7e/903dc2c749dd8201b6690673f793" alt="Zdjęcie produktu" style="max-width:100%; height:auto; margin:10px 0;"></p>
<h2></h2>
<h2>Pamiętaj:</h2>
<ol>
<li><b>Wybierz kolor:&nbsp;</b>Czarny+przezroczysty, Czarny+złoty, Czarny+srebrny, Czarny+miedziany</li>
<li><b>Wpisz wybrany kolor&nbsp;</b>&#8211; w formularzu zamówienia lub oddzielnym e-mailu.</li>
<li><b>Jeśli nie wybierzesz koloru wyślemy kolor ze zdjęcia głównego</b></li>
</ol>
<p><b></b></p>
<p><img decoding="async" src="https://a.allegroimg.com/original/1165b8/92b64c2f4dfd846428160020415f" alt="Zdjęcie produktu" style="max-width:100%; height:auto; margin:10px 0;"><br />
<img decoding="async" src="https://a.allegroimg.com/original/118cc5/28ad44994e3bbf3a1f8d17861149" alt="Zdjęcie produktu" style="max-width:100%; height:auto; margin:10px 0;"><br />
<img decoding="async" src="https://a.allegroimg.com/original/11f14f/9976f4564897a5bb2bd14a6ea53e" alt="Zdjęcie produktu" style="max-width:100%; height:auto; margin:10px 0;"><br />
<img decoding="async" src="https://a.allegroimg.com/original/11a77d/626a007d4d8890a4ed625682d37f" alt="Zdjęcie produktu" style="max-width:100%; height:auto; margin:10px 0;"></p>

<p>Designerska lampa wisząca zaprojektowana w nowoczesnym stylu. Elegancka czarna podstawa oraz druciana osłona z umieszczonym wewnątrz szklanym kloszem dostępnym w bardzo modnych kolorach to świetne połączenie w nowoczesnych wnętrzach. Konstrukcja lampy umożliwia korektę wysokości (przed zamontowaniem). Dostępna w czterech kolorach do wyboru: Czarna podstawa + przezroczysty klosz Czarna podstawa + złoty klosz Czarna podstawa + [&hellip;]</p>
