{"id":49729,"date":"2025-07-03T18:06:41","date_gmt":"2025-07-03T16:06:41","guid":{"rendered":"https:\/\/portallamp.invette.dev\/produkt\/lampa-wiszaca-sufitowa-zyrandol-plafon-diament-led-6\/"},"modified":"2025-07-03T18:06:41","modified_gmt":"2025-07-03T16:06:41","slug":"lampa-wiszaca-sufitowa-zyrandol-plafon-diament-led-6","status":"publish","type":"product","link":"https:\/\/portallamp.invette.dev\/de\/produkt\/lampa-wiszaca-sufitowa-zyrandol-plafon-diament-led-6\/","title":{"rendered":"LAMPA WISZ\u0104CA SUFITOWA \u017bYRANDOL PLAFON DIAMENT LED"},"content":{"rendered":"<h1>Przedmiotem sprzeda\u017cy jest:<\/h1>\n<h2>Nowa Lampa Wisz\u0105ca z serii Diament nr kat: 299-D4 LED bezpo\u015brednio od producenta LUXOLAR<\/h2>\n<p><img decoding=\"async\" src=\"https:\/\/c.allegroimg.com\/original\/03091b\/8094457d4ddc9d5119c02d8f4edc\" alt=\"Zdj\u0119cie produktu\" style=\"max-width:100%; height:auto; margin:10px 0;\"><\/p>\n<p><b>Lampa sufitowa wisz\u0105ca \u017cyrandol Diament 299-D4 w stylu minimalistycznym z aba\u017curami na kszta\u0142t &nbsp;czterech&nbsp; diament\u00f3w.<\/b><\/p>\n<ul>\n<li>Idealnie pasuje do surowych czarno bia\u0142ych wn\u0119trz.<\/li>\n<\/ul>\n<ul>\n<li>Przeznaczona jako o\u015bwietlenie g\u0142\u00f3wne w pomieszczeniach 16-25 m2.<\/li>\n<\/ul>\n<ul>\n<li>Kolor konstrukcji lampy: Czarny matowy,<\/li>\n<li>Kolor przewod\u00f3w: Czarny<\/li>\n<li><b>Kolor aba\u017cur\u00f3w: Do wyboru &#8211; 9 kolor\u00f3w<\/b><\/li>\n<\/ul>\n<ul>\n<li>Wysoko\u015b\u0107 regulowana do max 100 cm<\/li>\n<\/ul>\n<ul>\n<li>Dodatkowym atutem s\u0105 dwa niezale\u017cne obwody elektryczne, dzi\u0119ki kt\u00f3rym w zale\u017cno\u015bci od potrzeb, mo\u017cemy sterowa\u0107 ilo\u015bci\u0105 w\u0142\u0105czonych \u017car\u00f3wek.<\/li>\n<\/ul>\n<h1>Dane techniczne:<\/h1>\n<ul>\n<li><b>Oznaczenie producenta: <\/b>LUXOLAR nr kat: 299-D4<\/li>\n<li><b>materia\u0142 konstrukcji:<\/b>&nbsp;metal malowany proszkowo<\/li>\n<li><b>materia\u0142 aba\u017cur\u00f3w:&nbsp;<\/b>tkanina w wybranym kolorze na zewn\u0105trz, bia\u0142e pcv od wewn\u0105trz<\/li>\n<li><b>wymiary:<\/b>&nbsp;wysoko\u015b\u0107 ca\u0142kowita lampy 45 -100 cm &#8211; <b>przed monta\u017cem<\/b>&nbsp;<b>mo\u017cliwo\u015b\u0107 regulacji,<\/b>&nbsp;\u015brednica podsufitki: 13 cm<\/li>\n<li><b>zasilanie:<\/b>&nbsp;~230 [V] \/ bezpo\u015brednie z sieci, dwa niezale\u017cne obwody elektryczne, przy\u0142\u0105cze 4-torowe<\/li>\n<li><b>\u017ar\u00f3d\u0142o \u015bwiat\u0142a:<\/b>&nbsp;E-27 zalecany LED<\/li>\n<li><b>IP 20, Klasa I<\/b><\/li>\n<li><b>zestaw nie zawiera \u017car\u00f3wek oraz ko\u0142k\u00f3w rozporowych do monta\u017cu<\/b><\/li>\n<li><b>producent:&nbsp;<\/b>LUXOLAR<\/li>\n<\/ul>\n<p><img decoding=\"async\" src=\"https:\/\/2.allegroimg.com\/original\/03cbc8\/da05328a4231bc14c1870a43c662\" alt=\"Zdj\u0119cie produktu\" style=\"max-width:100%; height:auto; margin:10px 0;\"><br \/>\n<img decoding=\"async\" src=\"https:\/\/e.allegroimg.com\/original\/037e52\/73f5e1b843db83c517c766a186de\" alt=\"Zdj\u0119cie produktu\" style=\"max-width:100%; height:auto; margin:10px 0;\"><br \/>\n<img decoding=\"async\" src=\"https:\/\/1.allegroimg.com\/original\/03e1a7\/d968689249f2a48026f51f28e791\" alt=\"Zdj\u0119cie produktu\" style=\"max-width:100%; height:auto; margin:10px 0;\"><\/p>\n<ul>\n<li><b>Wn\u0119trze aba\u017cura w kolorze bia\u0142ym<\/b><\/li>\n<\/ul>\n<ul>\n<li><b>Wybrany kolor na zewn\u0105trz<\/b><\/li>\n<\/ul>\n<ul>\n<li><b>\u015arednica otworu monta\u017cowego: 42 cm<\/b><\/li>\n<\/ul>\n<h1>KOLORY ABA\u017bUR\u00d3W DO WYBORU:<\/h1>\n<p><img decoding=\"async\" src=\"https:\/\/7.allegroimg.com\/original\/034b64\/72e5a88c4ba8b628c34706669b47\" alt=\"Zdj\u0119cie produktu\" style=\"max-width:100%; height:auto; margin:10px 0;\"><\/p>\n<h1>Mo\u017cliwo\u015b\u0107 tworzenia MIKS\u00d3W &#8211; wybierania R\u00d3\u017bNYCH KOLOR\u00d3W.<\/h1>\n<h2>ETAPY REALIZACJI ZAM\u00d3WIENIA:<\/h2>\n<ol>\n<li><b>Wybierz kolor&nbsp;aba\u017cura<\/b>: Bia\u0142y, Czarny, Szary, Czerwony, Niebieski, Granatowy, Jasny zielony, Jasny pomara\u0144cz lub Pudrowy R\u00f3\u017c.<\/li>\n<li><b>Prze\u015blij wybran\u0105 konfiguracj\u0119<\/b> &#8211; w formularzu zam\u00f3wienia<\/li>\n<\/ol>\n<p><b>Poprawne przes\u0142anie powy\u017cszych informacji znacznie przyspieszy realizacj\u0119 zam\u00f3wienia.<\/b><\/p>\n<p><img decoding=\"async\" src=\"https:\/\/4.allegroimg.com\/original\/03a62a\/b8b7df2c4a638600267137e32ec4\" alt=\"Zdj\u0119cie produktu\" style=\"max-width:100%; height:auto; margin:10px 0;\"><\/p>\n<h1>Przyk\u0142ad zam\u00f3wienia:<\/h1>\n<p>Przew\u00f3d Czarny,<\/p>\n<p>Aba\u017cury: 1 x Czarny, 1 x Szary, 1 x Bia\u0142y, 1 x Czerwony<\/p>\n<p><img decoding=\"async\" src=\"https:\/\/b.allegroimg.com\/original\/03da25\/fe73597a47948d619edfabca740b\" alt=\"Zdj\u0119cie produktu\" style=\"max-width:100%; height:auto; margin:10px 0;\"><br \/>\n<img decoding=\"async\" src=\"https:\/\/c.allegroimg.com\/original\/03091b\/8094457d4ddc9d5119c02d8f4edc\" alt=\"Zdj\u0119cie produktu\" style=\"max-width:100%; height:auto; margin:10px 0;\"><\/p>\n","protected":false},"excerpt":{"rendered":"<p>Przedmiotem sprzeda\u017cy jest: Nowa Lampa Wisz\u0105ca z serii Diament nr kat: 299-D4 LED bezpo\u015brednio od producenta LUXOLAR Lampa sufitowa wisz\u0105ca \u017cyrandol Diament 299-D4 w stylu minimalistycznym z aba\u017curami na kszta\u0142t &nbsp;czterech&nbsp; diament\u00f3w. Idealnie pasuje do surowych czarno bia\u0142ych wn\u0119trz. Przeznaczona jako o\u015bwietlenie g\u0142\u00f3wne w pomieszczeniach 16-25 m2. Kolor konstrukcji lampy: Czarny matowy, Kolor przewod\u00f3w: Czarny [&hellip;]<\/p>\n","protected":false},"featured_media":36739,"comment_status":"closed","ping_status":"open","template":"","meta":{"_acf_changed":false},"product_brand":[162],"product_cat":[2593,2674],"product_tag":[],"class_list":{"0":"post-49729","1":"product","2":"type-product","3":"status-publish","4":"has-post-thumbnail","6":"product_brand-luxolar","7":"product_cat-lampen","8":"product_cat-hangelampen","9":"pa_kod-producenta-299-d4-de","10":"pa_kolekcja-299-de","11":"pa_kolor-blau","12":"pa_kolor-grau","13":"pa_kolor-grun","14":"pa_kolor-orange-de","15":"pa_kolor-rosa","16":"pa_kolor-rot","17":"pa_kolor-schwarz","18":"pa_kolor-weis","19":"pa_liczba-punktow-swiatla-4-de","20":"pa_marka-luxolar","21":"pa_material-dominujacy-stoff","22":"pa_max-moc-pojed-zrodla-swiatla-60-de","23":"pa_pomieszczenie-buro","24":"pa_pomieszczenie-esszimmer","25":"pa_pomieszczenie-flur-treppe","26":"pa_pomieszczenie-kinderzimmer","27":"pa_pomieszczenie-kuche","28":"pa_pomieszczenie-salon-de","29":"pa_pomieszczenie-schlafzimmer","30":"pa_rodzaj-gwintu-e27-de","31":"pa_rodzaj-lampy-deckenleuchten-hangeleuchten","32":"pa_zasilanie-netzwerk","33":"pa_zawiera-baterie-nein","34":"pa_zrodlo-swiatla-ohne-lichtquelle","36":"first","37":"instock","38":"purchasable","39":"product-type-simple"},"acf":[],"aioseo_notices":[],"_links":{"self":[{"href":"https:\/\/portallamp.invette.dev\/de\/wp-json\/wp\/v2\/product\/49729","targetHints":{"allow":["GET"]}}],"collection":[{"href":"https:\/\/portallamp.invette.dev\/de\/wp-json\/wp\/v2\/product"}],"about":[{"href":"https:\/\/portallamp.invette.dev\/de\/wp-json\/wp\/v2\/types\/product"}],"replies":[{"embeddable":true,"href":"https:\/\/portallamp.invette.dev\/de\/wp-json\/wp\/v2\/comments?post=49729"}],"wp:featuredmedia":[{"embeddable":true,"href":"https:\/\/portallamp.invette.dev\/de\/wp-json\/wp\/v2\/media\/36739"}],"wp:attachment":[{"href":"https:\/\/portallamp.invette.dev\/de\/wp-json\/wp\/v2\/media?parent=49729"}],"wp:term":[{"taxonomy":"product_brand","embeddable":true,"href":"https:\/\/portallamp.invette.dev\/de\/wp-json\/wp\/v2\/product_brand?post=49729"},{"taxonomy":"product_cat","embeddable":true,"href":"https:\/\/portallamp.invette.dev\/de\/wp-json\/wp\/v2\/product_cat?post=49729"},{"taxonomy":"product_tag","embeddable":true,"href":"https:\/\/portallamp.invette.dev\/de\/wp-json\/wp\/v2\/product_tag?post=49729"}],"curies":[{"name":"wp","href":"https:\/\/api.w.org\/{rel}","templated":true}]}}

LAMPA WISZĄCA SUFITOWA ŻYRANDOL PLAFON DIAMENT LED

<h1>Przedmiotem sprzedaży jest:</h1>
<h2>Nowa Lampa Wisząca z serii Diament nr kat: 299-D4 LED bezpośrednio od producenta LUXOLAR</h2>
<p><img decoding="async" src="https://c.allegroimg.com/original/03091b/8094457d4ddc9d5119c02d8f4edc" alt="Zdjęcie produktu" style="max-width:100%; height:auto; margin:10px 0;"></p>
<p><b>Lampa sufitowa wisząca żyrandol Diament 299-D4 w stylu minimalistycznym z abażurami na kształt &nbsp;czterech&nbsp; diamentów.</b></p>
<ul>
<li>Idealnie pasuje do surowych czarno białych wnętrz.</li>
</ul>
<ul>
<li>Przeznaczona jako oświetlenie główne w pomieszczeniach 16-25 m2.</li>
</ul>
<ul>
<li>Kolor konstrukcji lampy: Czarny matowy,</li>
<li>Kolor przewodów: Czarny</li>
<li><b>Kolor abażurów: Do wyboru &#8211; 9 kolorów</b></li>
</ul>
<ul>
<li>Wysokość regulowana do max 100 cm</li>
</ul>
<ul>
<li>Dodatkowym atutem są dwa niezależne obwody elektryczne, dzięki którym w zależności od potrzeb, możemy sterować ilością włączonych żarówek.</li>
</ul>
<h1>Dane techniczne:</h1>
<ul>
<li><b>Oznaczenie producenta: </b>LUXOLAR nr kat: 299-D4</li>
<li><b>materiał konstrukcji:</b>&nbsp;metal malowany proszkowo</li>
<li><b>materiał abażurów:&nbsp;</b>tkanina w wybranym kolorze na zewnątrz, białe pcv od wewnątrz</li>
<li><b>wymiary:</b>&nbsp;wysokość całkowita lampy 45 -100 cm &#8211; <b>przed montażem</b>&nbsp;<b>możliwość regulacji,</b>&nbsp;średnica podsufitki: 13 cm</li>
<li><b>zasilanie:</b>&nbsp;~230 [V] / bezpośrednie z sieci, dwa niezależne obwody elektryczne, przyłącze 4-torowe</li>
<li><b>źródło światła:</b>&nbsp;E-27 zalecany LED</li>
<li><b>IP 20, Klasa I</b></li>
<li><b>zestaw nie zawiera żarówek oraz kołków rozporowych do montażu</b></li>
<li><b>producent:&nbsp;</b>LUXOLAR</li>
</ul>
<p><img decoding="async" src="https://2.allegroimg.com/original/03cbc8/da05328a4231bc14c1870a43c662" alt="Zdjęcie produktu" style="max-width:100%; height:auto; margin:10px 0;"><br />
<img decoding="async" src="https://e.allegroimg.com/original/037e52/73f5e1b843db83c517c766a186de" alt="Zdjęcie produktu" style="max-width:100%; height:auto; margin:10px 0;"><br />
<img decoding="async" src="https://1.allegroimg.com/original/03e1a7/d968689249f2a48026f51f28e791" alt="Zdjęcie produktu" style="max-width:100%; height:auto; margin:10px 0;"></p>
<ul>
<li><b>Wnętrze abażura w kolorze białym</b></li>
</ul>
<ul>
<li><b>Wybrany kolor na zewnątrz</b></li>
</ul>
<ul>
<li><b>Średnica otworu montażowego: 42 cm</b></li>
</ul>
<h1>KOLORY ABAŻURÓW DO WYBORU:</h1>
<p><img decoding="async" src="https://7.allegroimg.com/original/034b64/72e5a88c4ba8b628c34706669b47" alt="Zdjęcie produktu" style="max-width:100%; height:auto; margin:10px 0;"></p>
<h1>Możliwość tworzenia MIKSÓW &#8211; wybierania RÓŻNYCH KOLORÓW.</h1>
<h2>ETAPY REALIZACJI ZAMÓWIENIA:</h2>
<ol>
<li><b>Wybierz kolor&nbsp;abażura</b>: Biały, Czarny, Szary, Czerwony, Niebieski, Granatowy, Jasny zielony, Jasny pomarańcz lub Pudrowy Róż.</li>
<li><b>Prześlij wybraną konfigurację</b> &#8211; w formularzu zamówienia</li>
</ol>
<p><b>Poprawne przesłanie powyższych informacji znacznie przyspieszy realizację zamówienia.</b></p>
<p><img decoding="async" src="https://4.allegroimg.com/original/03a62a/b8b7df2c4a638600267137e32ec4" alt="Zdjęcie produktu" style="max-width:100%; height:auto; margin:10px 0;"></p>
<h1>Przykład zamówienia:</h1>
<p>Przewód Czarny,</p>
<p>Abażury: 1 x Czarny, 1 x Szary, 1 x Biały, 1 x Czerwony</p>
<p><img decoding="async" src="https://b.allegroimg.com/original/03da25/fe73597a47948d619edfabca740b" alt="Zdjęcie produktu" style="max-width:100%; height:auto; margin:10px 0;"><br />
<img decoding="async" src="https://c.allegroimg.com/original/03091b/8094457d4ddc9d5119c02d8f4edc" alt="Zdjęcie produktu" style="max-width:100%; height:auto; margin:10px 0;"></p>

<p>Przedmiotem sprzedaży jest: Nowa Lampa Wisząca z serii Diament nr kat: 299-D4 LED bezpośrednio od producenta LUXOLAR Lampa sufitowa wisząca żyrandol Diament 299-D4 w stylu minimalistycznym z abażurami na kształt &nbsp;czterech&nbsp; diamentów. Idealnie pasuje do surowych czarno białych wnętrz. Przeznaczona jako oświetlenie główne w pomieszczeniach 16-25 m2. Kolor konstrukcji lampy: Czarny matowy, Kolor przewodów: Czarny [&hellip;]</p>
