{"id":47871,"date":"2025-07-03T18:14:56","date_gmt":"2025-07-03T16:14:56","guid":{"rendered":"https:\/\/portallamp.invette.dev\/produkt\/lampa-wiszaca-sufitowa-zyrandol-pajak-edison-loft-4\/"},"modified":"2025-07-03T18:14:56","modified_gmt":"2025-07-03T16:14:56","slug":"lampa-wiszaca-sufitowa-zyrandol-pajak-edison-loft-4","status":"publish","type":"product","link":"https:\/\/portallamp.invette.dev\/en\/produkt\/lampa-wiszaca-sufitowa-zyrandol-pajak-edison-loft-4\/","title":{"rendered":"LAMPA WISZ\u0104CA SUFITOWA \u017bYRANDOL PAJ\u0104K EDISON LOFT"},"content":{"rendered":"<h1>Designerska lampa sufitowa wisz\u0105ca PAJ\u0104K zaprojektowana w nowoczesnym stylu.<\/h1>\n<p><img decoding=\"async\" src=\"https:\/\/a.allegroimg.com\/original\/03f59c\/d5c2276f48c695b432fda4c3e6cb\" alt=\"Zdj\u0119cie produktu\" style=\"max-width:100%; height:auto; margin:10px 0;\"><br \/>\n<img decoding=\"async\" src=\"https:\/\/a.allegroimg.com\/original\/03e524\/6937fd884a91959a8fea24e7920a\" alt=\"Zdj\u0119cie produktu\" style=\"max-width:100%; height:auto; margin:10px 0;\"><br \/>\n<img decoding=\"async\" src=\"https:\/\/a.allegroimg.com\/original\/03f59c\/d5c2276f48c695b432fda4c3e6cb\" alt=\"Zdj\u0119cie produktu\" style=\"max-width:100%; height:auto; margin:10px 0;\"><\/p>\n<p><b><\/b><\/p>\n<p><b>G\u0141\u00d3WNE CECHY LAMPY:<\/b><\/p>\n<p><b><\/b><\/p>\n<ul>\n<li><b>Kolor Lampy: Czarny matowy<\/b><\/li>\n<\/ul>\n<ul>\n<li>Nowoczesny Styl &#8211; &nbsp;\u0142atwo wkomponuje si\u0119 w uk\u0142ad mieszkania<\/li>\n<\/ul>\n<ul>\n<li>Doskona\u0142y stosunek ceny do jako\u015bci<\/li>\n<\/ul>\n<ul>\n<li>Solidna metalowa konstrukcja malowana proszkowo<\/li>\n<\/ul>\n<ul>\n<li>Przeznaczona jako o\u015bwietlenie g\u0142\u00f3wne w pomieszczeniach o powierzchni 12-20 m2<\/li>\n<\/ul>\n<ul>\n<li>D\u0142ugo\u015b\u0107 ramienia: 150 cm<\/li>\n<\/ul>\n<ul>\n<li>Lampa obs\u0142uguje wszystkie \u017car\u00f3wki z gwintem typu E27 do max 60 wat\u00f3w.<\/li>\n<\/ul>\n<ul>\n<li>Dodatkowym atutem s\u0105 dwa niezale\u017cne obwody elektryczne, dzi\u0119ki kt\u00f3rym w zale\u017cno\u015bci od potrzeb, mo\u017cemy sterowa\u0107 ilo\u015bci\u0105 w\u0142\u0105czonych \u017car\u00f3wek.<\/li>\n<\/ul>\n<h2>Dane techniczne:<\/h2>\n<ul>\n<li><b>materia\u0142 konstrukcji:<\/b>&nbsp;metal malowany proszkowo<\/li>\n<li><b>wymiary lampy:<\/b> \u015brednica puszki monta\u017cowej: 14 cm, d\u0142ugo\u015b\u0107 ramienia: 150 cm<\/li>\n<li><b>wymiary klosza:&nbsp;<\/b>\u015brednica: 12 cm \/ wysoko\u015b\u0107 z oprawk\u0105: 12 cm<\/li>\n<li><b>zasilanie:<\/b> ~230 [V] \/ bezpo\u015brednie z sieci, dwa niezale\u017cne obwody elektryczne, w\u0142\u0105czanie 2+3 lub wszystkie jednocze\u015bnie<\/li>\n<li><b>\u017ar\u00f3d\u0142o \u015bwiat\u0142a:<\/b> E-27, &#8211; zalecane LED lub \u015bwietl\u00f3wki kompaktowe<\/li>\n<li><b>spos\u00f3b monta\u017cu:<\/b> Ko\u0142ki rozporowe<\/li>\n<li><b>IP 20, Klasa I<\/b><\/li>\n<li><b>zestaw nie zawiera \u017car\u00f3wek oraz ko\u0142k\u00f3w rozporowych do monta\u017cu<\/b><\/li>\n<li><b>producent: <\/b>LUXOLAR<\/li>\n<\/ul>\n<p><img decoding=\"async\" src=\"https:\/\/a.allegroimg.com\/original\/03d371\/7bdcc73048928f43924791b80bc5\" alt=\"Zdj\u0119cie produktu\" style=\"max-width:100%; height:auto; margin:10px 0;\"><br \/>\n<img decoding=\"async\" src=\"https:\/\/a.allegroimg.com\/original\/03f8f6\/e51fa47944f5aceb348d4df865b3\" alt=\"Zdj\u0119cie produktu\" style=\"max-width:100%; height:auto; margin:10px 0;\"><\/p>\n<h2>ZALECANE \u0179R\u00d3D\u0141A \u015aWIAT\u0141A:<\/h2>\n<ul>\n<li>\u017bar\u00f3wki LED z diodami SMD lub filament<\/li>\n<li>Strumie\u0144 \u015bwietlny: 900 -1300 lm<\/li>\n<li><b>Gwint E27<\/b><\/li>\n<li>Moc pobierana z sieci: 6 -12 W<\/li>\n<li>Barwa: ciep\u0142a lub bia\u0142a (2700 &#8211; 3000 K)<\/li>\n<\/ul>\n<p><img decoding=\"async\" src=\"https:\/\/a.allegroimg.com\/original\/038598\/733cc56a40598e25772f5ff2fa03\" alt=\"Zdj\u0119cie produktu\" style=\"max-width:100%; height:auto; margin:10px 0;\"><\/p>\n<h2>ARAN\u017bACJE:<\/h2>\n<\/p>\n<p><img decoding=\"async\" src=\"https:\/\/a.allegroimg.com\/original\/0332a9\/6dded4bf457a88d83313f63a3b15\" alt=\"Zdj\u0119cie produktu\" style=\"max-width:100%; height:auto; margin:10px 0;\"><br \/>\n<img decoding=\"async\" src=\"https:\/\/a.allegroimg.com\/original\/030350\/862ba9b54717a37b14efb284aea7\" alt=\"Zdj\u0119cie produktu\" style=\"max-width:100%; height:auto; margin:10px 0;\"><br \/>\n<img decoding=\"async\" src=\"https:\/\/a.allegroimg.com\/original\/03e524\/6937fd884a91959a8fea24e7920a\" alt=\"Zdj\u0119cie produktu\" style=\"max-width:100%; height:auto; margin:10px 0;\"><br \/>\n<img decoding=\"async\" src=\"https:\/\/a.allegroimg.com\/original\/03c8b3\/2f2fc4b04bb3b4952e219425835b\" alt=\"Zdj\u0119cie produktu\" style=\"max-width:100%; height:auto; margin:10px 0;\"><\/p>\n","protected":false},"excerpt":{"rendered":"<p>Designerska lampa sufitowa wisz\u0105ca PAJ\u0104K zaprojektowana w nowoczesnym stylu. G\u0141\u00d3WNE CECHY LAMPY: Kolor Lampy: Czarny matowy Nowoczesny Styl &#8211; &nbsp;\u0142atwo wkomponuje si\u0119 w uk\u0142ad mieszkania Doskona\u0142y stosunek ceny do jako\u015bci Solidna metalowa konstrukcja malowana proszkowo Przeznaczona jako o\u015bwietlenie g\u0142\u00f3wne w pomieszczeniach o powierzchni 12-20 m2 D\u0142ugo\u015b\u0107 ramienia: 150 cm Lampa obs\u0142uguje wszystkie \u017car\u00f3wki z gwintem [&hellip;]<\/p>\n","protected":false},"featured_media":40122,"comment_status":"closed","ping_status":"open","template":"","meta":{"_acf_changed":false},"product_brand":[162],"product_cat":[2590,2671],"product_tag":[],"class_list":{"0":"post-47871","1":"product","2":"type-product","3":"status-publish","4":"has-post-thumbnail","6":"product_brand-luxolar","7":"product_cat-lamps","8":"product_cat-hanging-lamps","9":"pa_kod-producenta-lampa-wiszaca-382-s5-en","10":"pa_kolekcja-382-en","11":"pa_kolor-black","12":"pa_liczba-punktow-swiatla-5-en","13":"pa_marka-luxolar","14":"pa_material-dominujacy-metal-en","15":"pa_max-moc-pojed-zrodla-swiatla-60-2","16":"pa_pomieszczenie-bedroom","17":"pa_pomieszczenie-dining-room","18":"pa_pomieszczenie-hallway-stairs","19":"pa_pomieszczenie-kuchnia-2","20":"pa_pomieszczenie-living-room","21":"pa_pomieszczenie-office","22":"pa_pomieszczenie-universal","23":"pa_rodzaj-gwintu-e27-2","24":"pa_rodzaj-lampy-ceiling-mounted-hanging","25":"pa_zasilanie-network","26":"pa_zawiera-baterie-no","27":"pa_zrodlo-swiatla-without-a-light-source","29":"first","30":"instock","31":"purchasable","32":"product-type-simple"},"acf":[],"aioseo_notices":[],"_links":{"self":[{"href":"https:\/\/portallamp.invette.dev\/en\/wp-json\/wp\/v2\/product\/47871","targetHints":{"allow":["GET"]}}],"collection":[{"href":"https:\/\/portallamp.invette.dev\/en\/wp-json\/wp\/v2\/product"}],"about":[{"href":"https:\/\/portallamp.invette.dev\/en\/wp-json\/wp\/v2\/types\/product"}],"replies":[{"embeddable":true,"href":"https:\/\/portallamp.invette.dev\/en\/wp-json\/wp\/v2\/comments?post=47871"}],"wp:featuredmedia":[{"embeddable":true,"href":"https:\/\/portallamp.invette.dev\/en\/wp-json\/wp\/v2\/media\/40122"}],"wp:attachment":[{"href":"https:\/\/portallamp.invette.dev\/en\/wp-json\/wp\/v2\/media?parent=47871"}],"wp:term":[{"taxonomy":"product_brand","embeddable":true,"href":"https:\/\/portallamp.invette.dev\/en\/wp-json\/wp\/v2\/product_brand?post=47871"},{"taxonomy":"product_cat","embeddable":true,"href":"https:\/\/portallamp.invette.dev\/en\/wp-json\/wp\/v2\/product_cat?post=47871"},{"taxonomy":"product_tag","embeddable":true,"href":"https:\/\/portallamp.invette.dev\/en\/wp-json\/wp\/v2\/product_tag?post=47871"}],"curies":[{"name":"wp","href":"https:\/\/api.w.org\/{rel}","templated":true}]}}

LAMPA WISZĄCA SUFITOWA ŻYRANDOL PAJĄK EDISON LOFT

<h1>Designerska lampa sufitowa wisząca PAJĄK zaprojektowana w nowoczesnym stylu.</h1>
<p><img decoding="async" src="https://a.allegroimg.com/original/03f59c/d5c2276f48c695b432fda4c3e6cb" alt="Zdjęcie produktu" style="max-width:100%; height:auto; margin:10px 0;"><br />
<img decoding="async" src="https://a.allegroimg.com/original/03e524/6937fd884a91959a8fea24e7920a" alt="Zdjęcie produktu" style="max-width:100%; height:auto; margin:10px 0;"><br />
<img decoding="async" src="https://a.allegroimg.com/original/03f59c/d5c2276f48c695b432fda4c3e6cb" alt="Zdjęcie produktu" style="max-width:100%; height:auto; margin:10px 0;"></p>
<p><b></b></p>
<p><b>GŁÓWNE CECHY LAMPY:</b></p>
<p><b></b></p>
<ul>
<li><b>Kolor Lampy: Czarny matowy</b></li>
</ul>
<ul>
<li>Nowoczesny Styl &#8211; &nbsp;łatwo wkomponuje się w układ mieszkania</li>
</ul>
<ul>
<li>Doskonały stosunek ceny do jakości</li>
</ul>
<ul>
<li>Solidna metalowa konstrukcja malowana proszkowo</li>
</ul>
<ul>
<li>Przeznaczona jako oświetlenie główne w pomieszczeniach o powierzchni 12-20 m2</li>
</ul>
<ul>
<li>Długość ramienia: 150 cm</li>
</ul>
<ul>
<li>Lampa obsługuje wszystkie żarówki z gwintem typu E27 do max 60 watów.</li>
</ul>
<ul>
<li>Dodatkowym atutem są dwa niezależne obwody elektryczne, dzięki którym w zależności od potrzeb, możemy sterować ilością włączonych żarówek.</li>
</ul>
<h2>Dane techniczne:</h2>
<ul>
<li><b>materiał konstrukcji:</b>&nbsp;metal malowany proszkowo</li>
<li><b>wymiary lampy:</b> średnica puszki montażowej: 14 cm, długość ramienia: 150 cm</li>
<li><b>wymiary klosza:&nbsp;</b>średnica: 12 cm / wysokość z oprawką: 12 cm</li>
<li><b>zasilanie:</b> ~230 [V] / bezpośrednie z sieci, dwa niezależne obwody elektryczne, włączanie 2+3 lub wszystkie jednocześnie</li>
<li><b>źródło światła:</b> E-27, &#8211; zalecane LED lub świetlówki kompaktowe</li>
<li><b>sposób montażu:</b> Kołki rozporowe</li>
<li><b>IP 20, Klasa I</b></li>
<li><b>zestaw nie zawiera żarówek oraz kołków rozporowych do montażu</b></li>
<li><b>producent: </b>LUXOLAR</li>
</ul>
<p><img decoding="async" src="https://a.allegroimg.com/original/03d371/7bdcc73048928f43924791b80bc5" alt="Zdjęcie produktu" style="max-width:100%; height:auto; margin:10px 0;"><br />
<img decoding="async" src="https://a.allegroimg.com/original/03f8f6/e51fa47944f5aceb348d4df865b3" alt="Zdjęcie produktu" style="max-width:100%; height:auto; margin:10px 0;"></p>
<h2>ZALECANE ŹRÓDŁA ŚWIATŁA:</h2>
<ul>
<li>Żarówki LED z diodami SMD lub filament</li>
<li>Strumień świetlny: 900 -1300 lm</li>
<li><b>Gwint E27</b></li>
<li>Moc pobierana z sieci: 6 -12 W</li>
<li>Barwa: ciepła lub biała (2700 &#8211; 3000 K)</li>
</ul>
<p><img decoding="async" src="https://a.allegroimg.com/original/038598/733cc56a40598e25772f5ff2fa03" alt="Zdjęcie produktu" style="max-width:100%; height:auto; margin:10px 0;"></p>
<h2>ARANŻACJE:</h2>
</p>
<p><img decoding="async" src="https://a.allegroimg.com/original/0332a9/6dded4bf457a88d83313f63a3b15" alt="Zdjęcie produktu" style="max-width:100%; height:auto; margin:10px 0;"><br />
<img decoding="async" src="https://a.allegroimg.com/original/030350/862ba9b54717a37b14efb284aea7" alt="Zdjęcie produktu" style="max-width:100%; height:auto; margin:10px 0;"><br />
<img decoding="async" src="https://a.allegroimg.com/original/03e524/6937fd884a91959a8fea24e7920a" alt="Zdjęcie produktu" style="max-width:100%; height:auto; margin:10px 0;"><br />
<img decoding="async" src="https://a.allegroimg.com/original/03c8b3/2f2fc4b04bb3b4952e219425835b" alt="Zdjęcie produktu" style="max-width:100%; height:auto; margin:10px 0;"></p>

<p>Designerska lampa sufitowa wisząca PAJĄK zaprojektowana w nowoczesnym stylu. GŁÓWNE CECHY LAMPY: Kolor Lampy: Czarny matowy Nowoczesny Styl &#8211; &nbsp;łatwo wkomponuje się w układ mieszkania Doskonały stosunek ceny do jakości Solidna metalowa konstrukcja malowana proszkowo Przeznaczona jako oświetlenie główne w pomieszczeniach o powierzchni 12-20 m2 Długość ramienia: 150 cm Lampa obsługuje wszystkie żarówki z gwintem [&hellip;]</p>
