{"id":47967,"date":"2025-07-03T18:10:49","date_gmt":"2025-07-03T16:10:49","guid":{"rendered":"https:\/\/portallamp.invette.dev\/produkt\/lampa-wiszaca-sufitowa-zyrandol-abazur-nowoczesna-4\/"},"modified":"2025-07-03T18:10:49","modified_gmt":"2025-07-03T16:10:49","slug":"lampa-wiszaca-sufitowa-zyrandol-abazur-nowoczesna-4","status":"publish","type":"product","link":"https:\/\/portallamp.invette.dev\/en\/produkt\/lampa-wiszaca-sufitowa-zyrandol-abazur-nowoczesna-4\/","title":{"rendered":"LAMPA WISZ\u0104CA SUFITOWA \u017bYRANDOL ABA\u017bUR NOWOCZESNA"},"content":{"rendered":"<p><img decoding=\"async\" src=\"https:\/\/a.allegroimg.com\/original\/03d7c6\/ec3c20034a93bfb47e0d0f23393d\" alt=\"Zdj\u0119cie produktu\" style=\"max-width:100%; height:auto; margin:10px 0;\"><\/p>\n<h1>Przedmiotem sprzeda\u017cy jest:<\/h1>\n<h2>Designerska lampa sufitowa wisz\u0105ca zaprojektowana w nowoczesnym stylu.<\/h2>\n<h2>Nr kat: 755-BZ1 DUO LUXOLAR<\/h2>\n<p><img decoding=\"async\" src=\"https:\/\/a.allegroimg.com\/original\/03b5e6\/4c60c4144a8b9a1d20f21e0648e7\" alt=\"Zdj\u0119cie produktu\" style=\"max-width:100%; height:auto; margin:10px 0;\"><\/p>\n<h1>Lampa dost\u0119pna w kolorach:<\/h1>\n<ul>\n<li>Czarny<\/li>\n<li>Szary<\/li>\n<li>Bia\u0142y<\/li>\n<li>Bia\u0142o &#8211; Czarny<\/li>\n<li>Szaro -Czarny<\/li>\n<\/ul>\n<p><img decoding=\"async\" src=\"https:\/\/a.allegroimg.com\/original\/039e1f\/ea31cc89403f8f4c75e69308da3a\" alt=\"Zdj\u0119cie produktu\" style=\"max-width:100%; height:auto; margin:10px 0;\"><br \/>\n<img decoding=\"async\" src=\"https:\/\/a.allegroimg.com\/original\/03faa1\/b8dc43184648b44536ce0ddb8d72\" alt=\"Zdj\u0119cie produktu\" style=\"max-width:100%; height:auto; margin:10px 0;\"><\/p>\n<p><b><\/b><\/p>\n<p><b>G\u0141\u00d3WNE CECHY LAMPY:<\/b><\/p>\n<p><b><\/b><\/p>\n<ul>\n<li>Kolor konstrukcji: Czarny matowy &#8211; drobna struktura<\/li>\n<\/ul>\n<ul>\n<li>Kolor aba\u017cur\u00f3w: do wyboru<\/li>\n<\/ul>\n<ul>\n<li>Nowoczesny Styl &#8211; &nbsp;\u0142atwo wkomponuje si\u0119 w uk\u0142ad mieszkania<\/li>\n<\/ul>\n<ul>\n<li>Solidna metalowa konstrukcja malowana proszkowo<\/li>\n<\/ul>\n<ul>\n<li>Przeznaczona jako o\u015bwietlenie g\u0142\u00f3wne w mniejszych pomieszczeniach &#8211; korytarz, garderoba.<\/li>\n<\/ul>\n<ul>\n<li>Znajdzie zastosowanie r\u00f3wnie\u017c w&nbsp; kuchni , nad wysp\u0119.<\/li>\n<\/ul>\n<ul>\n<li>Stosowana r\u00f3wnie\u017c w zespole kilku lamp o\u015bwietlaj\u0105c wi\u0119ksze pomieszczenia takie jak restauracje.<\/li>\n<\/ul>\n<ul>\n<li>Wysoko\u015b\u0107 regulowana w zakresie od 30 do 70 cm<\/li>\n<\/ul>\n<ul>\n<li>Lampa obs\u0142uguje wszystkie \u017car\u00f3wki z gwintem typu E27 do max 60 wat\u00f3w.<\/li>\n<\/ul>\n<ul>\n<li>Lampa z polskiej dystrybucji, wyprodukowana w Polsce &#8211; gwarantowany szybki dost\u0119p do serwisu i cz\u0119\u015bci zapasowych<\/li>\n<\/ul>\n<ul>\n<li>Cena &#8211; za podobn\u0105 lamp\u0119 w popularnych marketach budowlanych zap\u0142acisz wi\u0119cej.<\/li>\n<\/ul>\n<ul>\n<li>Lampa pochodzi z szerokiej gamy lamp serii DUO &#8211; bez problemu dokupisz do kompletu kinkiet czy lampk\u0119 nocn\u0105<\/li>\n<\/ul>\n<h1>Dane techniczne:<\/h1>\n<\/p>\n<ul>\n<li><b>Materia\u0142 konstrukcji:<\/b> metal malowany proszkowo<\/li>\n<li><b>Materia\u0142 aba\u017cur\u00f3w:<\/b> PCV stosowane w bran\u017cy o\u015bwietleniowej<\/li>\n<li><b>Wymiary:<\/b>&nbsp;Wysoko\u015b\u0107 ca\u0142kowita max 70 cm&nbsp;<b>,<\/b> Wymiar puszki: 10 x 5 x h3 cm<\/li>\n<li><b>Zasilanie:<\/b> ~230 [V] \/ bezpo\u015brednie z sieci<\/li>\n<li><b>\u0179r\u00f3d\u0142o \u015bwiat\u0142a:<\/b> E-27 &#8211; zalecane LED lub \u015bwietl\u00f3wki kompaktowe<\/li>\n<li><b>Spos\u00f3b monta\u017cu:<\/b> Dwa ko\u0142ki rozporowe<\/li>\n<li><b>IP 20, Klasa I<\/b><\/li>\n<li><b>Zestaw nie zawiera \u017car\u00f3wek oraz ko\u0142k\u00f3w rozporowych do monta\u017cu<\/b><\/li>\n<li><b>Producent: <\/b>LUXOLAR Polska<\/li>\n<\/ul>\n<h1>WYMIARY:<\/h1>\n<p><img decoding=\"async\" src=\"https:\/\/a.allegroimg.com\/original\/03e018\/9c38683d4ad99f84ffcbc139599e\" alt=\"Zdj\u0119cie produktu\" style=\"max-width:100%; height:auto; margin:10px 0;\"><br \/>\n<img decoding=\"async\" src=\"https:\/\/a.allegroimg.com\/original\/0339c4\/ed08926a488eaf6334b480685549\" alt=\"Zdj\u0119cie produktu\" style=\"max-width:100%; height:auto; margin:10px 0;\"><br \/>\n<img decoding=\"async\" src=\"https:\/\/a.allegroimg.com\/original\/03a6f9\/1181465748bcb4a43f50743c6a87\" alt=\"Zdj\u0119cie produktu\" style=\"max-width:100%; height:auto; margin:10px 0;\"><\/p>\n<h1>Os\u0142ona zosta\u0142a zaprojektowana z my\u015bl\u0105 o zwi\u0119kszeniu wydajno\u015bci oraz \u017cywotno\u015bci \u017car\u00f3wki.<\/h1>\n<p>Otwarta przestrze\u0144 z g\u00f3ry i z do\u0142u aba\u017cura umo\u017cliwia sprawny odp\u0142yw wytwarzanego przez \u017car\u00f3wk\u0119 ciep\u0142a, tym samym ro\u015bnie jej wydajno\u015b\u0107 oraz \u017cywotno\u015b\u0107.<\/p>\n<p><img decoding=\"async\" src=\"https:\/\/a.allegroimg.com\/original\/03cef5\/ded3bfa049dc87dfcc8157b518de\" alt=\"Zdj\u0119cie produktu\" style=\"max-width:100%; height:auto; margin:10px 0;\"><\/p>\n<h1>WYB\u00d3R KOLORU:<\/h1>\n<\/p>\n<p><img decoding=\"async\" src=\"https:\/\/a.allegroimg.com\/original\/039e1f\/ea31cc89403f8f4c75e69308da3a\" alt=\"Zdj\u0119cie produktu\" style=\"max-width:100%; height:auto; margin:10px 0;\"><br \/>\n<img decoding=\"async\" src=\"https:\/\/a.allegroimg.com\/original\/0335a2\/65b03b12437b861a726606621c6a\" alt=\"Zdj\u0119cie produktu\" style=\"max-width:100%; height:auto; margin:10px 0;\"><\/p>\n<h2>ETAPY REALIZACJI ZAM\u00d3WIENIA:<\/h2>\n<ol>\n<li><b>Wybierz kolor aba\u017cur\u00f3w: <\/b>Czarny, Szary, Bia\u0142y, Bia\u0142o &#8211; Czarny, Szaro &#8211; Czarny.<\/li>\n<li><b>Wpisz wybrany kolor <\/b>&#8211; w formularzu zam\u00f3wienia.<\/li>\n<\/ol>\n<p><b>Poprawne przes\u0142anie powy\u017cszych informacji znacznie przyspieszy realizacj\u0119 zam\u00f3wienia.<\/b><\/p>\n<h1>ZALECANE \u0179R\u00d3D\u0141A \u015aWIAT\u0141A:<\/h1>\n<ul>\n<li>\u017bar\u00f3wki LED o barwie ciep\u0142ej lub bia\u0142ej<\/li>\n<li>900 -1300 lm<\/li>\n<li>Gwint E27<\/li>\n<\/ul>\n<h2>Tradycyjny kszta\u0142t w po\u0142\u0105czeniu z nowoczesnymi diodami SMD<\/h2>\n<p><img decoding=\"async\" src=\"https:\/\/a.allegroimg.com\/original\/032a6a\/de83a24442b9a5d55dbc2610aa55\" alt=\"Zdj\u0119cie produktu\" style=\"max-width:100%; height:auto; margin:10px 0;\"><\/p>\n<h1>ARAN\u017bACJE:<\/h1>\n<\/p>\n<p><img decoding=\"async\" src=\"https:\/\/a.allegroimg.com\/original\/03778d\/f621a8774d66a4b22c394e1a9dfa\" alt=\"Zdj\u0119cie produktu\" style=\"max-width:100%; height:auto; margin:10px 0;\"><br \/>\n<img decoding=\"async\" src=\"https:\/\/a.allegroimg.com\/original\/03129c\/6a35cd334335b6b2dbb979d167f1\" alt=\"Zdj\u0119cie produktu\" style=\"max-width:100%; height:auto; margin:10px 0;\"><br \/>\n<img decoding=\"async\" src=\"https:\/\/a.allegroimg.com\/original\/031b7e\/0e5e9c514f17a4dab3e971d63f0c\" alt=\"Zdj\u0119cie produktu\" style=\"max-width:100%; height:auto; margin:10px 0;\"><br \/>\n<img decoding=\"async\" src=\"https:\/\/a.allegroimg.com\/original\/03d7c6\/ec3c20034a93bfb47e0d0f23393d\" alt=\"Zdj\u0119cie produktu\" style=\"max-width:100%; height:auto; margin:10px 0;\"><\/p>\n","protected":false},"excerpt":{"rendered":"<p>Przedmiotem sprzeda\u017cy jest: Designerska lampa sufitowa wisz\u0105ca zaprojektowana w nowoczesnym stylu. Nr kat: 755-BZ1 DUO LUXOLAR Lampa dost\u0119pna w kolorach: Czarny Szary Bia\u0142y Bia\u0142o &#8211; Czarny Szaro -Czarny G\u0141\u00d3WNE CECHY LAMPY: Kolor konstrukcji: Czarny matowy &#8211; drobna struktura Kolor aba\u017cur\u00f3w: do wyboru Nowoczesny Styl &#8211; &nbsp;\u0142atwo wkomponuje si\u0119 w uk\u0142ad mieszkania Solidna metalowa konstrukcja malowana [&hellip;]<\/p>\n","protected":false},"featured_media":38500,"comment_status":"closed","ping_status":"open","template":"","meta":{"_acf_changed":false},"product_brand":[162],"product_cat":[2590,2671],"product_tag":[],"class_list":{"0":"post-47967","1":"product","2":"type-product","3":"status-publish","4":"has-post-thumbnail","6":"product_brand-luxolar","7":"product_cat-lamps","8":"product_cat-hanging-lamps","9":"pa_kod-producenta-lampka-wiszaca-755-bz1-en","10":"pa_kolekcja-duo-en","11":"pa_kolor-bialy-2","12":"pa_kolor-black","13":"pa_liczba-punktow-swiatla-1-2","14":"pa_marka-luxolar","15":"pa_material-dominujacy-metal-en","16":"pa_max-moc-pojed-zrodla-swiatla-60-2","17":"pa_pomieszczenie-bedroom","18":"pa_pomieszczenie-dining-room","19":"pa_pomieszczenie-hallway-stairs","20":"pa_pomieszczenie-kuchnia-2","21":"pa_pomieszczenie-living-room","22":"pa_pomieszczenie-office","23":"pa_rodzaj-gwintu-e27-2","24":"pa_rodzaj-lampy-ceiling-mounted-hanging","25":"pa_zasilanie-network","26":"pa_zawiera-baterie-no","27":"pa_zrodlo-swiatla-without-a-light-source","29":"first","30":"instock","31":"purchasable","32":"product-type-simple"},"acf":[],"aioseo_notices":[],"_links":{"self":[{"href":"https:\/\/portallamp.invette.dev\/en\/wp-json\/wp\/v2\/product\/47967","targetHints":{"allow":["GET"]}}],"collection":[{"href":"https:\/\/portallamp.invette.dev\/en\/wp-json\/wp\/v2\/product"}],"about":[{"href":"https:\/\/portallamp.invette.dev\/en\/wp-json\/wp\/v2\/types\/product"}],"replies":[{"embeddable":true,"href":"https:\/\/portallamp.invette.dev\/en\/wp-json\/wp\/v2\/comments?post=47967"}],"wp:featuredmedia":[{"embeddable":true,"href":"https:\/\/portallamp.invette.dev\/en\/wp-json\/wp\/v2\/media\/38500"}],"wp:attachment":[{"href":"https:\/\/portallamp.invette.dev\/en\/wp-json\/wp\/v2\/media?parent=47967"}],"wp:term":[{"taxonomy":"product_brand","embeddable":true,"href":"https:\/\/portallamp.invette.dev\/en\/wp-json\/wp\/v2\/product_brand?post=47967"},{"taxonomy":"product_cat","embeddable":true,"href":"https:\/\/portallamp.invette.dev\/en\/wp-json\/wp\/v2\/product_cat?post=47967"},{"taxonomy":"product_tag","embeddable":true,"href":"https:\/\/portallamp.invette.dev\/en\/wp-json\/wp\/v2\/product_tag?post=47967"}],"curies":[{"name":"wp","href":"https:\/\/api.w.org\/{rel}","templated":true}]}}

LAMPA WISZĄCA SUFITOWA ŻYRANDOL ABAŻUR NOWOCZESNA

<p><img decoding="async" src="https://a.allegroimg.com/original/03d7c6/ec3c20034a93bfb47e0d0f23393d" alt="Zdjęcie produktu" style="max-width:100%; height:auto; margin:10px 0;"></p>
<h1>Przedmiotem sprzedaży jest:</h1>
<h2>Designerska lampa sufitowa wisząca zaprojektowana w nowoczesnym stylu.</h2>
<h2>Nr kat: 755-BZ1 DUO LUXOLAR</h2>
<p><img decoding="async" src="https://a.allegroimg.com/original/03b5e6/4c60c4144a8b9a1d20f21e0648e7" alt="Zdjęcie produktu" style="max-width:100%; height:auto; margin:10px 0;"></p>
<h1>Lampa dostępna w kolorach:</h1>
<ul>
<li>Czarny</li>
<li>Szary</li>
<li>Biały</li>
<li>Biało &#8211; Czarny</li>
<li>Szaro -Czarny</li>
</ul>
<p><img decoding="async" src="https://a.allegroimg.com/original/039e1f/ea31cc89403f8f4c75e69308da3a" alt="Zdjęcie produktu" style="max-width:100%; height:auto; margin:10px 0;"><br />
<img decoding="async" src="https://a.allegroimg.com/original/03faa1/b8dc43184648b44536ce0ddb8d72" alt="Zdjęcie produktu" style="max-width:100%; height:auto; margin:10px 0;"></p>
<p><b></b></p>
<p><b>GŁÓWNE CECHY LAMPY:</b></p>
<p><b></b></p>
<ul>
<li>Kolor konstrukcji: Czarny matowy &#8211; drobna struktura</li>
</ul>
<ul>
<li>Kolor abażurów: do wyboru</li>
</ul>
<ul>
<li>Nowoczesny Styl &#8211; &nbsp;łatwo wkomponuje się w układ mieszkania</li>
</ul>
<ul>
<li>Solidna metalowa konstrukcja malowana proszkowo</li>
</ul>
<ul>
<li>Przeznaczona jako oświetlenie główne w mniejszych pomieszczeniach &#8211; korytarz, garderoba.</li>
</ul>
<ul>
<li>Znajdzie zastosowanie również w&nbsp; kuchni , nad wyspę.</li>
</ul>
<ul>
<li>Stosowana również w zespole kilku lamp oświetlając większe pomieszczenia takie jak restauracje.</li>
</ul>
<ul>
<li>Wysokość regulowana w zakresie od 30 do 70 cm</li>
</ul>
<ul>
<li>Lampa obsługuje wszystkie żarówki z gwintem typu E27 do max 60 watów.</li>
</ul>
<ul>
<li>Lampa z polskiej dystrybucji, wyprodukowana w Polsce &#8211; gwarantowany szybki dostęp do serwisu i części zapasowych</li>
</ul>
<ul>
<li>Cena &#8211; za podobną lampę w popularnych marketach budowlanych zapłacisz więcej.</li>
</ul>
<ul>
<li>Lampa pochodzi z szerokiej gamy lamp serii DUO &#8211; bez problemu dokupisz do kompletu kinkiet czy lampkę nocną</li>
</ul>
<h1>Dane techniczne:</h1>
</p>
<ul>
<li><b>Materiał konstrukcji:</b> metal malowany proszkowo</li>
<li><b>Materiał abażurów:</b> PCV stosowane w branży oświetleniowej</li>
<li><b>Wymiary:</b>&nbsp;Wysokość całkowita max 70 cm&nbsp;<b>,</b> Wymiar puszki: 10 x 5 x h3 cm</li>
<li><b>Zasilanie:</b> ~230 [V] / bezpośrednie z sieci</li>
<li><b>Źródło światła:</b> E-27 &#8211; zalecane LED lub świetlówki kompaktowe</li>
<li><b>Sposób montażu:</b> Dwa kołki rozporowe</li>
<li><b>IP 20, Klasa I</b></li>
<li><b>Zestaw nie zawiera żarówek oraz kołków rozporowych do montażu</b></li>
<li><b>Producent: </b>LUXOLAR Polska</li>
</ul>
<h1>WYMIARY:</h1>
<p><img decoding="async" src="https://a.allegroimg.com/original/03e018/9c38683d4ad99f84ffcbc139599e" alt="Zdjęcie produktu" style="max-width:100%; height:auto; margin:10px 0;"><br />
<img decoding="async" src="https://a.allegroimg.com/original/0339c4/ed08926a488eaf6334b480685549" alt="Zdjęcie produktu" style="max-width:100%; height:auto; margin:10px 0;"><br />
<img decoding="async" src="https://a.allegroimg.com/original/03a6f9/1181465748bcb4a43f50743c6a87" alt="Zdjęcie produktu" style="max-width:100%; height:auto; margin:10px 0;"></p>
<h1>Osłona została zaprojektowana z myślą o zwiększeniu wydajności oraz żywotności żarówki.</h1>
<p>Otwarta przestrzeń z góry i z dołu abażura umożliwia sprawny odpływ wytwarzanego przez żarówkę ciepła, tym samym rośnie jej wydajność oraz żywotność.</p>
<p><img decoding="async" src="https://a.allegroimg.com/original/03cef5/ded3bfa049dc87dfcc8157b518de" alt="Zdjęcie produktu" style="max-width:100%; height:auto; margin:10px 0;"></p>
<h1>WYBÓR KOLORU:</h1>
</p>
<p><img decoding="async" src="https://a.allegroimg.com/original/039e1f/ea31cc89403f8f4c75e69308da3a" alt="Zdjęcie produktu" style="max-width:100%; height:auto; margin:10px 0;"><br />
<img decoding="async" src="https://a.allegroimg.com/original/0335a2/65b03b12437b861a726606621c6a" alt="Zdjęcie produktu" style="max-width:100%; height:auto; margin:10px 0;"></p>
<h2>ETAPY REALIZACJI ZAMÓWIENIA:</h2>
<ol>
<li><b>Wybierz kolor abażurów: </b>Czarny, Szary, Biały, Biało &#8211; Czarny, Szaro &#8211; Czarny.</li>
<li><b>Wpisz wybrany kolor </b>&#8211; w formularzu zamówienia.</li>
</ol>
<p><b>Poprawne przesłanie powyższych informacji znacznie przyspieszy realizację zamówienia.</b></p>
<h1>ZALECANE ŹRÓDŁA ŚWIATŁA:</h1>
<ul>
<li>Żarówki LED o barwie ciepłej lub białej</li>
<li>900 -1300 lm</li>
<li>Gwint E27</li>
</ul>
<h2>Tradycyjny kształt w połączeniu z nowoczesnymi diodami SMD</h2>
<p><img decoding="async" src="https://a.allegroimg.com/original/032a6a/de83a24442b9a5d55dbc2610aa55" alt="Zdjęcie produktu" style="max-width:100%; height:auto; margin:10px 0;"></p>
<h1>ARANŻACJE:</h1>
</p>
<p><img decoding="async" src="https://a.allegroimg.com/original/03778d/f621a8774d66a4b22c394e1a9dfa" alt="Zdjęcie produktu" style="max-width:100%; height:auto; margin:10px 0;"><br />
<img decoding="async" src="https://a.allegroimg.com/original/03129c/6a35cd334335b6b2dbb979d167f1" alt="Zdjęcie produktu" style="max-width:100%; height:auto; margin:10px 0;"><br />
<img decoding="async" src="https://a.allegroimg.com/original/031b7e/0e5e9c514f17a4dab3e971d63f0c" alt="Zdjęcie produktu" style="max-width:100%; height:auto; margin:10px 0;"><br />
<img decoding="async" src="https://a.allegroimg.com/original/03d7c6/ec3c20034a93bfb47e0d0f23393d" alt="Zdjęcie produktu" style="max-width:100%; height:auto; margin:10px 0;"></p>

<p>Przedmiotem sprzedaży jest: Designerska lampa sufitowa wisząca zaprojektowana w nowoczesnym stylu. Nr kat: 755-BZ1 DUO LUXOLAR Lampa dostępna w kolorach: Czarny Szary Biały Biało &#8211; Czarny Szaro -Czarny GŁÓWNE CECHY LAMPY: Kolor konstrukcji: Czarny matowy &#8211; drobna struktura Kolor abażurów: do wyboru Nowoczesny Styl &#8211; &nbsp;łatwo wkomponuje się w układ mieszkania Solidna metalowa konstrukcja malowana [&hellip;]</p>
