{"id":47105,"date":"2025-07-03T18:32:21","date_gmt":"2025-07-03T16:32:21","guid":{"rendered":"https:\/\/portallamp.invette.dev\/produkt\/lampa-sufitowa-wiszaca-zyrandol-plafon-dla-dzieci-2\/"},"modified":"2025-07-03T18:32:21","modified_gmt":"2025-07-03T16:32:21","slug":"lampa-sufitowa-wiszaca-zyrandol-plafon-dla-dzieci-2","status":"publish","type":"product","link":"https:\/\/portallamp.invette.dev\/uk\/produkt\/lampa-sufitowa-wiszaca-zyrandol-plafon-dla-dzieci-2\/","title":{"rendered":"Lampa sufitowa wisz\u0105ca \u017cyrandol plafon dla dzieci"},"content":{"rendered":"<h1>Przedmiotem sprzeda\u017cy jest:<\/h1>\n<h2>Lampa sufitowa wisz\u0105ca plafon z przeznaczeniem do pokoju dzieci\u0119cego.&nbsp; Nr kat: 261-3 producent: LUXOLAR Polska<\/h2>\n<p><img decoding=\"async\" src=\"https:\/\/a.allegroimg.com\/original\/03568d\/16a149d8442ab3e78de070656c3d\" alt=\"Zdj\u0119cie produktu\" style=\"max-width:100%; height:auto; margin:10px 0;\"><br \/>\n<img decoding=\"async\" src=\"https:\/\/a.allegroimg.com\/original\/03cf02\/22a5c9f04df085e024c2d49f7663\" alt=\"Zdj\u0119cie produktu\" style=\"max-width:100%; height:auto; margin:10px 0;\"><\/p>\n<h1>Kolorystyka plafonu umo\u017cliwia monta\u017c&nbsp; zar\u00f3wno w pokoju ch\u0142opca jak i dziewczynki.<\/h1>\n<p>Ramiona w kolorach wg kolejno\u015bci na zdj\u0119ciu:<\/p>\n<ul>\n<li>Czerwony<\/li>\n<li>Seledynowy<\/li>\n<li>B\u0142\u0119kitny<\/li>\n<\/ul>\n<p>Rozetka w kolorze bia\u0142ym oraz \u017c\u00f3\u0142te elementy mocuj\u0105ce.<\/p>\n<p><img decoding=\"async\" src=\"https:\/\/a.allegroimg.com\/original\/034919\/26626fd648b78a4d4bf6600c5035\" alt=\"Zdj\u0119cie produktu\" style=\"max-width:100%; height:auto; margin:10px 0;\"><\/p>\n<p><b>G\u0142\u00f3wne zalety lampy z serii 261-3:<\/b><\/p>\n<ul>\n<li>Uniwersalna, modna, \u0142atwo wkomponuje si\u0119 wystr\u00f3j pokoju<\/li>\n<\/ul>\n<ul>\n<li>Otrzymujesz kompletn\u0105 z\u0142o\u017con\u0105 lamp\u0119 &#8211; nie jest to zestaw do samodzielnego z\u0142o\u017cenia (s\u0105 takie na allegro)<\/li>\n<\/ul>\n<ul>\n<li>Przeznaczona jako o\u015bwietlenie g\u0142\u00f3wne w pomieszczeniach o powierzchni 6 -12 m2<\/li>\n<\/ul>\n<ul>\n<li>Obs\u0142uguje \u017car\u00f3wki z gwintem E27<\/li>\n<\/ul>\n<ul>\n<li>Estetyczny monta\u017c &#8211; \u015bruby mocuj\u0105ce pomalowane na \u017c\u00f3\u0142to<\/li>\n<\/ul>\n<ul>\n<li>Stabilna, mocna&nbsp; konstrukcja<\/li>\n<\/ul>\n<ul>\n<li>Wyprodukowana w Polsce &#8211; dost\u0119p do serwisu i cz\u0119\u015bci w 24h<\/li>\n<\/ul>\n<ul>\n<li>Dodatkowym atutem s\u0105 dwa niezale\u017cne obwody elektryczne, dzi\u0119ki kt\u00f3rym w zale\u017cno\u015bci od potrzeb, mo\u017cemy sterowa\u0107 ilo\u015bci\u0105 w\u0142\u0105czonych \u017car\u00f3wek.<\/li>\n<\/ul>\n<ul>\n<li>Atrakcyjna cena &#8211; za podobn\u0105 lamp\u0119 w popularnych marketach budowlanych zap\u0142acisz wi\u0119cej<\/li>\n<\/ul>\n<h1>Dane techniczne:<\/h1>\n<ul>\n<li><b>materia\u0142 konstrukcji:<\/b> Metal malowany proszkowo<\/li>\n<li><b>wymiary:<\/b> Wysoko\u015b\u0107 ca\u0142kowita 30 cm <b>,<\/b> Rozpi\u0119to\u015b\u0107: 45 cm, \u015arednica podsufitki: 13 cm,<\/li>\n<li><b>zasilanie:<\/b> ~230 [V] \/ bezpo\u015brednie z sieci, dwa niezale\u017cne obwody elektryczne, w\u0142\u0105czanie 1+2 lub wszystkie razem<\/li>\n<li><b>\u017ar\u00f3d\u0142o \u015bwiat\u0142a:<\/b>&nbsp;E-27, zalecane LED o barwie naturalnej<\/li>\n<li><b>spos\u00f3b monta\u017cu:<\/b>&nbsp; Dwa ko\u0142ki rozporowe &#8211; nale\u017cy dobra\u0107 we w\u0142asnym w zakresie w zale\u017cno\u015bci od rodzaju wierconego pod\u0142o\u017ca<\/li>\n<li><b>IP 20, Klasa I<\/b><\/li>\n<\/ul>\n<p><b>Zestaw nie zawiera \u017car\u00f3wek oraz ko\u0142k\u00f3w rozporowych do monta\u017cu<\/b><\/p>\n<p><img decoding=\"async\" src=\"https:\/\/a.allegroimg.com\/original\/030b5f\/9d8273264ce1967d60780c82791d\" alt=\"Zdj\u0119cie produktu\" style=\"max-width:100%; height:auto; margin:10px 0;\"><br \/>\n<img decoding=\"async\" src=\"https:\/\/a.allegroimg.com\/original\/03bbd6\/5cff4fde45999c2e65339cc4c13a\" alt=\"Zdj\u0119cie produktu\" style=\"max-width:100%; height:auto; margin:10px 0;\"><br \/>\n<img decoding=\"async\" src=\"https:\/\/a.allegroimg.com\/original\/03f792\/1f56330b497b8ca716b1b6904089\" alt=\"Zdj\u0119cie produktu\" style=\"max-width:100%; height:auto; margin:10px 0;\"><br \/>\n<img decoding=\"async\" src=\"https:\/\/a.allegroimg.com\/original\/031b06\/dbfe661c43afbaccb1289db30f91\" alt=\"Zdj\u0119cie produktu\" style=\"max-width:100%; height:auto; margin:10px 0;\"><\/p>\n<h1>Przyk\u0142ady aran\u017cacji:<\/h1>\n<p><img decoding=\"async\" src=\"https:\/\/a.allegroimg.com\/original\/03568d\/16a149d8442ab3e78de070656c3d\" alt=\"Zdj\u0119cie produktu\" style=\"max-width:100%; height:auto; margin:10px 0;\"><br \/>\n<img decoding=\"async\" src=\"https:\/\/a.allegroimg.com\/original\/03cf02\/22a5c9f04df085e024c2d49f7663\" alt=\"Zdj\u0119cie produktu\" style=\"max-width:100%; height:auto; margin:10px 0;\"><\/p>\n","protected":false},"excerpt":{"rendered":"<p>Przedmiotem sprzeda\u017cy jest: Lampa sufitowa wisz\u0105ca plafon z przeznaczeniem do pokoju dzieci\u0119cego.&nbsp; Nr kat: 261-3 producent: LUXOLAR Polska Kolorystyka plafonu umo\u017cliwia monta\u017c&nbsp; zar\u00f3wno w pokoju ch\u0142opca jak i dziewczynki. Ramiona w kolorach wg kolejno\u015bci na zdj\u0119ciu: Czerwony Seledynowy B\u0142\u0119kitny Rozetka w kolorze bia\u0142ym oraz \u017c\u00f3\u0142te elementy mocuj\u0105ce. G\u0142\u00f3wne zalety lampy z serii 261-3: Uniwersalna, modna, [&hellip;]<\/p>\n","protected":false},"featured_media":46476,"comment_status":"closed","ping_status":"open","template":"","meta":{"_acf_changed":false},"product_brand":[162],"product_cat":[2596,2597],"product_tag":[],"class_list":{"0":"post-47105","1":"product","2":"type-product","3":"status-publish","4":"has-post-thumbnail","6":"product_brand-luxolar","7":"product_cat-2596","8":"product_cat-2597","9":"pa_kod-producenta-261-3-uk","10":"pa_kolor-dominujacy-2283","11":"pa_marka-luxolar","12":"pa_rodzaj-gwintu-e27-uk","13":"pa_zawiera-baterie-2545","14":"pa_zrodlo-swiatla-2547","16":"first","17":"instock","18":"purchasable","19":"product-type-simple"},"acf":[],"aioseo_notices":[],"_links":{"self":[{"href":"https:\/\/portallamp.invette.dev\/uk\/wp-json\/wp\/v2\/product\/47105","targetHints":{"allow":["GET"]}}],"collection":[{"href":"https:\/\/portallamp.invette.dev\/uk\/wp-json\/wp\/v2\/product"}],"about":[{"href":"https:\/\/portallamp.invette.dev\/uk\/wp-json\/wp\/v2\/types\/product"}],"replies":[{"embeddable":true,"href":"https:\/\/portallamp.invette.dev\/uk\/wp-json\/wp\/v2\/comments?post=47105"}],"wp:featuredmedia":[{"embeddable":true,"href":"https:\/\/portallamp.invette.dev\/uk\/wp-json\/wp\/v2\/media\/46476"}],"wp:attachment":[{"href":"https:\/\/portallamp.invette.dev\/uk\/wp-json\/wp\/v2\/media?parent=47105"}],"wp:term":[{"taxonomy":"product_brand","embeddable":true,"href":"https:\/\/portallamp.invette.dev\/uk\/wp-json\/wp\/v2\/product_brand?post=47105"},{"taxonomy":"product_cat","embeddable":true,"href":"https:\/\/portallamp.invette.dev\/uk\/wp-json\/wp\/v2\/product_cat?post=47105"},{"taxonomy":"product_tag","embeddable":true,"href":"https:\/\/portallamp.invette.dev\/uk\/wp-json\/wp\/v2\/product_tag?post=47105"}],"curies":[{"name":"wp","href":"https:\/\/api.w.org\/{rel}","templated":true}]}}

Lampa sufitowa wisząca żyrandol plafon dla dzieci

<h1>Przedmiotem sprzedaży jest:</h1>
<h2>Lampa sufitowa wisząca plafon z przeznaczeniem do pokoju dziecięcego.&nbsp; Nr kat: 261-3 producent: LUXOLAR Polska</h2>
<p><img decoding="async" src="https://a.allegroimg.com/original/03568d/16a149d8442ab3e78de070656c3d" alt="Zdjęcie produktu" style="max-width:100%; height:auto; margin:10px 0;"><br />
<img decoding="async" src="https://a.allegroimg.com/original/03cf02/22a5c9f04df085e024c2d49f7663" alt="Zdjęcie produktu" style="max-width:100%; height:auto; margin:10px 0;"></p>
<h1>Kolorystyka plafonu umożliwia montaż&nbsp; zarówno w pokoju chłopca jak i dziewczynki.</h1>
<p>Ramiona w kolorach wg kolejności na zdjęciu:</p>
<ul>
<li>Czerwony</li>
<li>Seledynowy</li>
<li>Błękitny</li>
</ul>
<p>Rozetka w kolorze białym oraz żółte elementy mocujące.</p>
<p><img decoding="async" src="https://a.allegroimg.com/original/034919/26626fd648b78a4d4bf6600c5035" alt="Zdjęcie produktu" style="max-width:100%; height:auto; margin:10px 0;"></p>
<p><b>Główne zalety lampy z serii 261-3:</b></p>
<ul>
<li>Uniwersalna, modna, łatwo wkomponuje się wystrój pokoju</li>
</ul>
<ul>
<li>Otrzymujesz kompletną złożoną lampę &#8211; nie jest to zestaw do samodzielnego złożenia (są takie na allegro)</li>
</ul>
<ul>
<li>Przeznaczona jako oświetlenie główne w pomieszczeniach o powierzchni 6 -12 m2</li>
</ul>
<ul>
<li>Obsługuje żarówki z gwintem E27</li>
</ul>
<ul>
<li>Estetyczny montaż &#8211; śruby mocujące pomalowane na żółto</li>
</ul>
<ul>
<li>Stabilna, mocna&nbsp; konstrukcja</li>
</ul>
<ul>
<li>Wyprodukowana w Polsce &#8211; dostęp do serwisu i części w 24h</li>
</ul>
<ul>
<li>Dodatkowym atutem są dwa niezależne obwody elektryczne, dzięki którym w zależności od potrzeb, możemy sterować ilością włączonych żarówek.</li>
</ul>
<ul>
<li>Atrakcyjna cena &#8211; za podobną lampę w popularnych marketach budowlanych zapłacisz więcej</li>
</ul>
<h1>Dane techniczne:</h1>
<ul>
<li><b>materiał konstrukcji:</b> Metal malowany proszkowo</li>
<li><b>wymiary:</b> Wysokość całkowita 30 cm <b>,</b> Rozpiętość: 45 cm, Średnica podsufitki: 13 cm,</li>
<li><b>zasilanie:</b> ~230 [V] / bezpośrednie z sieci, dwa niezależne obwody elektryczne, włączanie 1+2 lub wszystkie razem</li>
<li><b>źródło światła:</b>&nbsp;E-27, zalecane LED o barwie naturalnej</li>
<li><b>sposób montażu:</b>&nbsp; Dwa kołki rozporowe &#8211; należy dobrać we własnym w zakresie w zależności od rodzaju wierconego podłoża</li>
<li><b>IP 20, Klasa I</b></li>
</ul>
<p><b>Zestaw nie zawiera żarówek oraz kołków rozporowych do montażu</b></p>
<p><img decoding="async" src="https://a.allegroimg.com/original/030b5f/9d8273264ce1967d60780c82791d" alt="Zdjęcie produktu" style="max-width:100%; height:auto; margin:10px 0;"><br />
<img decoding="async" src="https://a.allegroimg.com/original/03bbd6/5cff4fde45999c2e65339cc4c13a" alt="Zdjęcie produktu" style="max-width:100%; height:auto; margin:10px 0;"><br />
<img decoding="async" src="https://a.allegroimg.com/original/03f792/1f56330b497b8ca716b1b6904089" alt="Zdjęcie produktu" style="max-width:100%; height:auto; margin:10px 0;"><br />
<img decoding="async" src="https://a.allegroimg.com/original/031b06/dbfe661c43afbaccb1289db30f91" alt="Zdjęcie produktu" style="max-width:100%; height:auto; margin:10px 0;"></p>
<h1>Przykłady aranżacji:</h1>
<p><img decoding="async" src="https://a.allegroimg.com/original/03568d/16a149d8442ab3e78de070656c3d" alt="Zdjęcie produktu" style="max-width:100%; height:auto; margin:10px 0;"><br />
<img decoding="async" src="https://a.allegroimg.com/original/03cf02/22a5c9f04df085e024c2d49f7663" alt="Zdjęcie produktu" style="max-width:100%; height:auto; margin:10px 0;"></p>

<p>Przedmiotem sprzedaży jest: Lampa sufitowa wisząca plafon z przeznaczeniem do pokoju dziecięcego.&nbsp; Nr kat: 261-3 producent: LUXOLAR Polska Kolorystyka plafonu umożliwia montaż&nbsp; zarówno w pokoju chłopca jak i dziewczynki. Ramiona w kolorach wg kolejności na zdjęciu: Czerwony Seledynowy Błękitny Rozetka w kolorze białym oraz żółte elementy mocujące. Główne zalety lampy z serii 261-3: Uniwersalna, modna, [&hellip;]</p>
