{"id":47600,"date":"2025-07-03T18:21:56","date_gmt":"2025-07-03T16:21:56","guid":{"rendered":"https:\/\/portallamp.invette.dev\/produkt\/lampa-wiszaca-sufitowa-butelkowa-zielen-zlota-led\/"},"modified":"2025-07-03T18:21:56","modified_gmt":"2025-07-03T16:21:56","slug":"lampa-wiszaca-sufitowa-butelkowa-zielen-zlota-led","status":"publish","type":"product","link":"https:\/\/portallamp.invette.dev\/uk\/produkt\/lampa-wiszaca-sufitowa-butelkowa-zielen-zlota-led\/","title":{"rendered":"LAMPA WISZ\u0104CA SUFITOWA BUTELKOWA ZIELE\u0143 Z\u0141OTA LED"},"content":{"rendered":"<p><img decoding=\"async\" src=\"\" alt=\"Zdj\u0119cie produktu\" style=\"max-width:100%; height:auto; margin:10px 0;\"><\/p>\n<h1>Przedmiotem sprzeda\u017cy jest:<\/h1>\n<h2>Nowoczesna lampa wisz\u0105ca w bardzo modnym kolorze &#8211; Butelkowa Ziele\u0144 wyposa\u017cona w trzy aba\u017cury.<\/h2>\n<p>Nr kat: 758-EZ3 LUXOLAR<\/p>\n<p><img decoding=\"async\" src=\"https:\/\/a.allegroimg.com\/original\/112a12\/f281df8f4977a9acb8060ab392ae\" alt=\"Zdj\u0119cie produktu\" style=\"max-width:100%; height:auto; margin:10px 0;\"><\/p>\n<p><b>Lampa w pe\u0142ni z\u0142o\u017cona &#8211; nie jest to zestaw do samodzielnego monta\u017cu<\/b><\/p>\n<\/p>\n<p><img decoding=\"async\" src=\"https:\/\/a.allegroimg.com\/original\/11d861\/d8d7a6924430b71f5e7b86085a74\" alt=\"Zdj\u0119cie produktu\" style=\"max-width:100%; height:auto; margin:10px 0;\"><\/p>\n<h2>Konstrukcja lampy umo\u017cliwia regulacj\u0119 wysoko\u015bci ka\u017cdego klosza (przed monta\u017cem).<\/h2>\n<\/p>\n<p><img decoding=\"async\" src=\"https:\/\/a.allegroimg.com\/original\/11d584\/a3695fb846beb42af611abe18f1a\" alt=\"Zdj\u0119cie produktu\" style=\"max-width:100%; height:auto; margin:10px 0;\"><br \/>\n<img decoding=\"async\" src=\"https:\/\/a.allegroimg.com\/original\/118274\/2e14e5d8438a8918069c630e0d78\" alt=\"Zdj\u0119cie produktu\" style=\"max-width:100%; height:auto; margin:10px 0;\"><\/p>\n<p><b><\/b><\/p>\n<p><b>G\u0141\u00d3WNE CECHY LAMPY:<\/b><\/p>\n<p><b><\/b><\/p>\n<ul>\n<li>Kolor konstrukcji: Czarny matowy ze z\u0142otym pasem<\/li>\n<\/ul>\n<ul>\n<li>Materia\u0142 konstrukcji: Metal<\/li>\n<\/ul>\n<ul>\n<li>Kolor aba\u017cur\u00f3w: Butelkowa Ziele\u0144 + z\u0142ote pasy<\/li>\n<\/ul>\n<ul>\n<li>Materia\u0142 kloszy: PCV + Tkanina<\/li>\n<\/ul>\n<ul>\n<li>Regulacja wysoko\u015bci do max: 70 cm<\/li>\n<\/ul>\n<ul>\n<li>Nowoczesny Styl &#8211; &nbsp;\u0142atwo wkomponuje si\u0119 w uk\u0142ad mieszkania<\/li>\n<\/ul>\n<ul>\n<li>Przeznaczona jako o\u015bwietlenie g\u0142\u00f3wne w pomieszczeniach o powierzchni:&nbsp;<b>9-16 m2<\/b><\/li>\n<\/ul>\n<ul>\n<li>Lampa obs\u0142uguje wszystkie \u017car\u00f3wki z gwintem typu&nbsp;<b>E27 do max 60 wat\u00f3w.<\/b><\/li>\n<\/ul>\n<ul>\n<li>Dodatkowym atutem s\u0105 dwa niezale\u017cne obwody elektryczne, dzi\u0119ki kt\u00f3rym w zale\u017cno\u015bci od potrzeb, mo\u017cemy sterowa\u0107 ilo\u015bci\u0105 w\u0142\u0105czonych \u017car\u00f3wek.<\/li>\n<\/ul>\n<ul>\n<li>Lampa z polskiej dystrybucji, wyprodukowana w Polsce &#8211; gwarantowany szybki dost\u0119p do serwisu i cz\u0119\u015bci zapasowych<\/li>\n<\/ul>\n<ul>\n<li>Cena &#8211; za podobn\u0105 lamp\u0119 w popularnych marketach budowlanych zap\u0142acisz grubo ponad 200 z\u0142<\/li>\n<\/ul>\n<ul>\n<li><b>Wersja w pe\u0142ni z\u0142o\u017cona &#8211; nie jest to zestaw do samodzielnego monta\u017cu<\/b><\/li>\n<\/ul>\n<h1>Wymiary:<\/h1>\n<\/p>\n<p><img decoding=\"async\" src=\"https:\/\/a.allegroimg.com\/original\/11e438\/2023af904ba6a9eaa677ae04156a\" alt=\"Zdj\u0119cie produktu\" style=\"max-width:100%; height:auto; margin:10px 0;\"><\/p>\n<h1>Dane techniczne klosza:<\/h1>\n<\/p>\n<ul>\n<li><b>materia\u0142:&nbsp;<\/b>PCV + Tkanina<\/li>\n<li><b>kolor:<\/b> Butelkowa Ziele\u0144 ze z\u0142otymi pasami &#8211; w \u015brodku bia\u0142y matowy pas.<\/li>\n<li><b>Konstrukcja przelotowa <\/b>&#8211; ods\u0142oni\u0119ta g\u00f3ra i d\u00f3\u0142 aba\u017cura<\/li>\n<li><b>obs\u0142ugiwane \u017car\u00f3wki:&nbsp;<\/b>z gwintem E27<\/li>\n<li><b>\u015brednica otworu pod oprawk\u0119:<\/b>&nbsp;42 mm<\/li>\n<li><b>wymiary:<\/b> wysoko\u015b\u0107 150 mm &#8211;&nbsp; \u015brednica: 200 mm<\/li>\n<li><b>waga:<\/b> 125g<\/li>\n<\/ul>\n<p><img decoding=\"async\" src=\"https:\/\/a.allegroimg.com\/original\/11a4e8\/c9815f1f4ce88b845a616169ec8b\" alt=\"Zdj\u0119cie produktu\" style=\"max-width:100%; height:auto; margin:10px 0;\"><\/p>\n<h1>Dane techniczne lampy:<\/h1>\n<\/p>\n<ul>\n<li><b>Zasilanie:<\/b> ~230 [V] \/ bezpo\u015brednie z sieci, dwa niezale\u017cne obwody elektryczne, w\u0142\u0105czanie 2+1 lub wszystkie jednocze\u015bnie<\/li>\n<li><b>\u0179r\u00f3d\u0142o \u015bwiat\u0142a:<\/b>&nbsp;E-27 &#8211; zalecane LED lub \u015bwietl\u00f3wki kompaktowe<\/li>\n<li><b>Spos\u00f3b monta\u017cu:<\/b>&nbsp;Dwa ko\u0142ki rozporowe<\/li>\n<li><b>IP 20, Klasa I<\/b><\/li>\n<li><b>Zestaw nie zawiera \u017car\u00f3wek oraz ko\u0142k\u00f3w rozporowych do monta\u017cu<\/b><\/li>\n<li><b>Producent:&nbsp;<\/b>LUXOLAR Polska<\/li>\n<\/ul>\n<p><img decoding=\"async\" src=\"https:\/\/a.allegroimg.com\/original\/117cc3\/2a247d044e96ae9b481244a12fff\" alt=\"Zdj\u0119cie produktu\" style=\"max-width:100%; height:auto; margin:10px 0;\"><\/p>\n<h1>Zestaw zawiera:<\/h1>\n<\/p>\n<ul>\n<li><b>Kompletn\u0105, z\u0142o\u017con\u0105 lamp\u0119.&nbsp; (nie jest to chi\u0144skiej produkcji zestaw do samodzielnego monta\u017cu)<\/b><\/li>\n<li><b>Kostk\u0119 przy\u0142\u0105czeniow\u0105<\/b><\/li>\n<li><b>Instrukcj\u0119 obs\u0142ugi<\/b><\/li>\n<li><b>Kart\u0119 energetyczn\u0105<\/b><\/li>\n<li><b>Dokument zakupu<\/b><\/li>\n<\/ul>\n<p><b>Zestaw nie zawiera \u017ar\u00f3de\u0142 \u015bwiat\u0142a oraz ko\u0142k\u00f3w rozporowych.<\/b><\/p>\n<h1>ZALECANE \u0179R\u00d3D\u0141A \u015aWIAT\u0141A:<\/h1>\n<\/p>\n<ul>\n<li>\u017bar\u00f3wki LED z diodami SMD lub filament<\/li>\n<li>Strumie\u0144 \u015bwietlny: 900 -1300 lm<\/li>\n<li><b>Gwint E27<\/b><\/li>\n<li>Moc pobierana z sieci: 6 -12 W<\/li>\n<li>Barwa: ciep\u0142a lub bia\u0142a<\/li>\n<\/ul>\n<p><img decoding=\"async\" src=\"https:\/\/a.allegroimg.com\/original\/118716\/992feeca4b43ac5f27105ffa7f31\" alt=\"Zdj\u0119cie produktu\" style=\"max-width:100%; height:auto; margin:10px 0;\"><\/p>\n<h1>Aran\u017cacje:<\/h1>\n<\/p>\n<p><img decoding=\"async\" src=\"https:\/\/a.allegroimg.com\/original\/111963\/f8dd29b544f6b7b88197b4456f99\" alt=\"Zdj\u0119cie produktu\" style=\"max-width:100%; height:auto; margin:10px 0;\"><br \/>\n<img decoding=\"async\" src=\"https:\/\/a.allegroimg.com\/original\/11d861\/d8d7a6924430b71f5e7b86085a74\" alt=\"Zdj\u0119cie produktu\" style=\"max-width:100%; height:auto; margin:10px 0;\"><br \/>\n<img decoding=\"async\" src=\"https:\/\/a.allegroimg.com\/original\/1143e4\/347ce8184f59b575944d9cac8a07\" alt=\"Zdj\u0119cie produktu\" style=\"max-width:100%; height:auto; margin:10px 0;\"><br \/>\n<img decoding=\"async\" src=\"\" alt=\"Zdj\u0119cie produktu\" style=\"max-width:100%; height:auto; margin:10px 0;\"><\/p>\n","protected":false},"excerpt":{"rendered":"<p>Przedmiotem sprzeda\u017cy jest: Nowoczesna lampa wisz\u0105ca w bardzo modnym kolorze &#8211; Butelkowa Ziele\u0144 wyposa\u017cona w trzy aba\u017cury. Nr kat: 758-EZ3 LUXOLAR Lampa w pe\u0142ni z\u0142o\u017cona &#8211; nie jest to zestaw do samodzielnego monta\u017cu Konstrukcja lampy umo\u017cliwia regulacj\u0119 wysoko\u015bci ka\u017cdego klosza (przed monta\u017cem). G\u0141\u00d3WNE CECHY LAMPY: Kolor konstrukcji: Czarny matowy ze z\u0142otym pasem Materia\u0142 konstrukcji: Metal [&hellip;]<\/p>\n","protected":false},"featured_media":42800,"comment_status":"closed","ping_status":"open","template":"","meta":{"_acf_changed":false},"product_brand":[196],"product_cat":[2596,2677],"product_tag":[],"class_list":{"0":"post-47600","1":"product","2":"type-product","3":"status-publish","4":"has-post-thumbnail","6":"product_brand-fabryka-lamp-luxolar","7":"product_cat-2596","8":"product_cat-2677","9":"pa_kod-producenta-758-ez3-uk","10":"pa_kolekcja-758-uk","11":"pa_kolor-2247","12":"pa_kolor-2245","13":"pa_kolor-2243","14":"pa_liczba-punktow-swiatla-3-uk","15":"pa_marka-fabryka-lamp-luxolar","16":"pa_material-dominujacy-2341","17":"pa_max-moc-pojed-zrodla-swiatla-60-uk","18":"pa_pomieszczenie-2441","19":"pa_pomieszczenie-2437","20":"pa_pomieszczenie-2438","21":"pa_pomieszczenie-2439","22":"pa_pomieszczenie-2436","23":"pa_pomieszczenie-2442","24":"pa_pomieszczenie-2443","25":"pa_pomieszczenie-2444","26":"pa_rodzaj-gwintu-e27-uk","27":"pa_rodzaj-lampy-2483","28":"pa_zasilanie-2543","29":"pa_zawiera-baterie-2545","30":"pa_zrodlo-swiatla-2547","32":"first","33":"instock","34":"purchasable","35":"product-type-simple"},"acf":[],"aioseo_notices":[],"_links":{"self":[{"href":"https:\/\/portallamp.invette.dev\/uk\/wp-json\/wp\/v2\/product\/47600","targetHints":{"allow":["GET"]}}],"collection":[{"href":"https:\/\/portallamp.invette.dev\/uk\/wp-json\/wp\/v2\/product"}],"about":[{"href":"https:\/\/portallamp.invette.dev\/uk\/wp-json\/wp\/v2\/types\/product"}],"replies":[{"embeddable":true,"href":"https:\/\/portallamp.invette.dev\/uk\/wp-json\/wp\/v2\/comments?post=47600"}],"wp:featuredmedia":[{"embeddable":true,"href":"https:\/\/portallamp.invette.dev\/uk\/wp-json\/wp\/v2\/media\/42800"}],"wp:attachment":[{"href":"https:\/\/portallamp.invette.dev\/uk\/wp-json\/wp\/v2\/media?parent=47600"}],"wp:term":[{"taxonomy":"product_brand","embeddable":true,"href":"https:\/\/portallamp.invette.dev\/uk\/wp-json\/wp\/v2\/product_brand?post=47600"},{"taxonomy":"product_cat","embeddable":true,"href":"https:\/\/portallamp.invette.dev\/uk\/wp-json\/wp\/v2\/product_cat?post=47600"},{"taxonomy":"product_tag","embeddable":true,"href":"https:\/\/portallamp.invette.dev\/uk\/wp-json\/wp\/v2\/product_tag?post=47600"}],"curies":[{"name":"wp","href":"https:\/\/api.w.org\/{rel}","templated":true}]}}

LAMPA WISZĄCA SUFITOWA BUTELKOWA ZIELEŃ ZŁOTA LED

<p><img decoding="async" src="" alt="Zdjęcie produktu" style="max-width:100%; height:auto; margin:10px 0;"></p>
<h1>Przedmiotem sprzedaży jest:</h1>
<h2>Nowoczesna lampa wisząca w bardzo modnym kolorze &#8211; Butelkowa Zieleń wyposażona w trzy abażury.</h2>
<p>Nr kat: 758-EZ3 LUXOLAR</p>
<p><img decoding="async" src="https://a.allegroimg.com/original/112a12/f281df8f4977a9acb8060ab392ae" alt="Zdjęcie produktu" style="max-width:100%; height:auto; margin:10px 0;"></p>
<p><b>Lampa w pełni złożona &#8211; nie jest to zestaw do samodzielnego montażu</b></p>
</p>
<p><img decoding="async" src="https://a.allegroimg.com/original/11d861/d8d7a6924430b71f5e7b86085a74" alt="Zdjęcie produktu" style="max-width:100%; height:auto; margin:10px 0;"></p>
<h2>Konstrukcja lampy umożliwia regulację wysokości każdego klosza (przed montażem).</h2>
</p>
<p><img decoding="async" src="https://a.allegroimg.com/original/11d584/a3695fb846beb42af611abe18f1a" alt="Zdjęcie produktu" style="max-width:100%; height:auto; margin:10px 0;"><br />
<img decoding="async" src="https://a.allegroimg.com/original/118274/2e14e5d8438a8918069c630e0d78" alt="Zdjęcie produktu" style="max-width:100%; height:auto; margin:10px 0;"></p>
<p><b></b></p>
<p><b>GŁÓWNE CECHY LAMPY:</b></p>
<p><b></b></p>
<ul>
<li>Kolor konstrukcji: Czarny matowy ze złotym pasem</li>
</ul>
<ul>
<li>Materiał konstrukcji: Metal</li>
</ul>
<ul>
<li>Kolor abażurów: Butelkowa Zieleń + złote pasy</li>
</ul>
<ul>
<li>Materiał kloszy: PCV + Tkanina</li>
</ul>
<ul>
<li>Regulacja wysokości do max: 70 cm</li>
</ul>
<ul>
<li>Nowoczesny Styl &#8211; &nbsp;łatwo wkomponuje się w układ mieszkania</li>
</ul>
<ul>
<li>Przeznaczona jako oświetlenie główne w pomieszczeniach o powierzchni:&nbsp;<b>9-16 m2</b></li>
</ul>
<ul>
<li>Lampa obsługuje wszystkie żarówki z gwintem typu&nbsp;<b>E27 do max 60 watów.</b></li>
</ul>
<ul>
<li>Dodatkowym atutem są dwa niezależne obwody elektryczne, dzięki którym w zależności od potrzeb, możemy sterować ilością włączonych żarówek.</li>
</ul>
<ul>
<li>Lampa z polskiej dystrybucji, wyprodukowana w Polsce &#8211; gwarantowany szybki dostęp do serwisu i części zapasowych</li>
</ul>
<ul>
<li>Cena &#8211; za podobną lampę w popularnych marketach budowlanych zapłacisz grubo ponad 200 zł</li>
</ul>
<ul>
<li><b>Wersja w pełni złożona &#8211; nie jest to zestaw do samodzielnego montażu</b></li>
</ul>
<h1>Wymiary:</h1>
</p>
<p><img decoding="async" src="https://a.allegroimg.com/original/11e438/2023af904ba6a9eaa677ae04156a" alt="Zdjęcie produktu" style="max-width:100%; height:auto; margin:10px 0;"></p>
<h1>Dane techniczne klosza:</h1>
</p>
<ul>
<li><b>materiał:&nbsp;</b>PCV + Tkanina</li>
<li><b>kolor:</b> Butelkowa Zieleń ze złotymi pasami &#8211; w środku biały matowy pas.</li>
<li><b>Konstrukcja przelotowa </b>&#8211; odsłonięta góra i dół abażura</li>
<li><b>obsługiwane żarówki:&nbsp;</b>z gwintem E27</li>
<li><b>średnica otworu pod oprawkę:</b>&nbsp;42 mm</li>
<li><b>wymiary:</b> wysokość 150 mm &#8211;&nbsp; średnica: 200 mm</li>
<li><b>waga:</b> 125g</li>
</ul>
<p><img decoding="async" src="https://a.allegroimg.com/original/11a4e8/c9815f1f4ce88b845a616169ec8b" alt="Zdjęcie produktu" style="max-width:100%; height:auto; margin:10px 0;"></p>
<h1>Dane techniczne lampy:</h1>
</p>
<ul>
<li><b>Zasilanie:</b> ~230 [V] / bezpośrednie z sieci, dwa niezależne obwody elektryczne, włączanie 2+1 lub wszystkie jednocześnie</li>
<li><b>Źródło światła:</b>&nbsp;E-27 &#8211; zalecane LED lub świetlówki kompaktowe</li>
<li><b>Sposób montażu:</b>&nbsp;Dwa kołki rozporowe</li>
<li><b>IP 20, Klasa I</b></li>
<li><b>Zestaw nie zawiera żarówek oraz kołków rozporowych do montażu</b></li>
<li><b>Producent:&nbsp;</b>LUXOLAR Polska</li>
</ul>
<p><img decoding="async" src="https://a.allegroimg.com/original/117cc3/2a247d044e96ae9b481244a12fff" alt="Zdjęcie produktu" style="max-width:100%; height:auto; margin:10px 0;"></p>
<h1>Zestaw zawiera:</h1>
</p>
<ul>
<li><b>Kompletną, złożoną lampę.&nbsp; (nie jest to chińskiej produkcji zestaw do samodzielnego montażu)</b></li>
<li><b>Kostkę przyłączeniową</b></li>
<li><b>Instrukcję obsługi</b></li>
<li><b>Kartę energetyczną</b></li>
<li><b>Dokument zakupu</b></li>
</ul>
<p><b>Zestaw nie zawiera źródeł światła oraz kołków rozporowych.</b></p>
<h1>ZALECANE ŹRÓDŁA ŚWIATŁA:</h1>
</p>
<ul>
<li>Żarówki LED z diodami SMD lub filament</li>
<li>Strumień świetlny: 900 -1300 lm</li>
<li><b>Gwint E27</b></li>
<li>Moc pobierana z sieci: 6 -12 W</li>
<li>Barwa: ciepła lub biała</li>
</ul>
<p><img decoding="async" src="https://a.allegroimg.com/original/118716/992feeca4b43ac5f27105ffa7f31" alt="Zdjęcie produktu" style="max-width:100%; height:auto; margin:10px 0;"></p>
<h1>Aranżacje:</h1>
</p>
<p><img decoding="async" src="https://a.allegroimg.com/original/111963/f8dd29b544f6b7b88197b4456f99" alt="Zdjęcie produktu" style="max-width:100%; height:auto; margin:10px 0;"><br />
<img decoding="async" src="https://a.allegroimg.com/original/11d861/d8d7a6924430b71f5e7b86085a74" alt="Zdjęcie produktu" style="max-width:100%; height:auto; margin:10px 0;"><br />
<img decoding="async" src="https://a.allegroimg.com/original/1143e4/347ce8184f59b575944d9cac8a07" alt="Zdjęcie produktu" style="max-width:100%; height:auto; margin:10px 0;"><br />
<img decoding="async" src="" alt="Zdjęcie produktu" style="max-width:100%; height:auto; margin:10px 0;"></p>

<p>Przedmiotem sprzedaży jest: Nowoczesna lampa wisząca w bardzo modnym kolorze &#8211; Butelkowa Zieleń wyposażona w trzy abażury. Nr kat: 758-EZ3 LUXOLAR Lampa w pełni złożona &#8211; nie jest to zestaw do samodzielnego montażu Konstrukcja lampy umożliwia regulację wysokości każdego klosza (przed montażem). GŁÓWNE CECHY LAMPY: Kolor konstrukcji: Czarny matowy ze złotym pasem Materiał konstrukcji: Metal [&hellip;]</p>
