{"id":48866,"date":"2025-07-03T17:32:45","date_gmt":"2025-07-03T15:32:45","guid":{"rendered":"https:\/\/portallamp.invette.dev\/produkt\/szklana-lampa-wiszaca-sufitowa-zyrandol-262t-led\/"},"modified":"2025-07-03T17:32:45","modified_gmt":"2025-07-03T15:32:45","slug":"szklana-lampa-wiszaca-sufitowa-zyrandol-262t-led","status":"publish","type":"product","link":"https:\/\/portallamp.invette.dev\/uk\/produkt\/szklana-lampa-wiszaca-sufitowa-zyrandol-262t-led\/","title":{"rendered":"Szklana Lampa Wisz\u0105ca Sufitowa \u017byrandol 262T LED"},"content":{"rendered":"<h1>Elegancka lampa wisz\u0105ca sufitowa Glass Square-262T Luxolar<\/h1>\n<p>Oprawa sufitowa natynkowa, maj\u0105ca zastosowanie jako o\u015bwietlenie wewn\u0119trzne. Zbudowana ze szklanego klosza oraz czarnej zawieszki.<\/p>\n<p><img decoding=\"async\" src=\"https:\/\/a.allegroimg.com\/original\/110b4a\/3cb36fca4f2492d7fab052714d37\" alt=\"Zdj\u0119cie produktu\" style=\"max-width:100%; height:auto; margin:10px 0;\"><br \/>\n<img decoding=\"async\" src=\"https:\/\/a.allegroimg.com\/original\/11ea35\/89a6ce2742e3942085d4520ef822\" alt=\"Zdj\u0119cie produktu\" style=\"max-width:100%; height:auto; margin:10px 0;\"><\/p>\n<h2>Idealna do:<\/h2>\n<p>\u2705 Niedu\u017cego pokoju (do 6m2)<\/p>\n<p>\u2705 Kuchni<\/p>\n<p>\u2705 Sypialni<\/p>\n<p>\u2705 Przedpokoju<\/p>\n<p>\u2705 Korytarza<\/p>\n<p>\u2705 Garderoby<\/p>\n<p>\u2705 a tak\u017ce w okresie letnim na werand\u0119 czy taras.<\/p>\n<p>\u2705 Stosowana w wi\u0119kszoj ilo\u015bci o\u015bwietli te\u017c inne wi\u0119ksze pomieszczenia<\/p>\n<h2>G\u0142\u00f3wne cechy produktu:<\/h2>\n<p><b>\u2705&nbsp;<\/b>Szklany klosz o kwadratowej podstawie, nie jest to plastik<\/p>\n<p>\u2705 Przew\u00f3d umo\u017cliwiaj\u0105cy zawieszenie klosza do 70cm<\/p>\n<p><b>\u2705&nbsp;<\/b>Dobry stounek ceny do jako\u015bci<\/p>\n<p><b>\u2705&nbsp;<\/b>\u0141atwy monta\u017c oraz dost\u0119p do cz\u0119\u015bci zamiennych &#8211; kupujesz u Polskiego producenta.<\/p>\n<p><b>\u2705&nbsp;<\/b>Kloszy nie mo\u017cna my\u0107 w zmywarce automatycznej \ud83d\ude42<\/p>\n<p><img decoding=\"async\" src=\"https:\/\/a.allegroimg.com\/original\/114210\/75859290409795944296cc9357a0\" alt=\"Zdj\u0119cie produktu\" style=\"max-width:100%; height:auto; margin:10px 0;\"><\/p>\n<h2>Konstrukcja lampy umo\u017cliwia regulacj\u0119 wysoko\u015bci klosza (przed monta\u017cem).<\/h2>\n<p>Regulacja wysoko\u015bci znacz\u0105co poprawia funkcjonalno\u015b\u0107 lampy, a tak\u017ce poszerza jej praktyczne u\u017cycie. Sam zdecyduj, czy lampa b\u0119dzie s\u0142u\u017cy\u0142a Ci jako plafon czy te\u017c lampa wisz\u0105ca.<\/p>\n<p><img decoding=\"async\" src=\"https:\/\/a.allegroimg.com\/original\/112348\/257a40634b51ac79d4bec77f1f02\" alt=\"Zdj\u0119cie produktu\" style=\"max-width:100%; height:auto; margin:10px 0;\"><\/p>\n<p><b>Parametry techniczne:<\/b><\/p>\n<p><b><\/b><\/p>\n<ul>\n<li>Dominuj\u0105cy materia\u0142 konstrukcji: Szk\u0142o<\/li>\n<\/ul>\n<ul>\n<li>Kolor konstrukcji \/ rozety: Czarny matowy<\/li>\n<\/ul>\n<ul>\n<li>Wymiar klosza: 10 x 10 x h13 cm<\/li>\n<\/ul>\n<ul>\n<li>Lampa obs\u0142uguje wszystkie \u017car\u00f3wki z gwintem typu&nbsp;<b>E27 do max 60 wat\u00f3w.<\/b><\/li>\n<\/ul>\n<ul>\n<li>IP 20, Klasa I<\/li>\n<\/ul>\n<ul>\n<li><b>\u0179r\u00f3d\u0142o \u015bwiat\u0142a:<\/b>&nbsp;E-27 &#8211; zalecane LED<\/li>\n<\/ul>\n<ul>\n<li><b>Zasilanie:<\/b>&nbsp;~230 [V] \/ bezpo\u015brednie z sieci<\/li>\n<\/ul>\n<ul>\n<li>Lampa z polskiej dystrybucji, wyprodukowana w Polsce &#8211; gwarantowany szybki dost\u0119p do serwisu i cz\u0119\u015bci zapasowych<\/li>\n<\/ul>\n<ul>\n<li>Szukasz kinkietu lub lampki nocnej pasuj\u0105cej do tej lampy? Znajdziesz je w naszych ofertach.<\/li>\n<\/ul>\n<ul>\n<li><b>Wersja w pe\u0142ni z\u0142o\u017cona &#8211; nie jest to chi\u0144ski zestaw do samodzielnego monta\u017cu<\/b><\/li>\n<\/ul>\n<p><img decoding=\"async\" src=\"https:\/\/a.allegroimg.com\/original\/11d417\/07e73f6b408db752a9962063e155\" alt=\"Zdj\u0119cie produktu\" style=\"max-width:100%; height:auto; margin:10px 0;\"><br \/>\n<img decoding=\"async\" src=\"https:\/\/a.allegroimg.com\/original\/11e195\/f6177321478e9f7974a0f00e746b\" alt=\"Zdj\u0119cie produktu\" style=\"max-width:100%; height:auto; margin:10px 0;\"><\/p>\n<h2>Zestaw zawiera:<\/h2>\n<\/p>\n<ul>\n<li><b>Kompletn\u0105, z\u0142o\u017con\u0105 lamp\u0119, wystarczy tylko zamontowa\u0107 klosz wg powy\u017cszego schematu i wkr\u0119ci\u0107 \u017car\u00f3wk\u0119.<\/b><\/li>\n<li><b>Kostk\u0119 przy\u0142\u0105czeniow\u0105<\/b><\/li>\n<li><b>Instrukcj\u0119 obs\u0142ugi<\/b><\/li>\n<li><b>Dokument zakupu<\/b><\/li>\n<\/ul>\n<p><b>Zestaw nie zawiera \u017ar\u00f3d\u0142a \u015bwiat\u0142a.<\/b><\/p>\n<h2>ZALECANE \u0179R\u00d3D\u0141A \u015aWIAT\u0141A:<\/h2>\n<\/p>\n<ul>\n<li>\u017bar\u00f3wki LED z diodami SMD lub filament<\/li>\n<li>Strumie\u0144 \u015bwietlny: 900 -1300 lm<\/li>\n<li><b>Gwint E27<\/b><\/li>\n<li>Moc pobierana z sieci: 6 -12 W<\/li>\n<li>Barwa: ciep\u0142a lub bia\u0142a<\/li>\n<\/ul>\n<h2>Tradycyjny kszta\u0142t w po\u0142\u0105czeniu z nowoczesnymi diodami SMD lub Filament<\/h2>\n<p><img decoding=\"async\" src=\"https:\/\/a.allegroimg.com\/original\/03303d\/c3b1d99f4211bfec2eb9d008c1a1\" alt=\"Zdj\u0119cie produktu\" style=\"max-width:100%; height:auto; margin:10px 0;\"><br \/>\n<img decoding=\"async\" src=\"https:\/\/a.allegroimg.com\/original\/11bffc\/b2fb72624743a205934c7537154e\" alt=\"Zdj\u0119cie produktu\" style=\"max-width:100%; height:auto; margin:10px 0;\"><br \/>\n<img decoding=\"async\" src=\"https:\/\/a.allegroimg.com\/original\/110b4a\/3cb36fca4f2492d7fab052714d37\" alt=\"Zdj\u0119cie produktu\" style=\"max-width:100%; height:auto; margin:10px 0;\"><br \/>\n<img decoding=\"async\" src=\"https:\/\/a.allegroimg.com\/original\/11ec49\/ae39eca24492867a8eaa0a99e5de\" alt=\"Zdj\u0119cie produktu\" style=\"max-width:100%; height:auto; margin:10px 0;\"><\/p>\n","protected":false},"excerpt":{"rendered":"<p>Elegancka lampa wisz\u0105ca sufitowa Glass Square-262T Luxolar Oprawa sufitowa natynkowa, maj\u0105ca zastosowanie jako o\u015bwietlenie wewn\u0119trzne. Zbudowana ze szklanego klosza oraz czarnej zawieszki. Idealna do: \u2705 Niedu\u017cego pokoju (do 6m2) \u2705 Kuchni \u2705 Sypialni \u2705 Przedpokoju \u2705 Korytarza \u2705 Garderoby \u2705 a tak\u017ce w okresie letnim na werand\u0119 czy taras. \u2705 Stosowana w wi\u0119kszoj ilo\u015bci o\u015bwietli [&hellip;]<\/p>\n","protected":false},"featured_media":25703,"comment_status":"closed","ping_status":"open","template":"","meta":{"_acf_changed":false},"product_brand":[162],"product_cat":[2596,2677],"product_tag":[],"class_list":{"0":"post-48866","1":"product","2":"type-product","3":"status-publish","4":"has-post-thumbnail","6":"product_brand-luxolar","7":"product_cat-2596","8":"product_cat-2677","9":"pa_klasa-efektywnosci-a-uk","10":"pa_kod-producenta-262t-z1-uk","11":"pa_kolekcja-820-uk","12":"pa_kolor-2232","13":"pa_kolor-2236","14":"pa_liczba-punktow-swiatla-1-uk","15":"pa_marka-luxolar","16":"pa_material-dominujacy-2345","17":"pa_max-moc-pojed-zrodla-swiatla-60-uk","18":"pa_pomieszczenie-2441","19":"pa_pomieszczenie-2437","20":"pa_pomieszczenie-2438","21":"pa_pomieszczenie-2439","22":"pa_pomieszczenie-2436","23":"pa_pomieszczenie-2442","24":"pa_pomieszczenie-2443","25":"pa_pomieszczenie-2444","26":"pa_rodzaj-gwintu-e27-uk","27":"pa_rodzaj-lampy-2483","28":"pa_zasilanie-2543","29":"pa_zawiera-baterie-2545","30":"pa_zrodlo-swiatla-2547","32":"first","33":"instock","34":"purchasable","35":"product-type-simple"},"acf":[],"aioseo_notices":[],"_links":{"self":[{"href":"https:\/\/portallamp.invette.dev\/uk\/wp-json\/wp\/v2\/product\/48866","targetHints":{"allow":["GET"]}}],"collection":[{"href":"https:\/\/portallamp.invette.dev\/uk\/wp-json\/wp\/v2\/product"}],"about":[{"href":"https:\/\/portallamp.invette.dev\/uk\/wp-json\/wp\/v2\/types\/product"}],"replies":[{"embeddable":true,"href":"https:\/\/portallamp.invette.dev\/uk\/wp-json\/wp\/v2\/comments?post=48866"}],"wp:featuredmedia":[{"embeddable":true,"href":"https:\/\/portallamp.invette.dev\/uk\/wp-json\/wp\/v2\/media\/25703"}],"wp:attachment":[{"href":"https:\/\/portallamp.invette.dev\/uk\/wp-json\/wp\/v2\/media?parent=48866"}],"wp:term":[{"taxonomy":"product_brand","embeddable":true,"href":"https:\/\/portallamp.invette.dev\/uk\/wp-json\/wp\/v2\/product_brand?post=48866"},{"taxonomy":"product_cat","embeddable":true,"href":"https:\/\/portallamp.invette.dev\/uk\/wp-json\/wp\/v2\/product_cat?post=48866"},{"taxonomy":"product_tag","embeddable":true,"href":"https:\/\/portallamp.invette.dev\/uk\/wp-json\/wp\/v2\/product_tag?post=48866"}],"curies":[{"name":"wp","href":"https:\/\/api.w.org\/{rel}","templated":true}]}}

Szklana Lampa Wisząca Sufitowa Żyrandol 262T LED

<h1>Elegancka lampa wisząca sufitowa Glass Square-262T Luxolar</h1>
<p>Oprawa sufitowa natynkowa, mająca zastosowanie jako oświetlenie wewnętrzne. Zbudowana ze szklanego klosza oraz czarnej zawieszki.</p>
<p><img decoding="async" src="https://a.allegroimg.com/original/110b4a/3cb36fca4f2492d7fab052714d37" alt="Zdjęcie produktu" style="max-width:100%; height:auto; margin:10px 0;"><br />
<img decoding="async" src="https://a.allegroimg.com/original/11ea35/89a6ce2742e3942085d4520ef822" alt="Zdjęcie produktu" style="max-width:100%; height:auto; margin:10px 0;"></p>
<h2>Idealna do:</h2>
<p>✅ Niedużego pokoju (do 6m2)</p>
<p>✅ Kuchni</p>
<p>✅ Sypialni</p>
<p>✅ Przedpokoju</p>
<p>✅ Korytarza</p>
<p>✅ Garderoby</p>
<p>✅ a także w okresie letnim na werandę czy taras.</p>
<p>✅ Stosowana w większoj ilości oświetli też inne większe pomieszczenia</p>
<h2>Główne cechy produktu:</h2>
<p><b>✅&nbsp;</b>Szklany klosz o kwadratowej podstawie, nie jest to plastik</p>
<p>✅ Przewód umożliwiający zawieszenie klosza do 70cm</p>
<p><b>✅&nbsp;</b>Dobry stounek ceny do jakości</p>
<p><b>✅&nbsp;</b>Łatwy montaż oraz dostęp do części zamiennych &#8211; kupujesz u Polskiego producenta.</p>
<p><b>✅&nbsp;</b>Kloszy nie można myć w zmywarce automatycznej 🙂</p>
<p><img decoding="async" src="https://a.allegroimg.com/original/114210/75859290409795944296cc9357a0" alt="Zdjęcie produktu" style="max-width:100%; height:auto; margin:10px 0;"></p>
<h2>Konstrukcja lampy umożliwia regulację wysokości klosza (przed montażem).</h2>
<p>Regulacja wysokości znacząco poprawia funkcjonalność lampy, a także poszerza jej praktyczne użycie. Sam zdecyduj, czy lampa będzie służyła Ci jako plafon czy też lampa wisząca.</p>
<p><img decoding="async" src="https://a.allegroimg.com/original/112348/257a40634b51ac79d4bec77f1f02" alt="Zdjęcie produktu" style="max-width:100%; height:auto; margin:10px 0;"></p>
<p><b>Parametry techniczne:</b></p>
<p><b></b></p>
<ul>
<li>Dominujący materiał konstrukcji: Szkło</li>
</ul>
<ul>
<li>Kolor konstrukcji / rozety: Czarny matowy</li>
</ul>
<ul>
<li>Wymiar klosza: 10 x 10 x h13 cm</li>
</ul>
<ul>
<li>Lampa obsługuje wszystkie żarówki z gwintem typu&nbsp;<b>E27 do max 60 watów.</b></li>
</ul>
<ul>
<li>IP 20, Klasa I</li>
</ul>
<ul>
<li><b>Źródło światła:</b>&nbsp;E-27 &#8211; zalecane LED</li>
</ul>
<ul>
<li><b>Zasilanie:</b>&nbsp;~230 [V] / bezpośrednie z sieci</li>
</ul>
<ul>
<li>Lampa z polskiej dystrybucji, wyprodukowana w Polsce &#8211; gwarantowany szybki dostęp do serwisu i części zapasowych</li>
</ul>
<ul>
<li>Szukasz kinkietu lub lampki nocnej pasującej do tej lampy? Znajdziesz je w naszych ofertach.</li>
</ul>
<ul>
<li><b>Wersja w pełni złożona &#8211; nie jest to chiński zestaw do samodzielnego montażu</b></li>
</ul>
<p><img decoding="async" src="https://a.allegroimg.com/original/11d417/07e73f6b408db752a9962063e155" alt="Zdjęcie produktu" style="max-width:100%; height:auto; margin:10px 0;"><br />
<img decoding="async" src="https://a.allegroimg.com/original/11e195/f6177321478e9f7974a0f00e746b" alt="Zdjęcie produktu" style="max-width:100%; height:auto; margin:10px 0;"></p>
<h2>Zestaw zawiera:</h2>
</p>
<ul>
<li><b>Kompletną, złożoną lampę, wystarczy tylko zamontować klosz wg powyższego schematu i wkręcić żarówkę.</b></li>
<li><b>Kostkę przyłączeniową</b></li>
<li><b>Instrukcję obsługi</b></li>
<li><b>Dokument zakupu</b></li>
</ul>
<p><b>Zestaw nie zawiera źródła światła.</b></p>
<h2>ZALECANE ŹRÓDŁA ŚWIATŁA:</h2>
</p>
<ul>
<li>Żarówki LED z diodami SMD lub filament</li>
<li>Strumień świetlny: 900 -1300 lm</li>
<li><b>Gwint E27</b></li>
<li>Moc pobierana z sieci: 6 -12 W</li>
<li>Barwa: ciepła lub biała</li>
</ul>
<h2>Tradycyjny kształt w połączeniu z nowoczesnymi diodami SMD lub Filament</h2>
<p><img decoding="async" src="https://a.allegroimg.com/original/03303d/c3b1d99f4211bfec2eb9d008c1a1" alt="Zdjęcie produktu" style="max-width:100%; height:auto; margin:10px 0;"><br />
<img decoding="async" src="https://a.allegroimg.com/original/11bffc/b2fb72624743a205934c7537154e" alt="Zdjęcie produktu" style="max-width:100%; height:auto; margin:10px 0;"><br />
<img decoding="async" src="https://a.allegroimg.com/original/110b4a/3cb36fca4f2492d7fab052714d37" alt="Zdjęcie produktu" style="max-width:100%; height:auto; margin:10px 0;"><br />
<img decoding="async" src="https://a.allegroimg.com/original/11ec49/ae39eca24492867a8eaa0a99e5de" alt="Zdjęcie produktu" style="max-width:100%; height:auto; margin:10px 0;"></p>

<p>Elegancka lampa wisząca sufitowa Glass Square-262T Luxolar Oprawa sufitowa natynkowa, mająca zastosowanie jako oświetlenie wewnętrzne. Zbudowana ze szklanego klosza oraz czarnej zawieszki. Idealna do: ✅ Niedużego pokoju (do 6m2) ✅ Kuchni ✅ Sypialni ✅ Przedpokoju ✅ Korytarza ✅ Garderoby ✅ a także w okresie letnim na werandę czy taras. ✅ Stosowana w większoj ilości oświetli [&hellip;]</p>
