{"id":49337,"date":"2025-07-03T17:00:31","date_gmt":"2025-07-03T15:00:31","guid":{"rendered":"https:\/\/portallamp.invette.dev\/produkt\/lampka-nocna-stolowa-dekoracyjna-diament-miedz-led\/"},"modified":"2025-07-03T17:00:31","modified_gmt":"2025-07-03T15:00:31","slug":"lampka-nocna-stolowa-dekoracyjna-diament-miedz-led","status":"publish","type":"product","link":"https:\/\/portallamp.invette.dev\/uk\/produkt\/lampka-nocna-stolowa-dekoracyjna-diament-miedz-led\/","title":{"rendered":"Lampka Nocna Sto\u0142owa Dekoracyjna Diament Mied\u017a LED"},"content":{"rendered":"<h1>Designerska lampka nocna sto\u0142owa dekoracyjna wyposa\u017cona w drucian\u0105 os\u0142on\u0119 DIAMENT.<\/h1>\n<h2>Czarna konstrukcja z elementem w kolorze miedzianym oraz modna i praktyczna os\u0142ona z drutu to \u015bwietne po\u0142\u0105czenie w nowoczesnych wn\u0119trzach.<\/h2>\n<p><img decoding=\"async\" src=\"https:\/\/a.allegroimg.com\/original\/115704\/778b5f274b66b89149be12302da8\" alt=\"Zdj\u0119cie produktu\" style=\"max-width:100%; height:auto; margin:10px 0;\"><\/p>\n<h2>\u015awietnie odnajdzie si\u0119 we wn\u0119trzach o charakterze nowoczesnym, minimalistycznym czy skandynawskim.<\/h2>\n<p><img decoding=\"async\" src=\"https:\/\/a.allegroimg.com\/original\/117d48\/0a064ca044be8cb161b5fa3a1f9a\" alt=\"Zdj\u0119cie produktu\" style=\"max-width:100%; height:auto; margin:10px 0;\"><\/p>\n<p><b><\/b><\/p>\n<p><b>G\u0141\u00d3WNE CECHY LAMPY:<\/b><\/p>\n<p><b><\/b><\/p>\n<ul>\n<li>Kolor konstrukcji: Czarny matowy z miedzi\u0105<\/li>\n<\/ul>\n<ul>\n<li>Materia\u0142 konstrukcji: Metal<\/li>\n<\/ul>\n<ul>\n<li>\u015arednica klosza: 20 cm<\/li>\n<\/ul>\n<ul>\n<li>Wysoko\u015b\u0107 klosza: 20 cm<\/li>\n<\/ul>\n<ul>\n<li>W\u0142\u0105cznik wbudowany w przew\u00f3d zasilaj\u0105cy<\/li>\n<\/ul>\n<ul>\n<li>Filcowe stopki zabezpieczaj\u0105 powierzchni\u0119 przed zarysowaniem<\/li>\n<\/ul>\n<ul>\n<li>Przeznaczona jako o\u015bwietlenie uzupe\u0142niaj\u0105ce, dekoracyjne do pomieszcze\u0144 wewn\u0105trz domu z wy\u0142\u0105czeniem \u0142azienki lub miejsc o zwi\u0119kszonej wilgotno\u015bci.<\/li>\n<\/ul>\n<ul>\n<li>Lampa obs\u0142uguje wszystkie \u017car\u00f3wki z gwintem typu&nbsp;<b>E27 do max 60 wat\u00f3w.<\/b><\/li>\n<\/ul>\n<ul>\n<li>Lampa z polskiej dystrybucji, wyprodukowana w Polsce &#8211; gwarantowany szybki dost\u0119p do serwisu i cz\u0119\u015bci zapasowych<\/li>\n<\/ul>\n<ul>\n<li>Lampka pochodzi z szerszej rodziny lamp &#8211; bez problemu dokupisz do kompletu kinkiet czy \u017cyrandol<\/li>\n<\/ul>\n<ul>\n<li><b>Wersja w pe\u0142ni z\u0142o\u017cona &#8211; nie jest to zestaw do samodzielnego monta\u017cu<\/b><\/li>\n<\/ul>\n<h2>Wymiary:<\/h2>\n<p><img decoding=\"async\" src=\"https:\/\/a.allegroimg.com\/original\/11ec35\/a020bf6f433a9315d626af540adc\" alt=\"Zdj\u0119cie produktu\" style=\"max-width:100%; height:auto; margin:10px 0;\"><br \/>\n<img decoding=\"async\" src=\"https:\/\/a.allegroimg.com\/original\/116b76\/0d46a02c4f0289bc7eeef3141773\" alt=\"Zdj\u0119cie produktu\" style=\"max-width:100%; height:auto; margin:10px 0;\"><br \/>\n<img decoding=\"async\" src=\"https:\/\/a.allegroimg.com\/original\/11201b\/08c58d4d42039c812acd41a83df2\" alt=\"Zdj\u0119cie produktu\" style=\"max-width:100%; height:auto; margin:10px 0;\"><\/p>\n<h1>Dane techniczne:<\/h1>\n<\/p>\n<ul>\n<li><b>Zasilanie:<\/b>&nbsp;~230 [V] \/ bezpo\u015brednie z sieci, przew\u00f3d z w\u0142\u0105cznikiem i wtyczk\u0105 o d\u0142ugo\u015bci 120 cm,<\/li>\n<li><b>\u0179r\u00f3d\u0142o \u015bwiat\u0142a:<\/b>&nbsp;E-27 &#8211; zalecane LED lub \u015bwietl\u00f3wki kompaktowe<\/li>\n<li><b>IP 20, Klasa II<\/b><\/li>\n<li><b>Producent:&nbsp;<\/b>LUXOLAR Polska<\/li>\n<\/ul>\n<h2>Zalecane \u017ar\u00f3d\u0142a \u015bwiat\u0142a:<\/h2>\n<\/p>\n<ul>\n<li>\u017bar\u00f3wki LED z diodami SMD lub filament<\/li>\n<li>Strumie\u0144 \u015bwietlny: 900 -1300 lm<\/li>\n<li><b>Gwint E27<\/b><\/li>\n<li>Moc pobierana z sieci: 6 -12 W<\/li>\n<li>Barwa: ciep\u0142a lub bia\u0142a<\/li>\n<\/ul>\n<p><img decoding=\"async\" src=\"https:\/\/a.allegroimg.com\/original\/11a9ae\/2db74e6d40ac8b99c0c5367c4391\" alt=\"Zdj\u0119cie produktu\" style=\"max-width:100%; height:auto; margin:10px 0;\"><\/p>\n<p><b>\u017bar\u00f3wka nie wchodzi w sk\u0142ad zestawu. Zakupisz j\u0105 na innych naszych aukcjach.<\/b><\/p>\n<p><img decoding=\"async\" src=\"https:\/\/a.allegroimg.com\/original\/1128bc\/45cdaac947ad9d21dda020ae202a\" alt=\"Zdj\u0119cie produktu\" style=\"max-width:100%; height:auto; margin:10px 0;\"><br \/>\n<img decoding=\"async\" src=\"https:\/\/a.allegroimg.com\/original\/11a77d\/626a007d4d8890a4ed625682d37f\" alt=\"Zdj\u0119cie produktu\" style=\"max-width:100%; height:auto; margin:10px 0;\"><\/p>\n","protected":false},"excerpt":{"rendered":"<p>Designerska lampka nocna sto\u0142owa dekoracyjna wyposa\u017cona w drucian\u0105 os\u0142on\u0119 DIAMENT. Czarna konstrukcja z elementem w kolorze miedzianym oraz modna i praktyczna os\u0142ona z drutu to \u015bwietne po\u0142\u0105czenie w nowoczesnych wn\u0119trzach. \u015awietnie odnajdzie si\u0119 we wn\u0119trzach o charakterze nowoczesnym, minimalistycznym czy skandynawskim. G\u0141\u00d3WNE CECHY LAMPY: Kolor konstrukcji: Czarny matowy z miedzi\u0105 Materia\u0142 konstrukcji: Metal \u015arednica klosza: [&hellip;]<\/p>\n","protected":false},"featured_media":17680,"comment_status":"closed","ping_status":"open","template":"","meta":{"_acf_changed":false},"product_brand":[162],"product_cat":[2596,7384],"product_tag":[],"class_list":{"0":"post-49337","1":"product","2":"type-product","3":"status-publish","4":"has-post-thumbnail","6":"product_brand-luxolar","7":"product_cat-2596","8":"product_cat-7384","9":"pa_kod-producenta-lampka-nocna-905-l1-uk","10":"pa_kolekcja-905-uk","11":"pa_kolor-2246","12":"pa_kolor-2240","13":"pa_kolor-2236","14":"pa_liczba-punktow-swiatla-1-uk","15":"pa_marka-luxolar","16":"pa_max-moc-pojed-zrodla-swiatla-60-uk","17":"pa_rodzaj-gwintu-e27-uk","18":"pa_typ-2515","19":"pa_typ-2516","20":"pa_zasilanie-2543","21":"pa_zawiera-baterie-2545","23":"first","24":"instock","25":"purchasable","26":"product-type-simple"},"acf":[],"aioseo_notices":[],"_links":{"self":[{"href":"https:\/\/portallamp.invette.dev\/uk\/wp-json\/wp\/v2\/product\/49337","targetHints":{"allow":["GET"]}}],"collection":[{"href":"https:\/\/portallamp.invette.dev\/uk\/wp-json\/wp\/v2\/product"}],"about":[{"href":"https:\/\/portallamp.invette.dev\/uk\/wp-json\/wp\/v2\/types\/product"}],"replies":[{"embeddable":true,"href":"https:\/\/portallamp.invette.dev\/uk\/wp-json\/wp\/v2\/comments?post=49337"}],"wp:featuredmedia":[{"embeddable":true,"href":"https:\/\/portallamp.invette.dev\/uk\/wp-json\/wp\/v2\/media\/17680"}],"wp:attachment":[{"href":"https:\/\/portallamp.invette.dev\/uk\/wp-json\/wp\/v2\/media?parent=49337"}],"wp:term":[{"taxonomy":"product_brand","embeddable":true,"href":"https:\/\/portallamp.invette.dev\/uk\/wp-json\/wp\/v2\/product_brand?post=49337"},{"taxonomy":"product_cat","embeddable":true,"href":"https:\/\/portallamp.invette.dev\/uk\/wp-json\/wp\/v2\/product_cat?post=49337"},{"taxonomy":"product_tag","embeddable":true,"href":"https:\/\/portallamp.invette.dev\/uk\/wp-json\/wp\/v2\/product_tag?post=49337"}],"curies":[{"name":"wp","href":"https:\/\/api.w.org\/{rel}","templated":true}]}}

Lampka Nocna Stołowa Dekoracyjna Diament Miedź LED

<h1>Designerska lampka nocna stołowa dekoracyjna wyposażona w drucianą osłonę DIAMENT.</h1>
<h2>Czarna konstrukcja z elementem w kolorze miedzianym oraz modna i praktyczna osłona z drutu to świetne połączenie w nowoczesnych wnętrzach.</h2>
<p><img decoding="async" src="https://a.allegroimg.com/original/115704/778b5f274b66b89149be12302da8" alt="Zdjęcie produktu" style="max-width:100%; height:auto; margin:10px 0;"></p>
<h2>Świetnie odnajdzie się we wnętrzach o charakterze nowoczesnym, minimalistycznym czy skandynawskim.</h2>
<p><img decoding="async" src="https://a.allegroimg.com/original/117d48/0a064ca044be8cb161b5fa3a1f9a" alt="Zdjęcie produktu" style="max-width:100%; height:auto; margin:10px 0;"></p>
<p><b></b></p>
<p><b>GŁÓWNE CECHY LAMPY:</b></p>
<p><b></b></p>
<ul>
<li>Kolor konstrukcji: Czarny matowy z miedzią</li>
</ul>
<ul>
<li>Materiał konstrukcji: Metal</li>
</ul>
<ul>
<li>Średnica klosza: 20 cm</li>
</ul>
<ul>
<li>Wysokość klosza: 20 cm</li>
</ul>
<ul>
<li>Włącznik wbudowany w przewód zasilający</li>
</ul>
<ul>
<li>Filcowe stopki zabezpieczają powierzchnię przed zarysowaniem</li>
</ul>
<ul>
<li>Przeznaczona jako oświetlenie uzupełniające, dekoracyjne do pomieszczeń wewnątrz domu z wyłączeniem łazienki lub miejsc o zwiększonej wilgotności.</li>
</ul>
<ul>
<li>Lampa obsługuje wszystkie żarówki z gwintem typu&nbsp;<b>E27 do max 60 watów.</b></li>
</ul>
<ul>
<li>Lampa z polskiej dystrybucji, wyprodukowana w Polsce &#8211; gwarantowany szybki dostęp do serwisu i części zapasowych</li>
</ul>
<ul>
<li>Lampka pochodzi z szerszej rodziny lamp &#8211; bez problemu dokupisz do kompletu kinkiet czy żyrandol</li>
</ul>
<ul>
<li><b>Wersja w pełni złożona &#8211; nie jest to zestaw do samodzielnego montażu</b></li>
</ul>
<h2>Wymiary:</h2>
<p><img decoding="async" src="https://a.allegroimg.com/original/11ec35/a020bf6f433a9315d626af540adc" alt="Zdjęcie produktu" style="max-width:100%; height:auto; margin:10px 0;"><br />
<img decoding="async" src="https://a.allegroimg.com/original/116b76/0d46a02c4f0289bc7eeef3141773" alt="Zdjęcie produktu" style="max-width:100%; height:auto; margin:10px 0;"><br />
<img decoding="async" src="https://a.allegroimg.com/original/11201b/08c58d4d42039c812acd41a83df2" alt="Zdjęcie produktu" style="max-width:100%; height:auto; margin:10px 0;"></p>
<h1>Dane techniczne:</h1>
</p>
<ul>
<li><b>Zasilanie:</b>&nbsp;~230 [V] / bezpośrednie z sieci, przewód z włącznikiem i wtyczką o długości 120 cm,</li>
<li><b>Źródło światła:</b>&nbsp;E-27 &#8211; zalecane LED lub świetlówki kompaktowe</li>
<li><b>IP 20, Klasa II</b></li>
<li><b>Producent:&nbsp;</b>LUXOLAR Polska</li>
</ul>
<h2>Zalecane źródła światła:</h2>
</p>
<ul>
<li>Żarówki LED z diodami SMD lub filament</li>
<li>Strumień świetlny: 900 -1300 lm</li>
<li><b>Gwint E27</b></li>
<li>Moc pobierana z sieci: 6 -12 W</li>
<li>Barwa: ciepła lub biała</li>
</ul>
<p><img decoding="async" src="https://a.allegroimg.com/original/11a9ae/2db74e6d40ac8b99c0c5367c4391" alt="Zdjęcie produktu" style="max-width:100%; height:auto; margin:10px 0;"></p>
<p><b>Żarówka nie wchodzi w skład zestawu. Zakupisz ją na innych naszych aukcjach.</b></p>
<p><img decoding="async" src="https://a.allegroimg.com/original/1128bc/45cdaac947ad9d21dda020ae202a" alt="Zdjęcie produktu" style="max-width:100%; height:auto; margin:10px 0;"><br />
<img decoding="async" src="https://a.allegroimg.com/original/11a77d/626a007d4d8890a4ed625682d37f" alt="Zdjęcie produktu" style="max-width:100%; height:auto; margin:10px 0;"></p>

<p>Designerska lampka nocna stołowa dekoracyjna wyposażona w drucianą osłonę DIAMENT. Czarna konstrukcja z elementem w kolorze miedzianym oraz modna i praktyczna osłona z drutu to świetne połączenie w nowoczesnych wnętrzach. Świetnie odnajdzie się we wnętrzach o charakterze nowoczesnym, minimalistycznym czy skandynawskim. GŁÓWNE CECHY LAMPY: Kolor konstrukcji: Czarny matowy z miedzią Materiał konstrukcji: Metal Średnica klosza: [&hellip;]</p>
