{"id":51018,"date":"2025-07-03T17:05:59","date_gmt":"2025-07-03T15:05:59","guid":{"rendered":"https:\/\/portallamp.invette.dev\/produkt\/lampka-nocna-stolowa-dekoracyjna-tuba-rattan-led\/"},"modified":"2025-07-03T17:05:59","modified_gmt":"2025-07-03T15:05:59","slug":"lampka-nocna-stolowa-dekoracyjna-tuba-rattan-led","status":"publish","type":"product","link":"https:\/\/portallamp.invette.dev\/uk\/produkt\/lampka-nocna-stolowa-dekoracyjna-tuba-rattan-led\/","title":{"rendered":"Lampka Nocna Sto\u0142owa Dekoracyjna Tuba Rattan LED"},"content":{"rendered":"<h1>Designerska lampka sto\u0142owa z aba\u017curem w kszta\u0142cie walca, tuby.<\/h1>\n<h2>\u015awietnie odnajdzie si\u0119 we wn\u0119trzach o charakterze nowoczesnym, minimalistycznym czy skandynawskim.<\/h2>\n<p><img decoding=\"async\" src=\"https:\/\/a.allegroimg.com\/original\/11077c\/3cdb8dc44c70a0c1d18ccadda585\" alt=\"Zdj\u0119cie produktu\" style=\"max-width:100%; height:auto; margin:10px 0;\"><br \/>\n<img decoding=\"async\" src=\"https:\/\/a.allegroimg.com\/original\/11b4ef\/3f12fd7749c499c8be8e66e2ab94\" alt=\"Zdj\u0119cie produktu\" style=\"max-width:100%; height:auto; margin:10px 0;\"><\/p>\n<p><b><\/b><\/p>\n<p><b>G\u0141\u00d3WNE CECHY LAMPY:<\/b><\/p>\n<p><b><\/b><\/p>\n<ul>\n<li>Materia\u0142 konstrukcji: Metal<\/li>\n<\/ul>\n<ul>\n<li>Kolor konstrukcji: Bia\u0142y po\u0142ysk<\/li>\n<\/ul>\n<ul>\n<li>Materia\u0142 klosza: PCV + naturalne w\u0142\u00f3kna drewniane<\/li>\n<\/ul>\n<ul>\n<li>\u015arednica aba\u017cura: 10 cm<\/li>\n<\/ul>\n<ul>\n<li>Wysoko\u015b\u0107 aba\u017cura: 24cm<\/li>\n<\/ul>\n<ul>\n<li>Nowoczesny Styl &#8211; &nbsp;\u0142atwo wkomponuje si\u0119 w uk\u0142ad mieszkania<\/li>\n<\/ul>\n<ul>\n<li>W\u0142\u0105cznik wbudowany w przew\u00f3d zasilaj\u0105cy<\/li>\n<\/ul>\n<ul>\n<li>Przeznaczona jako o\u015bwietlenie uzupe\u0142niaj\u0105ce, dekoracyjne do pomieszcze\u0144 wewn\u0105trz domu z wy\u0142\u0105czeniem \u0142azienki lub miejsc o zwi\u0119kszonej wilgotno\u015bci.<\/li>\n<\/ul>\n<ul>\n<li>Lampa obs\u0142uguje wszystkie \u017car\u00f3wki z gwintem typu&nbsp;E27 do max 60 wat\u00f3w<b>, Zalecana \u017car\u00f3wka Typu R63<\/b><\/li>\n<\/ul>\n<ul>\n<li>Lampa z polskiej dystrybucji, wyprodukowana w Polsce &#8211; gwarantowany szybki dost\u0119p do serwisu i cz\u0119\u015bci zapasowych<\/li>\n<\/ul>\n<ul>\n<li>Lampka pochodzi z szerszej rodziny lamp &#8211; bez problemu dokupisz do kompletu lamp\u0119 wisz\u0105c\u0105<\/li>\n<\/ul>\n<ul>\n<li><b>Wersja w pe\u0142ni z\u0142o\u017cona &#8211; nie jest to chi\u0144ski zestaw do samodzielnego monta\u017cu<\/b><\/li>\n<\/ul>\n<h2>Wymiary:<\/h2>\n<p><img decoding=\"async\" src=\"https:\/\/a.allegroimg.com\/original\/11df96\/66d705a4439ba489c0e960ca9f3e\" alt=\"Zdj\u0119cie produktu\" style=\"max-width:100%; height:auto; margin:10px 0;\"><\/p>\n<h2>Opis aba\u017cura:<\/h2>\n<ul>\n<li>Sztywny, solidnie wykonany aba\u017cur<\/li>\n<li>\u0141\u0105czenia zszywane (do produkcji aba\u017cur\u00f3w nie u\u017cywamy zawodnego kleju)<\/li>\n<li>Konstrukcja przelotowa &#8211; ods\u0142oni\u0119ta g\u00f3ra i d\u00f3\u0142 aba\u017cura<\/li>\n<li>Z zewn\u0105trz kolor naturalnego drewna, od wewn\u0105trz przezroczyste PCV<\/li>\n<li>\u017bar\u00f3wka osadzona tu\u017c za kraw\u0119dzi\u0105 aba\u017cura co znacz\u0105co zwi\u0119ksza jej wydajno\u015b\u0107, pomieszczenie jest lepiej o\u015bwietlone<\/li>\n<li>\u015arednica otworu pod oprawk\u0119: 42 mm<\/li>\n<li>Wymiary: wysoko\u015b\u0107 240 mm &#8211;&nbsp; \u015brednica: 100 mm<\/li>\n<\/ul>\n<p><img decoding=\"async\" src=\"https:\/\/a.allegroimg.com\/original\/11707e\/ad7ecdc04cfba47da5c29d0e61d7\" alt=\"Zdj\u0119cie produktu\" style=\"max-width:100%; height:auto; margin:10px 0;\"><\/p>\n<h1>Dane techniczne:<\/h1>\n<\/p>\n<ul>\n<li><b>Zasilanie:<\/b>&nbsp;~230 [V] \/ bezpo\u015brednie z sieci, przew\u00f3d z w\u0142\u0105cznikiem i wtyczk\u0105 o d\u0142ugo\u015bci 120 cm,<\/li>\n<li><b>\u0179r\u00f3d\u0142o \u015bwiat\u0142a:<\/b>&nbsp;E-27 &#8211; zalecane LED lub \u015bwietl\u00f3wki kompaktowe<\/li>\n<li><b>IP 20, Klasa II<\/b><\/li>\n<li><b>Producent:&nbsp;<\/b>LUXOLAR Polska<\/li>\n<\/ul>\n<p><b>Zestaw nie zawiera \u017car\u00f3wki.<\/b><\/p>\n<h1>Dane techniczne:<\/h1>\n<\/p>\n<ul>\n<li><b>Zasilanie:<\/b>&nbsp;~230 [V] \/ bezpo\u015brednie z sieci, przew\u00f3d z w\u0142\u0105cznikiem i wtyczk\u0105 o d\u0142ugo\u015bci 120 cm,<\/li>\n<li><b>\u0179r\u00f3d\u0142o \u015bwiat\u0142a:<\/b>&nbsp;E-27 &#8211; zalecane LED lub \u015bwietl\u00f3wki kompaktowe<\/li>\n<li><b>IP 20, Klasa II<\/b><\/li>\n<li><b>Producent:&nbsp;<\/b>LUXOLAR Polska<\/li>\n<\/ul>\n<h2>Zalecane \u017ar\u00f3d\u0142a \u015bwiat\u0142a:<\/h2>\n<p><b><\/b><\/p>\n<p><b>W lampie nale\u017cy stosowa\u0107 \u017car\u00f3wki z gwintem E27, typ R63.<\/b><\/p>\n<p><b>\u017bar\u00f3wka R63 w kszta\u0142cie grzybka dobrze si\u0119 licuje z brzegiem aba\u017cura. \u017bar\u00f3wka nie wystaje poza aba\u017cur a zarazem dobrze o\u015bwietla pomieszczenie.<\/b><\/p>\n<p><img decoding=\"async\" src=\"https:\/\/a.allegroimg.com\/original\/111370\/8a1ff53a4f4996fa5d8c312c53e3\" alt=\"Zdj\u0119cie produktu\" style=\"max-width:100%; height:auto; margin:10px 0;\"><br \/>\n<img decoding=\"async\" src=\"https:\/\/a.allegroimg.com\/original\/11798f\/f3e0ca394e4ca2640ccb0ed1af65\" alt=\"Zdj\u0119cie produktu\" style=\"max-width:100%; height:auto; margin:10px 0;\"><br \/>\n<img decoding=\"async\" src=\"https:\/\/a.allegroimg.com\/original\/11a77d\/626a007d4d8890a4ed625682d37f\" alt=\"Zdj\u0119cie produktu\" style=\"max-width:100%; height:auto; margin:10px 0;\"><\/p>\n","protected":false},"excerpt":{"rendered":"<p>Designerska lampka sto\u0142owa z aba\u017curem w kszta\u0142cie walca, tuby. \u015awietnie odnajdzie si\u0119 we wn\u0119trzach o charakterze nowoczesnym, minimalistycznym czy skandynawskim. G\u0141\u00d3WNE CECHY LAMPY: Materia\u0142 konstrukcji: Metal Kolor konstrukcji: Bia\u0142y po\u0142ysk Materia\u0142 klosza: PCV + naturalne w\u0142\u00f3kna drewniane \u015arednica aba\u017cura: 10 cm Wysoko\u015b\u0107 aba\u017cura: 24cm Nowoczesny Styl &#8211; &nbsp;\u0142atwo wkomponuje si\u0119 w uk\u0142ad mieszkania W\u0142\u0105cznik wbudowany [&hellip;]<\/p>\n","protected":false},"featured_media":18793,"comment_status":"closed","ping_status":"open","template":"","meta":{"_acf_changed":false},"product_brand":[162],"product_cat":[2596,7384],"product_tag":[],"class_list":{"0":"post-51018","1":"product","2":"type-product","3":"status-publish","4":"has-post-thumbnail","6":"product_brand-luxolar","7":"product_cat-2596","8":"product_cat-7384","9":"pa_kod-producenta-921-l1-uk","10":"pa_kolekcja-brak-uk","11":"pa_kolor-2234","12":"pa_kolor-2247","13":"pa_kolor-2235","14":"pa_liczba-punktow-swiatla-1-uk","15":"pa_marka-luxolar","16":"pa_max-moc-pojed-zrodla-swiatla-60-uk","17":"pa_rodzaj-gwintu-e27-uk","18":"pa_typ-2515","19":"pa_typ-2516","20":"pa_zasilanie-2543","21":"pa_zawiera-baterie-2545","22":"pa_zrodlo-swiatla-2547","24":"first","25":"instock","26":"purchasable","27":"product-type-simple"},"acf":[],"aioseo_notices":[],"_links":{"self":[{"href":"https:\/\/portallamp.invette.dev\/uk\/wp-json\/wp\/v2\/product\/51018","targetHints":{"allow":["GET"]}}],"collection":[{"href":"https:\/\/portallamp.invette.dev\/uk\/wp-json\/wp\/v2\/product"}],"about":[{"href":"https:\/\/portallamp.invette.dev\/uk\/wp-json\/wp\/v2\/types\/product"}],"replies":[{"embeddable":true,"href":"https:\/\/portallamp.invette.dev\/uk\/wp-json\/wp\/v2\/comments?post=51018"}],"wp:featuredmedia":[{"embeddable":true,"href":"https:\/\/portallamp.invette.dev\/uk\/wp-json\/wp\/v2\/media\/18793"}],"wp:attachment":[{"href":"https:\/\/portallamp.invette.dev\/uk\/wp-json\/wp\/v2\/media?parent=51018"}],"wp:term":[{"taxonomy":"product_brand","embeddable":true,"href":"https:\/\/portallamp.invette.dev\/uk\/wp-json\/wp\/v2\/product_brand?post=51018"},{"taxonomy":"product_cat","embeddable":true,"href":"https:\/\/portallamp.invette.dev\/uk\/wp-json\/wp\/v2\/product_cat?post=51018"},{"taxonomy":"product_tag","embeddable":true,"href":"https:\/\/portallamp.invette.dev\/uk\/wp-json\/wp\/v2\/product_tag?post=51018"}],"curies":[{"name":"wp","href":"https:\/\/api.w.org\/{rel}","templated":true}]}}

Lampka Nocna Stołowa Dekoracyjna Tuba Rattan LED

<h1>Designerska lampka stołowa z abażurem w kształcie walca, tuby.</h1>
<h2>Świetnie odnajdzie się we wnętrzach o charakterze nowoczesnym, minimalistycznym czy skandynawskim.</h2>
<p><img decoding="async" src="https://a.allegroimg.com/original/11077c/3cdb8dc44c70a0c1d18ccadda585" alt="Zdjęcie produktu" style="max-width:100%; height:auto; margin:10px 0;"><br />
<img decoding="async" src="https://a.allegroimg.com/original/11b4ef/3f12fd7749c499c8be8e66e2ab94" alt="Zdjęcie produktu" style="max-width:100%; height:auto; margin:10px 0;"></p>
<p><b></b></p>
<p><b>GŁÓWNE CECHY LAMPY:</b></p>
<p><b></b></p>
<ul>
<li>Materiał konstrukcji: Metal</li>
</ul>
<ul>
<li>Kolor konstrukcji: Biały połysk</li>
</ul>
<ul>
<li>Materiał klosza: PCV + naturalne włókna drewniane</li>
</ul>
<ul>
<li>Średnica abażura: 10 cm</li>
</ul>
<ul>
<li>Wysokość abażura: 24cm</li>
</ul>
<ul>
<li>Nowoczesny Styl &#8211; &nbsp;łatwo wkomponuje się w układ mieszkania</li>
</ul>
<ul>
<li>Włącznik wbudowany w przewód zasilający</li>
</ul>
<ul>
<li>Przeznaczona jako oświetlenie uzupełniające, dekoracyjne do pomieszczeń wewnątrz domu z wyłączeniem łazienki lub miejsc o zwiększonej wilgotności.</li>
</ul>
<ul>
<li>Lampa obsługuje wszystkie żarówki z gwintem typu&nbsp;E27 do max 60 watów<b>, Zalecana żarówka Typu R63</b></li>
</ul>
<ul>
<li>Lampa z polskiej dystrybucji, wyprodukowana w Polsce &#8211; gwarantowany szybki dostęp do serwisu i części zapasowych</li>
</ul>
<ul>
<li>Lampka pochodzi z szerszej rodziny lamp &#8211; bez problemu dokupisz do kompletu lampę wiszącą</li>
</ul>
<ul>
<li><b>Wersja w pełni złożona &#8211; nie jest to chiński zestaw do samodzielnego montażu</b></li>
</ul>
<h2>Wymiary:</h2>
<p><img decoding="async" src="https://a.allegroimg.com/original/11df96/66d705a4439ba489c0e960ca9f3e" alt="Zdjęcie produktu" style="max-width:100%; height:auto; margin:10px 0;"></p>
<h2>Opis abażura:</h2>
<ul>
<li>Sztywny, solidnie wykonany abażur</li>
<li>Łączenia zszywane (do produkcji abażurów nie używamy zawodnego kleju)</li>
<li>Konstrukcja przelotowa &#8211; odsłonięta góra i dół abażura</li>
<li>Z zewnątrz kolor naturalnego drewna, od wewnątrz przezroczyste PCV</li>
<li>Żarówka osadzona tuż za krawędzią abażura co znacząco zwiększa jej wydajność, pomieszczenie jest lepiej oświetlone</li>
<li>Średnica otworu pod oprawkę: 42 mm</li>
<li>Wymiary: wysokość 240 mm &#8211;&nbsp; średnica: 100 mm</li>
</ul>
<p><img decoding="async" src="https://a.allegroimg.com/original/11707e/ad7ecdc04cfba47da5c29d0e61d7" alt="Zdjęcie produktu" style="max-width:100%; height:auto; margin:10px 0;"></p>
<h1>Dane techniczne:</h1>
</p>
<ul>
<li><b>Zasilanie:</b>&nbsp;~230 [V] / bezpośrednie z sieci, przewód z włącznikiem i wtyczką o długości 120 cm,</li>
<li><b>Źródło światła:</b>&nbsp;E-27 &#8211; zalecane LED lub świetlówki kompaktowe</li>
<li><b>IP 20, Klasa II</b></li>
<li><b>Producent:&nbsp;</b>LUXOLAR Polska</li>
</ul>
<p><b>Zestaw nie zawiera żarówki.</b></p>
<h1>Dane techniczne:</h1>
</p>
<ul>
<li><b>Zasilanie:</b>&nbsp;~230 [V] / bezpośrednie z sieci, przewód z włącznikiem i wtyczką o długości 120 cm,</li>
<li><b>Źródło światła:</b>&nbsp;E-27 &#8211; zalecane LED lub świetlówki kompaktowe</li>
<li><b>IP 20, Klasa II</b></li>
<li><b>Producent:&nbsp;</b>LUXOLAR Polska</li>
</ul>
<h2>Zalecane źródła światła:</h2>
<p><b></b></p>
<p><b>W lampie należy stosować żarówki z gwintem E27, typ R63.</b></p>
<p><b>Żarówka R63 w kształcie grzybka dobrze się licuje z brzegiem abażura. Żarówka nie wystaje poza abażur a zarazem dobrze oświetla pomieszczenie.</b></p>
<p><img decoding="async" src="https://a.allegroimg.com/original/111370/8a1ff53a4f4996fa5d8c312c53e3" alt="Zdjęcie produktu" style="max-width:100%; height:auto; margin:10px 0;"><br />
<img decoding="async" src="https://a.allegroimg.com/original/11798f/f3e0ca394e4ca2640ccb0ed1af65" alt="Zdjęcie produktu" style="max-width:100%; height:auto; margin:10px 0;"><br />
<img decoding="async" src="https://a.allegroimg.com/original/11a77d/626a007d4d8890a4ed625682d37f" alt="Zdjęcie produktu" style="max-width:100%; height:auto; margin:10px 0;"></p>

<p>Designerska lampka stołowa z abażurem w kształcie walca, tuby. Świetnie odnajdzie się we wnętrzach o charakterze nowoczesnym, minimalistycznym czy skandynawskim. GŁÓWNE CECHY LAMPY: Materiał konstrukcji: Metal Kolor konstrukcji: Biały połysk Materiał klosza: PCV + naturalne włókna drewniane Średnica abażura: 10 cm Wysokość abażura: 24cm Nowoczesny Styl &#8211; &nbsp;łatwo wkomponuje się w układ mieszkania Włącznik wbudowany [&hellip;]</p>
